{"id":10981,"date":"2023-10-19T09:36:32","date_gmt":"2023-10-19T07:36:32","guid":{"rendered":"https:\/\/www.teatreromea.cat\/ex\/el-templo-vacio\/"},"modified":"2024-01-29T10:51:27","modified_gmt":"2024-01-29T09:51:27","slug":"el-templo-vacio","status":"publish","type":"ex","link":"https:\/\/www.teatreromea.cat\/es\/ex\/el-templo-vacio\/","title":{"rendered":"El templo vac\u00edo"},"content":{"rendered":"","protected":false},"excerpt":{"rendered":"","protected":false},"author":2,"featured_media":0,"comment_status":"closed","ping_status":"closed","template":"","class_list":["post-10981","ex","type-ex","status-publish","hentry","season-2023-24"],"acf":{"txt_synopsis":"El montaje recorre algunos de los textos se\u00f1eros de la literatura m\u00edstica espa\u00f1ola que, en palabras de Llu\u00eds Homar, codirector e int\u00e9rprete, \u00abse construye con la digesti\u00f3n de otras tradiciones m\u00edsticas presentes en nuestro pa\u00eds, especialmente la jud\u00eda y la musulmana. A esa suma de tradiciones hay que incorporar toda la tradici\u00f3n teol\u00f3gica que la cultura europea provoca a lo largo de la aceptaci\u00f3n de su ra\u00edz cultural judeocristiana\u00bb. ","main_buy_link":"https:\/\/proticketing.com\/teatreromea\/es_ES\/entradas\/evento\/32871","main_buy_links":"[\"https:\/\/proticketing.com\/teatreromea\/es_ES\/entradas\/evento\/32871\"]","group_buy_link":"","show_language":"Espect\u00e1culo en catal\u00e1n y castellano ","show_duration":"65","show_start_date":"20240213000000","show_end_date":"20240218000000","show_sort_date":"20240213000000","txt_custom_show_dates":"del 13 al 18 de febrero de 2024 ","show_disciplines":"11","show_ultimes_funcions":false,"hide_tarifes_especials":false,"show_properament":false,"txt_additional_info":"","txt_present":"","show_season":[177],"txt_season":"[\"2023\/24\"]","txt_cycle":"","txt_claim":"<br \/>El montaje recorre algunos de los textos se\u00f1eros de la literatura m\u00edstica espa\u00f1ola que, en palabras de Llu\u00eds Homar, codirector e int\u00e9rprete, \u00abse construye con la digesti\u00f3n de otras tradiciones m\u00edsticas presentes en nuestro pa\u00eds, especialmente la jud\u00eda y la musulmana. ","txt_cast_excerpt":"","txt_cast":"<p>Autor\u00eda: <strong>Ibn Arabi (Abenarabi de Murcia), Calder\u00f3n de la Barca, Ram\u00f3n Llull, Maestro Eckhart, Miguel de Molinos, San Juan de la Cruz, Santa Teresa de Jes\u00fas, Angelus Silesius&nbsp;y Jacint Verdaguer<\/strong> <br \/>Dramaturgia: <strong>Brenda Escobedo <br \/><\/strong>M\u00fasica: <strong>M\u00fasica coral de J. S. Bach <br \/><\/strong>Direcci\u00f3n: <strong>Brenda Escobedo y Llu\u00eds Homar <br \/><\/strong>Direcci\u00f3n musical:<strong> Xavier Albert\u00ed <\/strong><\/p>\r\n<p>&nbsp;Int\u00e9rprete:<strong> Llu\u00eds Homar <br \/><\/strong>Cuarteto vocal: <strong>Manon Chauvin, Gabriel D\u00edaz, Pablo Acosta y Llu\u00eds Fr\u00edgola <\/strong><\/p>\r\n<p>Iluminaci\u00f3n: <strong>Pedro Yag\u00fce <\/strong><\/p>\r\n<p>Ayudante de direcci\u00f3n: <strong>Yolanda de la Hoz <br \/><\/strong>Asesor de palabra: <strong>Vicente Fuentes <br \/><\/strong>Jefes t\u00e9cnicos del teatro: <strong>Sergi Lobaco y Ra\u00fal Mart\u00ednez <\/strong><\/p>\r\n<p>Alumnas en pr\u00e1cticas: <strong>Cristina Mart\u00ednez y Mar\u00eda Alejandra Rayo <\/strong><\/p>\r\n<p>M\u00e1rquetin y comunicaci\u00f3n: <strong>Teatre Romea <br \/><\/strong>Aplicaciones gr\u00e1ficas:<strong> Santi&Kco&nbsp; <\/strong><\/p>\r\n<p>Agradecimientos: <strong>Ram\u00f3n Andr\u00e9s y Llu\u00eds Guarner <\/strong><\/p>\r\n<p>Es una producci\u00f3n de <strong>Compa\u00f1\u00eda Nacional de Teatro Cl\u00e1sico (CNTC) <br \/><\/strong><\/p>","txt_reviews":"","hashtag":"ElTemploVac\u00edo","have_promo":"","slogan":"","id_exhibicio":2069,"id_versio":1648,"id_local":1,"txt_seo_desc":"EL TEMPLO VAC\u00cdO interpretado por Llu\u00eds Homar","data_images":"[{\"localizer\":\"V4CARTELL\",\"url\":\"media\/ver\/cartell\/v4\/316A1\/01_089_00057218\/Cartell-web-templo-vacio-romea.jpg\",\"thumb_url\":\"\",\"title\":\"El templo vacio - Teatre Romea\",\"description\":\"el templo vacio en el teatre romea de barcelona\",\"copyright\":\"\",\"order\":5},{\"localizer\":\"V3SLIDE\",\"url\":\"media\/ftgalslide\/v3\/316A1\/01_086_00057295\/El_tempo_vacio_escena_foto_SergioParra_134.jpg\",\"thumb_url\":\"media\/ftgalslide\/v3\/316A1\/01_086_00057295\/El_tempo_vacio_escena_foto_SergioParra_134_thumb.jpg\",\"title\":\"El templo vac\u00edo - Teatre Romea - Imatge espectacle 1\",\"description\":\"El templo vac\u00edo - Teatre Romea - Imatge espectacle 1\",\"copyright\":\"\",\"order\":6},{\"localizer\":\"V3SLIDE\",\"url\":\"media\/ftgalslide\/v3\/316A1\/01_086_00057296\/El_tempo_vacio_escena_foto_SergioParra_105.jpg\",\"thumb_url\":\"media\/ftgalslide\/v3\/316A1\/01_086_00057296\/El_tempo_vacio_escena_foto_SergioParra_105_thumb.jpg\",\"title\":\"El templo vac\u00edo - Teatre Romea - Imatge espectacle 2\",\"description\":\"El templo vac\u00edo - Teatre Romea - Imatge espectacle 2\",\"copyright\":\"\",\"order\":7},{\"localizer\":\"V3SLIDE\",\"url\":\"media\/ftgalslide\/v3\/316A1\/01_086_00057297\/El_tempo_vacio_escena_foto_SergioParra_001.jpg\",\"thumb_url\":\"media\/ftgalslide\/v3\/316A1\/01_086_00057297\/El_tempo_vacio_escena_foto_SergioParra_001_thumb.jpg\",\"title\":\"El templo vac\u00edo - Teatre Romea - Imatge espectacle 3\",\"description\":\"El templo vac\u00edo - Teatre Romea - Imatge espectacle 3\",\"copyright\":\"\",\"order\":8},{\"localizer\":\"V4PORTADAWIDE\",\"url\":\"media\/ver\/port\/wide\/v4\/316A1\/01_091_00057333\/Portada-0-templo-vacio-romea.jpg\",\"thumb_url\":\"\",\"title\":\"El temlo vacio - Teatre Romea\",\"description\":\"el templo vacio en el teatre romea \",\"copyright\":\"\",\"order\":12},{\"localizer\":\"V4PORTADAWIDEMOBILE\",\"url\":\"media\/ver\/port\/wide\/mobile\/v4\/316A1\/01_092_00057334\/Portada-mobile-templo-vacio-romea.jpg\",\"thumb_url\":\"\",\"title\":\"El templo vacio - Teatre Romea\",\"description\":\"el templo vacio en el teatre romea \",\"copyright\":\"\",\"order\":13},{\"localizer\":\"V4PORTADA\",\"url\":\"media\/ver\/port\/v4\/316A1\/01_090_00057335\/Portada-1-templo-vacio-romea.jpg\",\"thumb_url\":\"\",\"title\":\"El templo vacio - Teatre Romea\",\"description\":\"el templo vacio en el teatre romea\",\"copyright\":\"\",\"order\":14}]","material__texto_intro":"","data_material":null,"data_gallery":"","data_discounts":"[]","contract_is_open":false,"in_tour":false},"yoast_head":"<!-- This site is optimized with the Yoast SEO plugin v27.5 - https:\/\/yoast.com\/product\/yoast-seo-wordpress\/ -->\n<title>El templo vac\u00edo - Teatre Romea<\/title>\n<meta name=\"robots\" content=\"index, follow, max-snippet:-1, max-image-preview:large, max-video-preview:-1\" \/>\n<link rel=\"canonical\" href=\"https:\/\/www.teatreromea.cat\/es\/ex\/el-templo-vacio\/\" \/>\n<script type=\"application\/ld+json\" class=\"yoast-schema-graph\">{\"@context\":\"https:\\\/\\\/schema.org\",\"@graph\":[{\"@type\":\"WebPage\",\"@id\":\"https:\\\/\\\/www.teatreromea.cat\\\/es\\\/ex\\\/el-templo-vacio\\\/\",\"url\":\"https:\\\/\\\/www.teatreromea.cat\\\/es\\\/ex\\\/el-templo-vacio\\\/\",\"name\":\"El templo vac\u00edo - Teatre Romea\",\"isPartOf\":{\"@id\":\"https:\\\/\\\/www.teatreromea.cat\\\/es\\\/#website\"},\"datePublished\":\"2023-10-19T07:36:32+00:00\",\"dateModified\":\"2024-01-29T09:51:27+00:00\",\"breadcrumb\":{\"@id\":\"https:\\\/\\\/www.teatreromea.cat\\\/es\\\/ex\\\/el-templo-vacio\\\/#breadcrumb\"},\"inLanguage\":\"es\",\"potentialAction\":[{\"@type\":\"ReadAction\",\"target\":[\"https:\\\/\\\/www.teatreromea.cat\\\/es\\\/ex\\\/el-templo-vacio\\\/\"]}]},{\"@type\":\"BreadcrumbList\",\"@id\":\"https:\\\/\\\/www.teatreromea.cat\\\/es\\\/ex\\\/el-templo-vacio\\\/#breadcrumb\",\"itemListElement\":[{\"@type\":\"ListItem\",\"position\":1,\"name\":\"Inici\",\"item\":\"https:\\\/\\\/www.teatreromea.cat\\\/es\\\/\"},{\"@type\":\"ListItem\",\"position\":2,\"name\":\"Espectacles\",\"item\":\"https:\\\/\\\/www.teatreromea.cat\\\/es\\\/ex\\\/\"},{\"@type\":\"ListItem\",\"position\":3,\"name\":\"El templo vac\u00edo\"}]},{\"@type\":\"WebSite\",\"@id\":\"https:\\\/\\\/www.teatreromea.cat\\\/es\\\/#website\",\"url\":\"https:\\\/\\\/www.teatreromea.cat\\\/es\\\/\",\"name\":\"Teatre Romea\",\"description\":\"\",\"publisher\":{\"@id\":\"https:\\\/\\\/www.teatreromea.cat\\\/es\\\/#organization\"},\"potentialAction\":[{\"@type\":\"SearchAction\",\"target\":{\"@type\":\"EntryPoint\",\"urlTemplate\":\"https:\\\/\\\/www.teatreromea.cat\\\/es\\\/?s={search_term_string}\"},\"query-input\":{\"@type\":\"PropertyValueSpecification\",\"valueRequired\":true,\"valueName\":\"search_term_string\"}}],\"inLanguage\":\"es\"},{\"@type\":\"Organization\",\"@id\":\"https:\\\/\\\/www.teatreromea.cat\\\/es\\\/#organization\",\"name\":\"Teatre Romea\",\"url\":\"https:\\\/\\\/www.teatreromea.cat\\\/es\\\/\",\"logo\":{\"@type\":\"ImageObject\",\"inLanguage\":\"es\",\"@id\":\"https:\\\/\\\/www.teatreromea.cat\\\/es\\\/#\\\/schema\\\/logo\\\/image\\\/\",\"url\":\"https:\\\/\\\/www.teatreromea.cat\\\/wp-content\\\/uploads\\\/sites\\\/2\\\/2017\\\/09\\\/teatre-romea-logo.svg\",\"contentUrl\":\"https:\\\/\\\/www.teatreromea.cat\\\/wp-content\\\/uploads\\\/sites\\\/2\\\/2017\\\/09\\\/teatre-romea-logo.svg\",\"width\":1,\"height\":1,\"caption\":\"Teatre Romea\"},\"image\":{\"@id\":\"https:\\\/\\\/www.teatreromea.cat\\\/es\\\/#\\\/schema\\\/logo\\\/image\\\/\"},\"sameAs\":[\"http:\\\/\\\/www.facebook.com\\\/TeatreRomea\",\"https:\\\/\\\/x.com\\\/teatre_romea\",\"http:\\\/\\\/instagram.com\\\/teatreromea\",\"http:\\\/\\\/www.youtube.com\\\/user\\\/TeatreRomea\"]}]}<\/script>\n<!-- \/ Yoast SEO plugin. -->","yoast_head_json":{"title":"El templo vac\u00edo - Teatre Romea","robots":{"index":"index","follow":"follow","max-snippet":"max-snippet:-1","max-image-preview":"max-image-preview:large","max-video-preview":"max-video-preview:-1"},"canonical":"https:\/\/www.teatreromea.cat\/es\/ex\/el-templo-vacio\/","schema":{"@context":"https:\/\/schema.org","@graph":[{"@type":"WebPage","@id":"https:\/\/www.teatreromea.cat\/es\/ex\/el-templo-vacio\/","url":"https:\/\/www.teatreromea.cat\/es\/ex\/el-templo-vacio\/","name":"El templo vac\u00edo - Teatre Romea","isPartOf":{"@id":"https:\/\/www.teatreromea.cat\/es\/#website"},"datePublished":"2023-10-19T07:36:32+00:00","dateModified":"2024-01-29T09:51:27+00:00","breadcrumb":{"@id":"https:\/\/www.teatreromea.cat\/es\/ex\/el-templo-vacio\/#breadcrumb"},"inLanguage":"es","potentialAction":[{"@type":"ReadAction","target":["https:\/\/www.teatreromea.cat\/es\/ex\/el-templo-vacio\/"]}]},{"@type":"BreadcrumbList","@id":"https:\/\/www.teatreromea.cat\/es\/ex\/el-templo-vacio\/#breadcrumb","itemListElement":[{"@type":"ListItem","position":1,"name":"Inici","item":"https:\/\/www.teatreromea.cat\/es\/"},{"@type":"ListItem","position":2,"name":"Espectacles","item":"https:\/\/www.teatreromea.cat\/es\/ex\/"},{"@type":"ListItem","position":3,"name":"El templo vac\u00edo"}]},{"@type":"WebSite","@id":"https:\/\/www.teatreromea.cat\/es\/#website","url":"https:\/\/www.teatreromea.cat\/es\/","name":"Teatre Romea","description":"","publisher":{"@id":"https:\/\/www.teatreromea.cat\/es\/#organization"},"potentialAction":[{"@type":"SearchAction","target":{"@type":"EntryPoint","urlTemplate":"https:\/\/www.teatreromea.cat\/es\/?s={search_term_string}"},"query-input":{"@type":"PropertyValueSpecification","valueRequired":true,"valueName":"search_term_string"}}],"inLanguage":"es"},{"@type":"Organization","@id":"https:\/\/www.teatreromea.cat\/es\/#organization","name":"Teatre Romea","url":"https:\/\/www.teatreromea.cat\/es\/","logo":{"@type":"ImageObject","inLanguage":"es","@id":"https:\/\/www.teatreromea.cat\/es\/#\/schema\/logo\/image\/","url":"https:\/\/www.teatreromea.cat\/wp-content\/uploads\/sites\/2\/2017\/09\/teatre-romea-logo.svg","contentUrl":"https:\/\/www.teatreromea.cat\/wp-content\/uploads\/sites\/2\/2017\/09\/teatre-romea-logo.svg","width":1,"height":1,"caption":"Teatre Romea"},"image":{"@id":"https:\/\/www.teatreromea.cat\/es\/#\/schema\/logo\/image\/"},"sameAs":["http:\/\/www.facebook.com\/TeatreRomea","https:\/\/x.com\/teatre_romea","http:\/\/instagram.com\/teatreromea","http:\/\/www.youtube.com\/user\/TeatreRomea"]}]}},"translations":[{"id":10980,"locale":"ca"},{"id":10981,"locale":"es"}],"_links":{"self":[{"href":"https:\/\/www.teatreromea.cat\/es\/wp-json\/wp\/v2\/ex\/10981","targetHints":{"allow":["GET"]}}],"collection":[{"href":"https:\/\/www.teatreromea.cat\/es\/wp-json\/wp\/v2\/ex"}],"about":[{"href":"https:\/\/www.teatreromea.cat\/es\/wp-json\/wp\/v2\/types\/ex"}],"author":[{"embeddable":true,"href":"https:\/\/www.teatreromea.cat\/es\/wp-json\/wp\/v2\/users\/2"}],"replies":[{"embeddable":true,"href":"https:\/\/www.teatreromea.cat\/es\/wp-json\/wp\/v2\/comments?post=10981"}],"acf:term":[{"embeddable":true,"taxonomy":"season","href":"https:\/\/www.teatreromea.cat\/es\/wp-json\/wp\/v2\/season\/177"}],"wp:attachment":[{"href":"https:\/\/www.teatreromea.cat\/es\/wp-json\/wp\/v2\/media?parent=10981"}],"curies":[{"name":"wp","href":"https:\/\/api.w.org\/{rel}","templated":true}]}}

El templo vacío

El montaje recorre algunos de los textos señeros de la literatura mística española que, en palabras de Lluís Homar, codirector e intérprete, «se construye con la digestión de otras tradiciones místicas presentes en nuestro país, especialmente la judía y la musulmana. A esa suma de tradiciones hay que incorporar toda la tradición teológica que la cultura europea provoca a lo largo de la aceptación de su raíz cultural judeocristiana».

Espectáculo en catalán y castellano

<br />El montaje recorre algunos de los textos señeros de la literatura mística española que, en palabras de Lluís Homar, codirector e intérprete, «se construye con la digestión de otras tradiciones místicas presentes en nuestro país, especialmente la judía y la musulmana.

<p>Autoría: <strong>Ibn Arabi (Abenarabi de Murcia), Calderón de la Barca, Ramón Llull, Maestro Eckhart, Miguel de Molinos, San Juan de la Cruz, Santa Teresa de Jesús, Angelus Silesius&nbsp;y Jacint Verdaguer</strong> <br />Dramaturgia: <strong>Brenda Escobedo <br /></strong>Música: <strong>Música coral de J. S. Bach <br /></strong>Dirección: <strong>Brenda Escobedo y Lluís Homar <br /></strong>Dirección musical:<strong> Xavier Albertí </strong></p>
<p>&nbsp;Intérprete:<strong> Lluís Homar <br /></strong>Cuarteto vocal: <strong>Manon Chauvin, Gabriel Díaz, Pablo Acosta y Lluís Frígola </strong></p>
<p>Iluminación: <strong>Pedro Yagüe </strong></p>
<p>Ayudante de dirección: <strong>Yolanda de la Hoz <br /></strong>Asesor de palabra: <strong>Vicente Fuentes <br /></strong>Jefes técnicos del teatro: <strong>Sergi Lobaco y Raúl Martínez </strong></p>
<p>Alumnas en prácticas: <strong>Cristina Martínez y María Alejandra Rayo </strong></p>
<p>Márquetin y comunicación: <strong>Teatre Romea <br /></strong>Aplicaciones gráficas:<strong> Santi&Kco&nbsp; </strong></p>
<p>Agradecimientos: <strong>Ramón Andrés y Lluís Guarner </strong></p>
<p>Es una producción de <strong>Compañía Nacional de Teatro Clásico (CNTC) <br /></strong></p>

ElTemploVacío

EL TEMPLO VACÍO interpretado por Lluís Homar

[{"localizer":"V4CARTELL","url":"media/ver/cartell/v4/316A1/01_089_00057218/Cartell-web-templo-vacio-romea.jpg","thumb_url":"","title":"El templo vacio - Teatre Romea","description":"el templo vacio en el teatre romea de barcelona","copyright":"","order":5},{"localizer":"V3SLIDE","url":"media/ftgalslide/v3/316A1/01_086_00057295/El_tempo_vacio_escena_foto_SergioParra_134.jpg","thumb_url":"media/ftgalslide/v3/316A1/01_086_00057295/El_tempo_vacio_escena_foto_SergioParra_134_thumb.jpg","title":"El templo vacío - Teatre Romea - Imatge espectacle 1","description":"El templo vacío - Teatre Romea - Imatge espectacle 1","copyright":"","order":6},{"localizer":"V3SLIDE","url":"media/ftgalslide/v3/316A1/01_086_00057296/El_tempo_vacio_escena_foto_SergioParra_105.jpg","thumb_url":"media/ftgalslide/v3/316A1/01_086_00057296/El_tempo_vacio_escena_foto_SergioParra_105_thumb.jpg","title":"El templo vacío - Teatre Romea - Imatge espectacle 2","description":"El templo vacío - Teatre Romea - Imatge espectacle 2","copyright":"","order":7},{"localizer":"V3SLIDE","url":"media/ftgalslide/v3/316A1/01_086_00057297/El_tempo_vacio_escena_foto_SergioParra_001.jpg","thumb_url":"media/ftgalslide/v3/316A1/01_086_00057297/El_tempo_vacio_escena_foto_SergioParra_001_thumb.jpg","title":"El templo vacío - Teatre Romea - Imatge espectacle 3","description":"El templo vacío - Teatre Romea - Imatge espectacle 3","copyright":"","order":8},{"localizer":"V4PORTADAWIDE","url":"media/ver/port/wide/v4/316A1/01_091_00057333/Portada-0-templo-vacio-romea.jpg","thumb_url":"","title":"El temlo vacio - Teatre Romea","description":"el templo vacio en el teatre romea ","copyright":"","order":12},{"localizer":"V4PORTADAWIDEMOBILE","url":"media/ver/port/wide/mobile/v4/316A1/01_092_00057334/Portada-mobile-templo-vacio-romea.jpg","thumb_url":"","title":"El templo vacio - Teatre Romea","description":"el templo vacio en el teatre romea ","copyright":"","order":13},{"localizer":"V4PORTADA","url":"media/ver/port/v4/316A1/01_090_00057335/Portada-1-templo-vacio-romea.jpg","thumb_url":"","title":"El templo vacio - Teatre Romea","description":"el templo vacio en el teatre romea","copyright":"","order":14}]

<!-- This site is optimized with the Yoast SEO plugin v27.5 - https://yoast.com/product/yoast-seo-wordpress/ -->
<title>El templo vacío - Teatre Romea</title>
<meta name="robots" content="index, follow, max-snippet:-1, max-image-preview:large, max-video-preview:-1" />
<link rel="canonical" href="https://www.teatreromea.cat/es/ex/el-templo-vacio/" />
<script type="application/ld+json" class="yoast-schema-graph">{"@context":"https:\/\/schema.org","@graph":[{"@type":"WebPage","@id":"https:\/\/www.teatreromea.cat\/es\/ex\/el-templo-vacio\/","url":"https:\/\/www.teatreromea.cat\/es\/ex\/el-templo-vacio\/","name":"El templo vacío - Teatre Romea","isPartOf":{"@id":"https:\/\/www.teatreromea.cat\/es\/#website"},"datePublished":"2023-10-19T07:36:32+00:00","dateModified":"2024-01-29T09:51:27+00:00","breadcrumb":{"@id":"https:\/\/www.teatreromea.cat\/es\/ex\/el-templo-vacio\/#breadcrumb"},"inLanguage":"es","potentialAction":[{"@type":"ReadAction","target":["https:\/\/www.teatreromea.cat\/es\/ex\/el-templo-vacio\/"]}]},{"@type":"BreadcrumbList","@id":"https:\/\/www.teatreromea.cat\/es\/ex\/el-templo-vacio\/#breadcrumb","itemListElement":[{"@type":"ListItem","position":1,"name":"Inici","item":"https:\/\/www.teatreromea.cat\/es\/"},{"@type":"ListItem","position":2,"name":"Espectacles","item":"https:\/\/www.teatreromea.cat\/es\/ex\/"},{"@type":"ListItem","position":3,"name":"El templo vacío"}]},{"@type":"WebSite","@id":"https:\/\/www.teatreromea.cat\/es\/#website","url":"https:\/\/www.teatreromea.cat\/es\/","name":"Teatre Romea","description":"","publisher":{"@id":"https:\/\/www.teatreromea.cat\/es\/#organization"},"potentialAction":[{"@type":"SearchAction","target":{"@type":"EntryPoint","urlTemplate":"https:\/\/www.teatreromea.cat\/es\/?s={search_term_string}"},"query-input":{"@type":"PropertyValueSpecification","valueRequired":true,"valueName":"search_term_string"}}],"inLanguage":"es"},{"@type":"Organization","@id":"https:\/\/www.teatreromea.cat\/es\/#organization","name":"Teatre Romea","url":"https:\/\/www.teatreromea.cat\/es\/","logo":{"@type":"ImageObject","inLanguage":"es","@id":"https:\/\/www.teatreromea.cat\/es\/#\/schema\/logo\/image\/","url":"https:\/\/www.teatreromea.cat\/wp-content\/uploads\/sites\/2\/2017\/09\/teatre-romea-logo.svg","contentUrl":"https:\/\/www.teatreromea.cat\/wp-content\/uploads\/sites\/2\/2017\/09\/teatre-romea-logo.svg","width":1,"height":1,"caption":"Teatre Romea"},"image":{"@id":"https:\/\/www.teatreromea.cat\/es\/#\/schema\/logo\/image\/"},"sameAs":["http:\/\/www.facebook.com\/TeatreRomea","https:\/\/x.com\/teatre_romea","http:\/\/instagram.com\/teatreromea","http:\/\/www.youtube.com\/user\/TeatreRomea"]}]}</script>
<!-- / Yoast SEO plugin. -->

El templo vacío - Teatre Romea
