{"id":10306,"date":"2021-04-12T07:46:20","date_gmt":"2021-04-12T05:46:20","guid":{"rendered":"https:\/\/pre.teatreromea.cat\/ex\/\/recital-rossiniana\/"},"modified":"2021-04-12T07:46:20","modified_gmt":"2021-04-12T05:46:20","slug":"recital-rossiniana","status":"publish","type":"ex","link":"https:\/\/www.teatreromea.cat\/es\/ex\/recital-rossiniana\/","title":{"rendered":"Recital: Rossiniana"},"content":{"rendered":"","protected":false},"excerpt":{"rendered":"","protected":false},"author":2,"featured_media":0,"comment_status":"closed","ping_status":"closed","template":"","class_list":["post-10306","ex","type-ex","status-publish","hentry","season-2020-21"],"acf":{"txt_synopsis":"<p>Ning\u00fan compositor disfrut\u00f3 del prestigio y popularidad que obtuvo Rossini en vida. Hoy, es considerado la figura m\u00e1s importante de la \u00f3pera del primer tercio del siglo XIX. Tom\u00f3 el testigo de autores italianos como Paisiello o Cimarosa, pero tambi\u00e9n se dej\u00f3 influir por la escuela vienesa, representada por Mozart y Haydn. <br \/>Serena S\u00e1enz (soprano) y Carles Pach\u00f3n (bar\u00edtono), acompa\u00f1ados al piano por Anna Crexells, interpretan en este recital piezas de concierto y arias y d\u00faos semirepresentados, de tem\u00e1tica humor\u00edstica y amorosa, escogidos entre los personajes c\u00f3micos y l\u00edricos del cat\u00e1logo rossiniano. De Mozart, presente en el programa, Rossini confes\u00f3 que hab\u00eda sido \u201cla admiraci\u00f3n de su juventud, la desesperaci\u00f3n en la madurez y el consuelo en la vejez\u201d.<br \/><\/p>\n<p><strong><u>Programa<\/u><\/strong><\/p>\n<p><u>Primera parte<\/u><\/p>\n<p><strong>Gioachino Rossini<\/strong><\/p>\n<p>Canzonetta, 1821<br \/>\u00b7 <em>Canzonetta Spagnuola<\/em>, Serena S\u00e1enz<\/p>\n<p>Canzonetta, 1801<br \/>\u00b7 <em>Se il vuol la molinara<\/em>, Carles Pach\u00f3n<\/p>\n<p>Soir\u00e9es musicales, 1830-1835<br \/>\u00b7 <em>La serenata<\/em>, Serena S\u00e1enz&nbsp;y Carles Pach\u00f3n<\/p>\n<p>Il turco in Italia, 1814<br \/>\u00b7 \"I vostri cenci vi mando... Squallida veste e bruna\", Serena S\u00e1enz<\/p>\n<p>Aria de Concert, 1813<br \/>\u00b7 <em>Alle voci della gloria<\/em>, Carles Pach\u00f3n<\/p>\n<p>La scala di seta, 1812<br \/>\u00b7 D\u00fao de Giulia i Germano \u2013 <em>Io so ch\u2019hai buon core<\/em>, Serena S\u00e1enz&nbsp;y Carles Pach\u00f3n<\/p>\n<p><u>Segunda parte<\/u><\/p>\n<p><strong>W. A. Mozart<\/strong><\/p>\n<p><em>Le nozze di Figaro<\/em>, 1785<br \/>\u00b7 D\u00fao de Susanna i Figaro \u2013 <em>Cinque, dieci<\/em>\u2026 , Serena S\u00e1enz&nbsp;y Carles Pach\u00f3n<br \/>\u00b7 Aria del Comte d\u2019Almaviva \u2013 <em>Hai gi\u00e0 vinta la causa \/ Vedr\u00f2 mentr\u2019io so<\/em>spiro, Carles Pach\u00f3n<br \/>\u00b7 Aria de Susanna \u2013 <em>Giunse al fin il momento \/ Deh vieni non tardar<\/em>, Serena S\u00e1enz<\/p>\n<p><strong>Gioachino Rossini<\/strong><\/p>\n<p><em>Il barbiere di Siviglia<\/em>, 1816<br \/>\u00b7 Cavatina de Figaro \u2013 <em>Largo al factotum della citt\u00e0<\/em>, Carles Pach\u00f3n<br \/>\u00b7 Aria de Rosina \u2013 <em>Una voce poco fa<\/em>, Serena S\u00e1enz<br \/>\u00b7 D\u00fao de Rosina&nbsp;y Figaro \u2013 <em>Dunque io son<\/em>, Serena S\u00e1enz&nbsp;y Carles Pach\u00f3n<br \/><br \/><\/p>","main_buy_link":"https:\/\/grupfocus.4tickets.es\/TeatreRomea\/public\/janto\/?Nivel=Evento&idEvento=ROM257&Idioma=ES","main_buy_links":"","group_buy_link":"","show_language":"Recital en italiano","show_duration":"90","show_start_date":"20210611000000","show_end_date":"20210611000000","show_sort_date":"20210611000000","txt_custom_show_dates":"el 11 de junio de 2021","show_disciplines":"","show_ultimes_funcions":false,"hide_tarifes_especials":false,"show_properament":false,"txt_additional_info":"","txt_present":"","show_season":[173],"txt_season":"[\"2020\/21\"]","txt_cycle":"BROF","txt_claim":"","txt_cast_excerpt":"","txt_cast":"","txt_reviews":"","hashtag":"Companyia","have_promo":"","slogan":"","id_exhibicio":1802,"id_versio":1455,"id_local":1,"txt_seo_desc":"Recital dentro de la programaci\u00f3n del Barcelona Rossini Opera Festival con Serena S\u00e1enz, Carles Pach\u00f3n y Anna Crexells en el Teatre Romea de Barcelona","data_images":"[{\"localizer\":\"V3CARTELL\",\"url\":\"media\/ver\/cartell\/v3\/31578\/01_085_00051233\/cartellweb-BROF-11-6-_recital-teatre-romea-barcelona.jpg\",\"thumb_url\":\"media\/ver\/cartell\/v3\/31578\/01_085_00051233\/cartellweb-BROF-11-6-_recital-teatre-romea-barcelona_thumb.jpg\",\"title\":\"BROF - Barcelona Rossini Opera Festival - Recital Rossiniana - Teatre Romea\",\"description\":\"brof barcelona rossini opera festival recital rossiniana al teatre romea de barcelona\",\"copyright\":\"\",\"order\":2},{\"localizer\":\"V3PORTADA\",\"url\":\"media\/ver\/port\/v3\/31579\/01_084_00051325\/1-BROF-rosiniana-teatre-romea-barcelona.jpg\",\"thumb_url\":\"media\/ver\/port\/v3\/31579\/01_084_00051325\/1-BROF-rosiniana-teatre-romea-barcelona_thumb.jpg\",\"title\":\"BROF - Recital Rossiniana\",\"description\":\"brof recital rossiniana al teatre romea de barcelona\",\"copyright\":\"\",\"order\":4}]","material__texto_intro":"","data_material":null,"data_gallery":"","data_discounts":"[]","contract_is_open":false,"in_tour":false},"yoast_head":"<!-- This site is optimized with the Yoast SEO plugin v27.5 - https:\/\/yoast.com\/product\/yoast-seo-wordpress\/ -->\n<title>Recital: Rossiniana - Teatre Romea<\/title>\n<meta name=\"robots\" content=\"index, follow, max-snippet:-1, max-image-preview:large, max-video-preview:-1\" \/>\n<link rel=\"canonical\" href=\"https:\/\/www.teatreromea.cat\/es\/ex\/recital-rossiniana\/\" \/>\n<script type=\"application\/ld+json\" class=\"yoast-schema-graph\">{\"@context\":\"https:\\\/\\\/schema.org\",\"@graph\":[{\"@type\":\"WebPage\",\"@id\":\"https:\\\/\\\/www.teatreromea.cat\\\/es\\\/ex\\\/recital-rossiniana\\\/\",\"url\":\"https:\\\/\\\/www.teatreromea.cat\\\/es\\\/ex\\\/recital-rossiniana\\\/\",\"name\":\"Recital: Rossiniana - Teatre Romea\",\"isPartOf\":{\"@id\":\"https:\\\/\\\/www.teatreromea.cat\\\/es\\\/#website\"},\"datePublished\":\"2021-04-12T05:46:20+00:00\",\"breadcrumb\":{\"@id\":\"https:\\\/\\\/www.teatreromea.cat\\\/es\\\/ex\\\/recital-rossiniana\\\/#breadcrumb\"},\"inLanguage\":\"es\",\"potentialAction\":[{\"@type\":\"ReadAction\",\"target\":[\"https:\\\/\\\/www.teatreromea.cat\\\/es\\\/ex\\\/recital-rossiniana\\\/\"]}]},{\"@type\":\"BreadcrumbList\",\"@id\":\"https:\\\/\\\/www.teatreromea.cat\\\/es\\\/ex\\\/recital-rossiniana\\\/#breadcrumb\",\"itemListElement\":[{\"@type\":\"ListItem\",\"position\":1,\"name\":\"Inici\",\"item\":\"https:\\\/\\\/www.teatreromea.cat\\\/es\\\/\"},{\"@type\":\"ListItem\",\"position\":2,\"name\":\"Espectacles\",\"item\":\"https:\\\/\\\/www.teatreromea.cat\\\/es\\\/ex\\\/\"},{\"@type\":\"ListItem\",\"position\":3,\"name\":\"Recital: Rossiniana\"}]},{\"@type\":\"WebSite\",\"@id\":\"https:\\\/\\\/www.teatreromea.cat\\\/es\\\/#website\",\"url\":\"https:\\\/\\\/www.teatreromea.cat\\\/es\\\/\",\"name\":\"Teatre Romea\",\"description\":\"\",\"publisher\":{\"@id\":\"https:\\\/\\\/www.teatreromea.cat\\\/es\\\/#organization\"},\"potentialAction\":[{\"@type\":\"SearchAction\",\"target\":{\"@type\":\"EntryPoint\",\"urlTemplate\":\"https:\\\/\\\/www.teatreromea.cat\\\/es\\\/?s={search_term_string}\"},\"query-input\":{\"@type\":\"PropertyValueSpecification\",\"valueRequired\":true,\"valueName\":\"search_term_string\"}}],\"inLanguage\":\"es\"},{\"@type\":\"Organization\",\"@id\":\"https:\\\/\\\/www.teatreromea.cat\\\/es\\\/#organization\",\"name\":\"Teatre Romea\",\"url\":\"https:\\\/\\\/www.teatreromea.cat\\\/es\\\/\",\"logo\":{\"@type\":\"ImageObject\",\"inLanguage\":\"es\",\"@id\":\"https:\\\/\\\/www.teatreromea.cat\\\/es\\\/#\\\/schema\\\/logo\\\/image\\\/\",\"url\":\"https:\\\/\\\/www.teatreromea.cat\\\/wp-content\\\/uploads\\\/sites\\\/2\\\/2017\\\/09\\\/teatre-romea-logo.svg\",\"contentUrl\":\"https:\\\/\\\/www.teatreromea.cat\\\/wp-content\\\/uploads\\\/sites\\\/2\\\/2017\\\/09\\\/teatre-romea-logo.svg\",\"width\":1,\"height\":1,\"caption\":\"Teatre Romea\"},\"image\":{\"@id\":\"https:\\\/\\\/www.teatreromea.cat\\\/es\\\/#\\\/schema\\\/logo\\\/image\\\/\"},\"sameAs\":[\"http:\\\/\\\/www.facebook.com\\\/TeatreRomea\",\"https:\\\/\\\/x.com\\\/teatre_romea\",\"http:\\\/\\\/instagram.com\\\/teatreromea\",\"http:\\\/\\\/www.youtube.com\\\/user\\\/TeatreRomea\"]}]}<\/script>\n<!-- \/ Yoast SEO plugin. -->","yoast_head_json":{"title":"Recital: Rossiniana - Teatre Romea","robots":{"index":"index","follow":"follow","max-snippet":"max-snippet:-1","max-image-preview":"max-image-preview:large","max-video-preview":"max-video-preview:-1"},"canonical":"https:\/\/www.teatreromea.cat\/es\/ex\/recital-rossiniana\/","schema":{"@context":"https:\/\/schema.org","@graph":[{"@type":"WebPage","@id":"https:\/\/www.teatreromea.cat\/es\/ex\/recital-rossiniana\/","url":"https:\/\/www.teatreromea.cat\/es\/ex\/recital-rossiniana\/","name":"Recital: Rossiniana - Teatre Romea","isPartOf":{"@id":"https:\/\/www.teatreromea.cat\/es\/#website"},"datePublished":"2021-04-12T05:46:20+00:00","breadcrumb":{"@id":"https:\/\/www.teatreromea.cat\/es\/ex\/recital-rossiniana\/#breadcrumb"},"inLanguage":"es","potentialAction":[{"@type":"ReadAction","target":["https:\/\/www.teatreromea.cat\/es\/ex\/recital-rossiniana\/"]}]},{"@type":"BreadcrumbList","@id":"https:\/\/www.teatreromea.cat\/es\/ex\/recital-rossiniana\/#breadcrumb","itemListElement":[{"@type":"ListItem","position":1,"name":"Inici","item":"https:\/\/www.teatreromea.cat\/es\/"},{"@type":"ListItem","position":2,"name":"Espectacles","item":"https:\/\/www.teatreromea.cat\/es\/ex\/"},{"@type":"ListItem","position":3,"name":"Recital: Rossiniana"}]},{"@type":"WebSite","@id":"https:\/\/www.teatreromea.cat\/es\/#website","url":"https:\/\/www.teatreromea.cat\/es\/","name":"Teatre Romea","description":"","publisher":{"@id":"https:\/\/www.teatreromea.cat\/es\/#organization"},"potentialAction":[{"@type":"SearchAction","target":{"@type":"EntryPoint","urlTemplate":"https:\/\/www.teatreromea.cat\/es\/?s={search_term_string}"},"query-input":{"@type":"PropertyValueSpecification","valueRequired":true,"valueName":"search_term_string"}}],"inLanguage":"es"},{"@type":"Organization","@id":"https:\/\/www.teatreromea.cat\/es\/#organization","name":"Teatre Romea","url":"https:\/\/www.teatreromea.cat\/es\/","logo":{"@type":"ImageObject","inLanguage":"es","@id":"https:\/\/www.teatreromea.cat\/es\/#\/schema\/logo\/image\/","url":"https:\/\/www.teatreromea.cat\/wp-content\/uploads\/sites\/2\/2017\/09\/teatre-romea-logo.svg","contentUrl":"https:\/\/www.teatreromea.cat\/wp-content\/uploads\/sites\/2\/2017\/09\/teatre-romea-logo.svg","width":1,"height":1,"caption":"Teatre Romea"},"image":{"@id":"https:\/\/www.teatreromea.cat\/es\/#\/schema\/logo\/image\/"},"sameAs":["http:\/\/www.facebook.com\/TeatreRomea","https:\/\/x.com\/teatre_romea","http:\/\/instagram.com\/teatreromea","http:\/\/www.youtube.com\/user\/TeatreRomea"]}]}},"translations":[{"id":9942,"locale":"ca"},{"id":10306,"locale":"es"}],"_links":{"self":[{"href":"https:\/\/www.teatreromea.cat\/es\/wp-json\/wp\/v2\/ex\/10306","targetHints":{"allow":["GET"]}}],"collection":[{"href":"https:\/\/www.teatreromea.cat\/es\/wp-json\/wp\/v2\/ex"}],"about":[{"href":"https:\/\/www.teatreromea.cat\/es\/wp-json\/wp\/v2\/types\/ex"}],"author":[{"embeddable":true,"href":"https:\/\/www.teatreromea.cat\/es\/wp-json\/wp\/v2\/users\/2"}],"replies":[{"embeddable":true,"href":"https:\/\/www.teatreromea.cat\/es\/wp-json\/wp\/v2\/comments?post=10306"}],"acf:term":[{"embeddable":true,"taxonomy":"season","href":"https:\/\/www.teatreromea.cat\/es\/wp-json\/wp\/v2\/season\/173"}],"wp:attachment":[{"href":"https:\/\/www.teatreromea.cat\/es\/wp-json\/wp\/v2\/media?parent=10306"}],"curies":[{"name":"wp","href":"https:\/\/api.w.org\/{rel}","templated":true}]}}

<p>Ningún compositor disfrutó del prestigio y popularidad que obtuvo Rossini en vida. Hoy, es considerado la figura más importante de la ópera del primer tercio del siglo XIX. Tomó el testigo de autores italianos como Paisiello o Cimarosa, pero también se dejó influir por la escuela vienesa, representada por Mozart y Haydn. <br />Serena Sáenz (soprano) y Carles Pachón (barítono), acompañados al piano por Anna Crexells, interpretan en este recital piezas de concierto y arias y dúos semirepresentados, de temática humorística y amorosa, escogidos entre los personajes cómicos y líricos del catálogo rossiniano. De Mozart, presente en el programa, Rossini confesó que había sido “la admiración de su juventud, la desesperación en la madurez y el consuelo en la vejez”.<br /></p>
<p><strong><u>Programa</u></strong></p>
<p><u>Primera parte</u></p>
<p><strong>Gioachino Rossini</strong></p>
<p>Canzonetta, 1821<br />· <em>Canzonetta Spagnuola</em>, Serena Sáenz</p>
<p>Canzonetta, 1801<br />· <em>Se il vuol la molinara</em>, Carles Pachón</p>
<p>Soirées musicales, 1830-1835<br />· <em>La serenata</em>, Serena Sáenz&nbsp;y Carles Pachón</p>
<p>Il turco in Italia, 1814<br />· "I vostri cenci vi mando... Squallida veste e bruna", Serena Sáenz</p>
<p>Aria de Concert, 1813<br />· <em>Alle voci della gloria</em>, Carles Pachón</p>
<p>La scala di seta, 1812<br />· Dúo de Giulia i Germano – <em>Io so ch’hai buon core</em>, Serena Sáenz&nbsp;y Carles Pachón</p>
<p><u>Segunda parte</u></p>
<p><strong>W. A. Mozart</strong></p>
<p><em>Le nozze di Figaro</em>, 1785<br />· Dúo de Susanna i Figaro – <em>Cinque, dieci</em>… , Serena Sáenz&nbsp;y Carles Pachón<br />· Aria del Comte d’Almaviva – <em>Hai già vinta la causa / Vedrò mentr’io so</em>spiro, Carles Pachón<br />· Aria de Susanna – <em>Giunse al fin il momento / Deh vieni non tardar</em>, Serena Sáenz</p>
<p><strong>Gioachino Rossini</strong></p>
<p><em>Il barbiere di Siviglia</em>, 1816<br />· Cavatina de Figaro – <em>Largo al factotum della città</em>, Carles Pachón<br />· Aria de Rosina – <em>Una voce poco fa</em>, Serena Sáenz<br />· Dúo de Rosina&nbsp;y Figaro – <em>Dunque io son</em>, Serena Sáenz&nbsp;y Carles Pachón<br /><br /></p>

Recital dentro de la programación del Barcelona Rossini Opera Festival con Serena Sáenz, Carles Pachón y Anna Crexells en el Teatre Romea de Barcelona
