{"id":10266,"date":"2018-10-17T15:19:58","date_gmt":"2018-10-17T13:19:58","guid":{"rendered":"https:\/\/pre.teatreromea.cat\/ex\/\/la-guerra-de-los-mundos\/"},"modified":"2018-10-17T15:19:58","modified_gmt":"2018-10-17T13:19:58","slug":"la-guerra-de-los-mundos","status":"publish","type":"ex","link":"https:\/\/www.teatreromea.cat\/es\/ex\/la-guerra-de-los-mundos\/","title":{"rendered":"La guerra de los mundos"},"content":{"rendered":"","protected":false},"excerpt":{"rendered":"","protected":false},"author":2,"featured_media":0,"comment_status":"closed","ping_status":"closed","template":"","class_list":["post-10266","ex","type-ex","status-publish","hentry","season-2018-19"],"acf":{"txt_synopsis":"30 de octubre de 1938. Espa\u00f1a est\u00e1 en guerra.<br \/>Hitler se ha anexionado gran parte de Europa. La II Guerra Mundial es inminente. Los Estados Unidos han salido de una brutal crisis econ\u00f3mica. Orson Welles y su compa\u00f1\u00eda Mercury Theatre on the Air a trav\u00e9s de la CBS emiti\u00f3 \"La guerra de los mundos\" de H.G. Wells. La invasi\u00f3n extraterrestre se convirti\u00f3 en una met\u00e1fora de aquellos tiempos convulsos. La emisi\u00f3n de esta pieza de radio teatro es un revulsivo. El talento como comunicador de Welles hizo de la radio el veh\u00edculo m\u00e1s potente para alertar las conciencias de un pueblo que ten\u00eda miedo. Hoy, 80 a\u00f1os m\u00e1s tarde, todav\u00eda esta vivo este mensaje para todo el mundo.<br \/>","main_buy_link":"https:\/\/www.4tickets.es\/TeatreRomea\/public\/janto\/?Nivel=Evento&idEvento=ROM214&Idioma=ES","main_buy_links":"","group_buy_link":"","show_language":"Espect\u00e1culo en castellano","show_duration":"75","show_start_date":"20181030000000","show_end_date":"20181030000000","show_sort_date":"20181030000000","txt_custom_show_dates":"el 30 de octubre de 2018","show_disciplines":"","show_ultimes_funcions":false,"hide_tarifes_especials":false,"show_properament":false,"txt_additional_info":"","txt_present":"","show_season":[171],"txt_season":"[\"2018\/19\"]","txt_cycle":"","txt_claim":"","txt_cast_excerpt":"","txt_cast":"Direcci\u00f3n: <strong>Camilo Garcia<\/strong><br \/>Soundtrack: <strong>Orestes Gas<\/strong><br \/>Con: <strong>Camilo Garc\u00eda, Maife Gil, Jordi Boixaderas, Jordi Brau, Luis Posada, Oscar Barber\u00e1n, Jose Posada, Jordi And\u00fajar <\/strong>y <strong>David Brau<\/strong>","txt_reviews":"","hashtag":"laguerradelosmundos","have_promo":"","slogan":"","id_exhibicio":1597,"id_versio":1334,"id_local":1,"txt_seo_desc":"Homenaje a la retransmisi\u00f3n, 80 a\u00f1os despu\u00e9s, de \"La guerra de los mundos\" de H.G. Wells, en el Teatre Romea de Barcelona enmarcado en el programa de actividades de la Fundaci\u00f3 Romea.","data_images":"[{\"localizer\":\"V3PORTADA\",\"url\":\"media\/ver\/port\/v3\/31452\/01_084_00046223\/1-la-guerra-de-los-mundos-fundacio-romea-barcelona.jpg\",\"thumb_url\":\"media\/ver\/port\/v3\/31452\/01_084_00046223\/1-la-guerra-de-los-mundos-fundacio-romea-barcelona_thumb.jpg\",\"title\":\"La guerra de los mundos\",\"description\":\"la guerra de los mundos fundaci\u00f3 romea barcelona\",\"copyright\":\"\",\"order\":1},{\"localizer\":\"V3CARTELL\",\"url\":\"media\/ver\/cartell\/v3\/31452\/01_085_00046224\/cartell-la-guerra-de-los-mundos-fundacio-romea-barcelona.jpg\",\"thumb_url\":\"media\/ver\/cartell\/v3\/31452\/01_085_00046224\/cartell-la-guerra-de-los-mundos-fundacio-romea-barcelona_thumb.jpg\",\"title\":\"La guerra de los mundos\",\"description\":\"la guerra de los mundos fundaci\u00f3 romea barcelona\",\"copyright\":\"\",\"order\":2}]","material__texto_intro":"","data_material":null,"data_gallery":"","data_discounts":"[]","contract_is_open":false,"in_tour":false},"yoast_head":"<!-- This site is optimized with the Yoast SEO plugin v27.4 - https:\/\/yoast.com\/product\/yoast-seo-wordpress\/ -->\n<title>La guerra de los mundos - Teatre Romea<\/title>\n<meta name=\"robots\" content=\"index, follow, max-snippet:-1, max-image-preview:large, max-video-preview:-1\" \/>\n<link rel=\"canonical\" href=\"https:\/\/www.teatreromea.cat\/es\/ex\/la-guerra-de-los-mundos\/\" \/>\n<script type=\"application\/ld+json\" class=\"yoast-schema-graph\">{\"@context\":\"https:\\\/\\\/schema.org\",\"@graph\":[{\"@type\":\"WebPage\",\"@id\":\"https:\\\/\\\/www.teatreromea.cat\\\/es\\\/ex\\\/la-guerra-de-los-mundos\\\/\",\"url\":\"https:\\\/\\\/www.teatreromea.cat\\\/es\\\/ex\\\/la-guerra-de-los-mundos\\\/\",\"name\":\"La guerra de los mundos - Teatre Romea\",\"isPartOf\":{\"@id\":\"https:\\\/\\\/www.teatreromea.cat\\\/es\\\/#website\"},\"datePublished\":\"2018-10-17T13:19:58+00:00\",\"breadcrumb\":{\"@id\":\"https:\\\/\\\/www.teatreromea.cat\\\/es\\\/ex\\\/la-guerra-de-los-mundos\\\/#breadcrumb\"},\"inLanguage\":\"es\",\"potentialAction\":[{\"@type\":\"ReadAction\",\"target\":[\"https:\\\/\\\/www.teatreromea.cat\\\/es\\\/ex\\\/la-guerra-de-los-mundos\\\/\"]}]},{\"@type\":\"BreadcrumbList\",\"@id\":\"https:\\\/\\\/www.teatreromea.cat\\\/es\\\/ex\\\/la-guerra-de-los-mundos\\\/#breadcrumb\",\"itemListElement\":[{\"@type\":\"ListItem\",\"position\":1,\"name\":\"Inici\",\"item\":\"https:\\\/\\\/www.teatreromea.cat\\\/es\\\/\"},{\"@type\":\"ListItem\",\"position\":2,\"name\":\"Espectacles\",\"item\":\"https:\\\/\\\/www.teatreromea.cat\\\/es\\\/ex\\\/\"},{\"@type\":\"ListItem\",\"position\":3,\"name\":\"La guerra de los mundos\"}]},{\"@type\":\"WebSite\",\"@id\":\"https:\\\/\\\/www.teatreromea.cat\\\/es\\\/#website\",\"url\":\"https:\\\/\\\/www.teatreromea.cat\\\/es\\\/\",\"name\":\"Teatre Romea\",\"description\":\"\",\"publisher\":{\"@id\":\"https:\\\/\\\/www.teatreromea.cat\\\/es\\\/#organization\"},\"potentialAction\":[{\"@type\":\"SearchAction\",\"target\":{\"@type\":\"EntryPoint\",\"urlTemplate\":\"https:\\\/\\\/www.teatreromea.cat\\\/es\\\/?s={search_term_string}\"},\"query-input\":{\"@type\":\"PropertyValueSpecification\",\"valueRequired\":true,\"valueName\":\"search_term_string\"}}],\"inLanguage\":\"es\"},{\"@type\":\"Organization\",\"@id\":\"https:\\\/\\\/www.teatreromea.cat\\\/es\\\/#organization\",\"name\":\"Teatre Romea\",\"url\":\"https:\\\/\\\/www.teatreromea.cat\\\/es\\\/\",\"logo\":{\"@type\":\"ImageObject\",\"inLanguage\":\"es\",\"@id\":\"https:\\\/\\\/www.teatreromea.cat\\\/es\\\/#\\\/schema\\\/logo\\\/image\\\/\",\"url\":\"https:\\\/\\\/www.teatreromea.cat\\\/wp-content\\\/uploads\\\/sites\\\/2\\\/2017\\\/09\\\/teatre-romea-logo.svg\",\"contentUrl\":\"https:\\\/\\\/www.teatreromea.cat\\\/wp-content\\\/uploads\\\/sites\\\/2\\\/2017\\\/09\\\/teatre-romea-logo.svg\",\"width\":1,\"height\":1,\"caption\":\"Teatre Romea\"},\"image\":{\"@id\":\"https:\\\/\\\/www.teatreromea.cat\\\/es\\\/#\\\/schema\\\/logo\\\/image\\\/\"},\"sameAs\":[\"http:\\\/\\\/www.facebook.com\\\/TeatreRomea\",\"https:\\\/\\\/x.com\\\/teatre_romea\",\"http:\\\/\\\/instagram.com\\\/teatreromea\",\"http:\\\/\\\/www.youtube.com\\\/user\\\/TeatreRomea\"]}]}<\/script>\n<!-- \/ Yoast SEO plugin. -->","yoast_head_json":{"title":"La guerra de los mundos - Teatre Romea","robots":{"index":"index","follow":"follow","max-snippet":"max-snippet:-1","max-image-preview":"max-image-preview:large","max-video-preview":"max-video-preview:-1"},"canonical":"https:\/\/www.teatreromea.cat\/es\/ex\/la-guerra-de-los-mundos\/","schema":{"@context":"https:\/\/schema.org","@graph":[{"@type":"WebPage","@id":"https:\/\/www.teatreromea.cat\/es\/ex\/la-guerra-de-los-mundos\/","url":"https:\/\/www.teatreromea.cat\/es\/ex\/la-guerra-de-los-mundos\/","name":"La guerra de los mundos - Teatre Romea","isPartOf":{"@id":"https:\/\/www.teatreromea.cat\/es\/#website"},"datePublished":"2018-10-17T13:19:58+00:00","breadcrumb":{"@id":"https:\/\/www.teatreromea.cat\/es\/ex\/la-guerra-de-los-mundos\/#breadcrumb"},"inLanguage":"es","potentialAction":[{"@type":"ReadAction","target":["https:\/\/www.teatreromea.cat\/es\/ex\/la-guerra-de-los-mundos\/"]}]},{"@type":"BreadcrumbList","@id":"https:\/\/www.teatreromea.cat\/es\/ex\/la-guerra-de-los-mundos\/#breadcrumb","itemListElement":[{"@type":"ListItem","position":1,"name":"Inici","item":"https:\/\/www.teatreromea.cat\/es\/"},{"@type":"ListItem","position":2,"name":"Espectacles","item":"https:\/\/www.teatreromea.cat\/es\/ex\/"},{"@type":"ListItem","position":3,"name":"La guerra de los mundos"}]},{"@type":"WebSite","@id":"https:\/\/www.teatreromea.cat\/es\/#website","url":"https:\/\/www.teatreromea.cat\/es\/","name":"Teatre Romea","description":"","publisher":{"@id":"https:\/\/www.teatreromea.cat\/es\/#organization"},"potentialAction":[{"@type":"SearchAction","target":{"@type":"EntryPoint","urlTemplate":"https:\/\/www.teatreromea.cat\/es\/?s={search_term_string}"},"query-input":{"@type":"PropertyValueSpecification","valueRequired":true,"valueName":"search_term_string"}}],"inLanguage":"es"},{"@type":"Organization","@id":"https:\/\/www.teatreromea.cat\/es\/#organization","name":"Teatre Romea","url":"https:\/\/www.teatreromea.cat\/es\/","logo":{"@type":"ImageObject","inLanguage":"es","@id":"https:\/\/www.teatreromea.cat\/es\/#\/schema\/logo\/image\/","url":"https:\/\/www.teatreromea.cat\/wp-content\/uploads\/sites\/2\/2017\/09\/teatre-romea-logo.svg","contentUrl":"https:\/\/www.teatreromea.cat\/wp-content\/uploads\/sites\/2\/2017\/09\/teatre-romea-logo.svg","width":1,"height":1,"caption":"Teatre Romea"},"image":{"@id":"https:\/\/www.teatreromea.cat\/es\/#\/schema\/logo\/image\/"},"sameAs":["http:\/\/www.facebook.com\/TeatreRomea","https:\/\/x.com\/teatre_romea","http:\/\/instagram.com\/teatreromea","http:\/\/www.youtube.com\/user\/TeatreRomea"]}]}},"translations":[{"id":9902,"locale":"ca"},{"id":10266,"locale":"es"}],"_links":{"self":[{"href":"https:\/\/www.teatreromea.cat\/es\/wp-json\/wp\/v2\/ex\/10266","targetHints":{"allow":["GET"]}}],"collection":[{"href":"https:\/\/www.teatreromea.cat\/es\/wp-json\/wp\/v2\/ex"}],"about":[{"href":"https:\/\/www.teatreromea.cat\/es\/wp-json\/wp\/v2\/types\/ex"}],"author":[{"embeddable":true,"href":"https:\/\/www.teatreromea.cat\/es\/wp-json\/wp\/v2\/users\/2"}],"replies":[{"embeddable":true,"href":"https:\/\/www.teatreromea.cat\/es\/wp-json\/wp\/v2\/comments?post=10266"}],"acf:term":[{"embeddable":true,"taxonomy":"season","href":"https:\/\/www.teatreromea.cat\/es\/wp-json\/wp\/v2\/season\/171"}],"wp:attachment":[{"href":"https:\/\/www.teatreromea.cat\/es\/wp-json\/wp\/v2\/media?parent=10266"}],"curies":[{"name":"wp","href":"https:\/\/api.w.org\/{rel}","templated":true}]}}

30 de octubre de 1938. España está en guerra.<br />Hitler se ha anexionado gran parte de Europa. La II Guerra Mundial es inminente. Los Estados Unidos han salido de una brutal crisis económica. Orson Welles y su compañía Mercury Theatre on the Air a través de la CBS emitió "La guerra de los mundos" de H.G. Wells. La invasión extraterrestre se convirtió en una metáfora de aquellos tiempos convulsos. La emisión de esta pieza de radio teatro es un revulsivo. El talento como comunicador de Welles hizo de la radio el vehículo más potente para alertar las conciencias de un pueblo que tenía miedo. Hoy, 80 años más tarde, todavía esta vivo este mensaje para todo el mundo.<br />

Espectáculo en castellano

Dirección: <strong>Camilo Garcia</strong><br />Soundtrack: <strong>Orestes Gas</strong><br />Con: <strong>Camilo García, Maife Gil, Jordi Boixaderas, Jordi Brau, Luis Posada, Oscar Barberán, Jose Posada, Jordi Andújar </strong>y <strong>David Brau</strong>

Homenaje a la retransmisión, 80 años después, de "La guerra de los mundos" de H.G. Wells, en el Teatre Romea de Barcelona enmarcado en el programa de actividades de la Fundació Romea.

[{"localizer":"V3PORTADA","url":"media/ver/port/v3/31452/01_084_00046223/1-la-guerra-de-los-mundos-fundacio-romea-barcelona.jpg","thumb_url":"media/ver/port/v3/31452/01_084_00046223/1-la-guerra-de-los-mundos-fundacio-romea-barcelona_thumb.jpg","title":"La guerra de los mundos","description":"la guerra de los mundos fundació romea barcelona","copyright":"","order":1},{"localizer":"V3CARTELL","url":"media/ver/cartell/v3/31452/01_085_00046224/cartell-la-guerra-de-los-mundos-fundacio-romea-barcelona.jpg","thumb_url":"media/ver/cartell/v3/31452/01_085_00046224/cartell-la-guerra-de-los-mundos-fundacio-romea-barcelona_thumb.jpg","title":"La guerra de los mundos","description":"la guerra de los mundos fundació romea barcelona","copyright":"","order":2}]
