{"id":10195,"date":"2017-09-07T13:28:01","date_gmt":"2017-09-07T11:28:01","guid":{"rendered":"https:\/\/pre.teatreromea.cat\/ex\/\/cantam-un-conte\/"},"modified":"2017-09-07T13:28:01","modified_gmt":"2017-09-07T11:28:01","slug":"cantam-un-conte","status":"publish","type":"ex","link":"https:\/\/www.teatreromea.cat\/es\/ex\/cantam-un-conte\/","title":{"rendered":"Canta&#8217;m un conte"},"content":{"rendered":"","protected":false},"excerpt":{"rendered":"","protected":false},"author":2,"featured_media":0,"comment_status":"closed","ping_status":"closed","template":"","class_list":["post-10195","ex","type-ex","status-publish","hentry","season-2015-16"],"acf":{"txt_synopsis":"<p align=\"justify\">Nos encontramos&nbsp;ante una obra muy especial. <strong>Un nuevo modo de&nbsp;explicar tres cuentos tradicionales: <em>El patufet<\/em>, <em>Les set cabretes i el llop<\/em> i <em>La rateta que escombrava l\u2019escaleta<\/em><\/strong>. Cada cuento se transforma en un peque\u00f1o musical&nbsp;que&nbsp;explica unas historias fant\u00e1sticas a trav\u00e9s de la voz, los instrumentos musicales m\u00e1s variados y los sonidos m\u00e1s singulares. escucharemos una musica totalmente original y compuesta especialmente para este espect\u00e1culo.<br \/><br \/><strong>Duraci\u00f3n<\/strong>: 1 hora<\/p><br \/><br \/>\n<p align=\"center\"><a href=\"http:\/\/issuu.com\/grupfocus\/docs\/revista_latemporada_grupfocus_1516\/\"><strong>Clique aqu\u00ed para consultar la temporada 15\/16 del Grup Focus<\/strong><\/a>&nbsp;<\/p>","main_buy_link":"#","main_buy_links":"","group_buy_link":"","show_language":"","show_duration":"","show_start_date":"20151115000000","show_end_date":"20151129000000","show_sort_date":"20151115000000","txt_custom_show_dates":"del 15 al 29 de noviembre de 2015","show_disciplines":"","show_ultimes_funcions":false,"hide_tarifes_especials":false,"show_properament":false,"txt_additional_info":"","txt_present":"","show_season":[162],"txt_season":"[\"2015\/16\"]","txt_cycle":"","txt_claim":"Ciclo Petit Romea","txt_cast_excerpt":"<strong>IDEA ORIGINAL<\/strong>: Xuel D\u00edaz<br \/><strong>DRAMATURGIA&nbsp;Y COMPOSICI\u00d3N MUSICAL<\/strong>: David Anguera<br \/><strong>DIRECCI\u00d3N<\/strong>: Juanjo Mar\u00edn","txt_cast":"<strong>IDEA ORIGINAL<\/strong>: Xuel D\u00edaz<br \/><strong>DRAMATURGIA&nbsp;Y COMPOSICI\u00d3N MUSICAL<\/strong>: David Anguera<br \/><strong>DIRECCI\u00d3N<\/strong>: Juanjo Mar\u00edn<br \/><br \/><strong>REPARTO<\/strong>: David Anguera i Xuel D\u00edaz<br \/><br \/><strong>DISSE\u00d1O DE ESCENOGRAF\u00cdA<\/strong>: Jaume Baliarda i Juanjo Mar\u00edn<br \/><strong>CONSTRUCCI\u00d3N DE ESCENOGRAF\u00cdA<\/strong>: L\u2019Avalot<br \/><strong>DISE\u00d1O DE LUCES<\/strong>: Sergio Roca i Juanjo Mar\u00edn","txt_reviews":"","hashtag":"","have_promo":"","slogan":"","id_exhibicio":1208,"id_versio":984,"id_local":1,"txt_seo_desc":"","data_images":"[{\"localizer\":\"VERS_IMATGE_ESPECTACLE\",\"url\":\"media\/ftespect\/31323\/01_020_00034570\/galeriaweb1.jpg\",\"thumb_url\":\"media\/ftespect\/31323\/01_020_00034570\/galeriaweb1_thumb.jpg\",\"title\":\"Canta'm un conte\",\"description\":\"\",\"copyright\":\"\",\"order\":1},{\"localizer\":\"VERS_IMATGE_ESPECTACLE\",\"url\":\"media\/ftespect\/31323\/01_020_00034573\/galeriaweb2.jpg\",\"thumb_url\":\"media\/ftespect\/31323\/01_020_00034573\/galeriaweb2_thumb.jpg\",\"title\":\"Canta'm un conte\",\"description\":\"\",\"copyright\":\"\",\"order\":2},{\"localizer\":\"VERS_IMATGE_ESPECTACLE\",\"url\":\"media\/ftespect\/31323\/01_020_00034572\/galeriaweb3.jpg\",\"thumb_url\":\"media\/ftespect\/31323\/01_020_00034572\/galeriaweb3_thumb.jpg\",\"title\":\"Canta'm un conte\",\"description\":\"\",\"copyright\":\"\",\"order\":3},{\"localizer\":\"V2SLIDE\",\"url\":\"media\/ftgalslide\/31327\/01_076_00035585\/slide.jpg\",\"thumb_url\":\"media\/ftgalslide\/31327\/01_076_00035585\/slide_thumb.jpg\",\"title\":\"Canta'm un conte\",\"description\":\"V\u00eddeo promocional\",\"copyright\":\"https:\/\/www.youtube.com\/watch?v=LqBOshwC4dk\",\"order\":3},{\"localizer\":\"V2SLIDE\",\"url\":\"media\/ftgalslide\/31323\/01_076_00034574\/Slideweb.jpg\",\"thumb_url\":\"media\/ftgalslide\/31323\/01_076_00034574\/Slideweb_thumb.jpg\",\"title\":\"Canta'm un conte\",\"description\":\"Companyia Nyiguit\",\"copyright\":\"\",\"order\":4},{\"localizer\":\"V2PORTADA\",\"url\":\"media\/ver\/port\/31323\/01_078_00034648\/CANTAMportada.jpg\",\"thumb_url\":\"media\/ver\/port\/31323\/01_078_00034648\/CANTAMportada_thumb.jpg\",\"title\":\"Canta'm portada\",\"description\":\"\",\"copyright\":\"\",\"order\":7},{\"localizer\":\"V2CARTELL\",\"url\":\"media\/ver\/cartell\/31323\/01_079_00034649\/CANTAMcartell.jpg\",\"thumb_url\":\"media\/ver\/cartell\/31323\/01_079_00034649\/CANTAMcartell_thumb.jpg\",\"title\":\"Canta'm cartell\",\"description\":\"Canta'm cartell\",\"copyright\":\"\",\"order\":8}]","material__texto_intro":"","data_material":null,"data_gallery":"","data_discounts":"[{\"InfoAddicional\":\"<p><strong>Descuentos para grupos y escuelas<br \/><\/strong><\/p>\",\"Url\":\"http:\/\/www.promentrada.com\",\"Codi\":\"ROM104\",\"LogoUrl\":\"media\/fimage\/31389\/01_005_00038530\/logo_prome_nuevo_v_web.jpg\",\"TitolBoto\":\"Descuentos para grupos y escuelas\",\"Type\":\"discount\"},{\"InfoAddicional\":\"<p><strong>Descuentos para particulares<br \/><\/strong><\/p>\",\"Url\":\"http:\/\/vip.promentrada.com\",\"Codi\":\"ROM104\",\"LogoUrl\":\"media\/fimage\/31389\/01_005_00038559\/logo_prome_vip_v_web.jpg\",\"TitolBoto\":\"Descuentos para particulares\",\"Type\":\"discount\"}]","contract_is_open":false,"in_tour":false},"yoast_head":"<!-- This site is optimized with the Yoast SEO plugin v27.5 - https:\/\/yoast.com\/product\/yoast-seo-wordpress\/ -->\n<title>Canta&#039;m un conte - Teatre Romea<\/title>\n<meta name=\"robots\" content=\"index, follow, max-snippet:-1, max-image-preview:large, max-video-preview:-1\" \/>\n<link rel=\"canonical\" href=\"https:\/\/www.teatreromea.cat\/es\/ex\/cantam-un-conte\/\" \/>\n<script type=\"application\/ld+json\" class=\"yoast-schema-graph\">{\"@context\":\"https:\\\/\\\/schema.org\",\"@graph\":[{\"@type\":\"WebPage\",\"@id\":\"https:\\\/\\\/www.teatreromea.cat\\\/es\\\/ex\\\/cantam-un-conte\\\/\",\"url\":\"https:\\\/\\\/www.teatreromea.cat\\\/es\\\/ex\\\/cantam-un-conte\\\/\",\"name\":\"Canta'm un conte - Teatre Romea\",\"isPartOf\":{\"@id\":\"https:\\\/\\\/www.teatreromea.cat\\\/es\\\/#website\"},\"datePublished\":\"2017-09-07T11:28:01+00:00\",\"breadcrumb\":{\"@id\":\"https:\\\/\\\/www.teatreromea.cat\\\/es\\\/ex\\\/cantam-un-conte\\\/#breadcrumb\"},\"inLanguage\":\"es\",\"potentialAction\":[{\"@type\":\"ReadAction\",\"target\":[\"https:\\\/\\\/www.teatreromea.cat\\\/es\\\/ex\\\/cantam-un-conte\\\/\"]}]},{\"@type\":\"BreadcrumbList\",\"@id\":\"https:\\\/\\\/www.teatreromea.cat\\\/es\\\/ex\\\/cantam-un-conte\\\/#breadcrumb\",\"itemListElement\":[{\"@type\":\"ListItem\",\"position\":1,\"name\":\"Inici\",\"item\":\"https:\\\/\\\/www.teatreromea.cat\\\/es\\\/\"},{\"@type\":\"ListItem\",\"position\":2,\"name\":\"Espectacles\",\"item\":\"https:\\\/\\\/www.teatreromea.cat\\\/es\\\/ex\\\/\"},{\"@type\":\"ListItem\",\"position\":3,\"name\":\"Canta&#8217;m un conte\"}]},{\"@type\":\"WebSite\",\"@id\":\"https:\\\/\\\/www.teatreromea.cat\\\/es\\\/#website\",\"url\":\"https:\\\/\\\/www.teatreromea.cat\\\/es\\\/\",\"name\":\"Teatre Romea\",\"description\":\"\",\"publisher\":{\"@id\":\"https:\\\/\\\/www.teatreromea.cat\\\/es\\\/#organization\"},\"potentialAction\":[{\"@type\":\"SearchAction\",\"target\":{\"@type\":\"EntryPoint\",\"urlTemplate\":\"https:\\\/\\\/www.teatreromea.cat\\\/es\\\/?s={search_term_string}\"},\"query-input\":{\"@type\":\"PropertyValueSpecification\",\"valueRequired\":true,\"valueName\":\"search_term_string\"}}],\"inLanguage\":\"es\"},{\"@type\":\"Organization\",\"@id\":\"https:\\\/\\\/www.teatreromea.cat\\\/es\\\/#organization\",\"name\":\"Teatre Romea\",\"url\":\"https:\\\/\\\/www.teatreromea.cat\\\/es\\\/\",\"logo\":{\"@type\":\"ImageObject\",\"inLanguage\":\"es\",\"@id\":\"https:\\\/\\\/www.teatreromea.cat\\\/es\\\/#\\\/schema\\\/logo\\\/image\\\/\",\"url\":\"https:\\\/\\\/www.teatreromea.cat\\\/wp-content\\\/uploads\\\/sites\\\/2\\\/2017\\\/09\\\/teatre-romea-logo.svg\",\"contentUrl\":\"https:\\\/\\\/www.teatreromea.cat\\\/wp-content\\\/uploads\\\/sites\\\/2\\\/2017\\\/09\\\/teatre-romea-logo.svg\",\"width\":1,\"height\":1,\"caption\":\"Teatre Romea\"},\"image\":{\"@id\":\"https:\\\/\\\/www.teatreromea.cat\\\/es\\\/#\\\/schema\\\/logo\\\/image\\\/\"},\"sameAs\":[\"http:\\\/\\\/www.facebook.com\\\/TeatreRomea\",\"https:\\\/\\\/x.com\\\/teatre_romea\",\"http:\\\/\\\/instagram.com\\\/teatreromea\",\"http:\\\/\\\/www.youtube.com\\\/user\\\/TeatreRomea\"]}]}<\/script>\n<!-- \/ Yoast SEO plugin. -->","yoast_head_json":{"title":"Canta'm un conte - Teatre Romea","robots":{"index":"index","follow":"follow","max-snippet":"max-snippet:-1","max-image-preview":"max-image-preview:large","max-video-preview":"max-video-preview:-1"},"canonical":"https:\/\/www.teatreromea.cat\/es\/ex\/cantam-un-conte\/","schema":{"@context":"https:\/\/schema.org","@graph":[{"@type":"WebPage","@id":"https:\/\/www.teatreromea.cat\/es\/ex\/cantam-un-conte\/","url":"https:\/\/www.teatreromea.cat\/es\/ex\/cantam-un-conte\/","name":"Canta'm un conte - Teatre Romea","isPartOf":{"@id":"https:\/\/www.teatreromea.cat\/es\/#website"},"datePublished":"2017-09-07T11:28:01+00:00","breadcrumb":{"@id":"https:\/\/www.teatreromea.cat\/es\/ex\/cantam-un-conte\/#breadcrumb"},"inLanguage":"es","potentialAction":[{"@type":"ReadAction","target":["https:\/\/www.teatreromea.cat\/es\/ex\/cantam-un-conte\/"]}]},{"@type":"BreadcrumbList","@id":"https:\/\/www.teatreromea.cat\/es\/ex\/cantam-un-conte\/#breadcrumb","itemListElement":[{"@type":"ListItem","position":1,"name":"Inici","item":"https:\/\/www.teatreromea.cat\/es\/"},{"@type":"ListItem","position":2,"name":"Espectacles","item":"https:\/\/www.teatreromea.cat\/es\/ex\/"},{"@type":"ListItem","position":3,"name":"Canta&#8217;m un conte"}]},{"@type":"WebSite","@id":"https:\/\/www.teatreromea.cat\/es\/#website","url":"https:\/\/www.teatreromea.cat\/es\/","name":"Teatre Romea","description":"","publisher":{"@id":"https:\/\/www.teatreromea.cat\/es\/#organization"},"potentialAction":[{"@type":"SearchAction","target":{"@type":"EntryPoint","urlTemplate":"https:\/\/www.teatreromea.cat\/es\/?s={search_term_string}"},"query-input":{"@type":"PropertyValueSpecification","valueRequired":true,"valueName":"search_term_string"}}],"inLanguage":"es"},{"@type":"Organization","@id":"https:\/\/www.teatreromea.cat\/es\/#organization","name":"Teatre Romea","url":"https:\/\/www.teatreromea.cat\/es\/","logo":{"@type":"ImageObject","inLanguage":"es","@id":"https:\/\/www.teatreromea.cat\/es\/#\/schema\/logo\/image\/","url":"https:\/\/www.teatreromea.cat\/wp-content\/uploads\/sites\/2\/2017\/09\/teatre-romea-logo.svg","contentUrl":"https:\/\/www.teatreromea.cat\/wp-content\/uploads\/sites\/2\/2017\/09\/teatre-romea-logo.svg","width":1,"height":1,"caption":"Teatre Romea"},"image":{"@id":"https:\/\/www.teatreromea.cat\/es\/#\/schema\/logo\/image\/"},"sameAs":["http:\/\/www.facebook.com\/TeatreRomea","https:\/\/x.com\/teatre_romea","http:\/\/instagram.com\/teatreromea","http:\/\/www.youtube.com\/user\/TeatreRomea"]}]}},"translations":[{"id":9831,"locale":"ca"},{"id":10195,"locale":"es"}],"_links":{"self":[{"href":"https:\/\/www.teatreromea.cat\/es\/wp-json\/wp\/v2\/ex\/10195","targetHints":{"allow":["GET"]}}],"collection":[{"href":"https:\/\/www.teatreromea.cat\/es\/wp-json\/wp\/v2\/ex"}],"about":[{"href":"https:\/\/www.teatreromea.cat\/es\/wp-json\/wp\/v2\/types\/ex"}],"author":[{"embeddable":true,"href":"https:\/\/www.teatreromea.cat\/es\/wp-json\/wp\/v2\/users\/2"}],"replies":[{"embeddable":true,"href":"https:\/\/www.teatreromea.cat\/es\/wp-json\/wp\/v2\/comments?post=10195"}],"acf:term":[{"embeddable":true,"taxonomy":"season","href":"https:\/\/www.teatreromea.cat\/es\/wp-json\/wp\/v2\/season\/162"}],"wp:attachment":[{"href":"https:\/\/www.teatreromea.cat\/es\/wp-json\/wp\/v2\/media?parent=10195"}],"curies":[{"name":"wp","href":"https:\/\/api.w.org\/{rel}","templated":true}]}}

<p align="justify">Nos encontramos&nbsp;ante una obra muy especial. <strong>Un nuevo modo de&nbsp;explicar tres cuentos tradicionales: <em>El patufet</em>, <em>Les set cabretes i el llop</em> i <em>La rateta que escombrava l’escaleta</em></strong>. Cada cuento se transforma en un pequeño musical&nbsp;que&nbsp;explica unas historias fantásticas a través de la voz, los instrumentos musicales más variados y los sonidos más singulares. escucharemos una musica totalmente original y compuesta especialmente para este espectáculo.<br /><br /><strong>Duración</strong>: 1 hora</p><br /><br />
<p align="center"><a href="http://issuu.com/grupfocus/docs/revista_latemporada_grupfocus_1516/"><strong>Clique aquí para consultar la temporada 15/16 del Grup Focus</strong></a>&nbsp;</p>

<strong>IDEA ORIGINAL</strong>: Xuel Díaz<br /><strong>DRAMATURGIA&nbsp;Y COMPOSICIÓN MUSICAL</strong>: David Anguera<br /><strong>DIRECCIÓN</strong>: Juanjo Marín

<strong>IDEA ORIGINAL</strong>: Xuel Díaz<br /><strong>DRAMATURGIA&nbsp;Y COMPOSICIÓN MUSICAL</strong>: David Anguera<br /><strong>DIRECCIÓN</strong>: Juanjo Marín<br /><br /><strong>REPARTO</strong>: David Anguera i Xuel Díaz<br /><br /><strong>DISSEÑO DE ESCENOGRAFÍA</strong>: Jaume Baliarda i Juanjo Marín<br /><strong>CONSTRUCCIÓN DE ESCENOGRAFÍA</strong>: L’Avalot<br /><strong>DISEÑO DE LUCES</strong>: Sergio Roca i Juanjo Marín

[{"localizer":"VERS_IMATGE_ESPECTACLE","url":"media/ftespect/31323/01_020_00034570/galeriaweb1.jpg","thumb_url":"media/ftespect/31323/01_020_00034570/galeriaweb1_thumb.jpg","title":"Canta'm un conte","description":"","copyright":"","order":1},{"localizer":"VERS_IMATGE_ESPECTACLE","url":"media/ftespect/31323/01_020_00034573/galeriaweb2.jpg","thumb_url":"media/ftespect/31323/01_020_00034573/galeriaweb2_thumb.jpg","title":"Canta'm un conte","description":"","copyright":"","order":2},{"localizer":"VERS_IMATGE_ESPECTACLE","url":"media/ftespect/31323/01_020_00034572/galeriaweb3.jpg","thumb_url":"media/ftespect/31323/01_020_00034572/galeriaweb3_thumb.jpg","title":"Canta'm un conte","description":"","copyright":"","order":3},{"localizer":"V2SLIDE","url":"media/ftgalslide/31327/01_076_00035585/slide.jpg","thumb_url":"media/ftgalslide/31327/01_076_00035585/slide_thumb.jpg","title":"Canta'm un conte","description":"Vídeo promocional","copyright":"https://www.youtube.com/watch?v=LqBOshwC4dk","order":3},{"localizer":"V2SLIDE","url":"media/ftgalslide/31323/01_076_00034574/Slideweb.jpg","thumb_url":"media/ftgalslide/31323/01_076_00034574/Slideweb_thumb.jpg","title":"Canta'm un conte","description":"Companyia Nyiguit","copyright":"","order":4},{"localizer":"V2PORTADA","url":"media/ver/port/31323/01_078_00034648/CANTAMportada.jpg","thumb_url":"media/ver/port/31323/01_078_00034648/CANTAMportada_thumb.jpg","title":"Canta'm portada","description":"","copyright":"","order":7},{"localizer":"V2CARTELL","url":"media/ver/cartell/31323/01_079_00034649/CANTAMcartell.jpg","thumb_url":"media/ver/cartell/31323/01_079_00034649/CANTAMcartell_thumb.jpg","title":"Canta'm cartell","description":"Canta'm cartell","copyright":"","order":8}]
