{"id":10141,"date":"2017-09-07T13:27:18","date_gmt":"2017-09-07T11:27:18","guid":{"rendered":"https:\/\/pre.teatreromea.cat\/ex\/\/la-idea-deuropa\/"},"modified":"2017-09-07T13:27:18","modified_gmt":"2017-09-07T11:27:18","slug":"la-idea-deuropa","status":"publish","type":"ex","link":"https:\/\/www.teatreromea.cat\/es\/ex\/la-idea-deuropa\/","title":{"rendered":"La idea d&#8217;Europa"},"content":{"rendered":"","protected":false},"excerpt":{"rendered":"","protected":false},"author":2,"featured_media":0,"comment_status":"closed","ping_status":"closed","template":"","class_list":["post-10141","ex","type-ex","status-publish","hentry","season-2012-13"],"acf":{"txt_synopsis":"<p align=\"justify\"><strong>La idea d'Europa<\/strong> es el t\u00edtulo de un libreto de George Steiner que, a la vez, sale de una conferencia que el mismo Steiner, uno de los pensadores m\u00e1s reconocidos del viejo continente,&nbsp;pronunci\u00f3&nbsp;en el&nbsp;Nexus Institute de Amsterdam.&nbsp;Y <strong>La idea d'Europa<\/strong> tambi\u00e9n es una obra de teatro.&nbsp;Y lo es gracias a un hombre, \u00d2scar Intente, que ha adaptado el texto de Steiner&nbsp;y lo ha convertido en un mon\u00f3logo teatral interpretado, dirigido&nbsp;y producido por \u00e9l mismo. <\/p>\n<p align=\"justify\">El resultado es una obra que interpela al espectador sobre su identidad, sobre el hecho&nbsp;de ser europeo&nbsp;y sobre el peso de la historia&nbsp;y la cultura europeas. Una obra que nos pone ante el espejo, que nos obliga a hacernos preguntas&nbsp;y nos invita a reflexionar sobre conceptos que, hoy m\u00e1s que nunca, hay que poner en valor, como la cortes\u00eda, la raz\u00f3n, la solidaridad, la justicia. <\/p>\n<p align=\"justify\"><strong>Duraci\u00f3n:<\/strong> 1 hora&nbsp;y 10 minutos<\/p>","main_buy_link":"#","main_buy_links":"","group_buy_link":"","show_language":"","show_duration":"","show_start_date":"20121122000000","show_end_date":"20121202000000","show_sort_date":"20121122000000","txt_custom_show_dates":"del 22 de noviembre al 2 de diciembre de 2012","show_disciplines":"","show_ultimes_funcions":false,"hide_tarifes_especials":false,"show_properament":false,"txt_additional_info":"","txt_present":"","show_season":[165],"txt_season":"[\"2012\/13\"]","txt_cycle":"","txt_claim":"","txt_cast_excerpt":"<strong>AUTOR:<\/strong> George Steiner<br \/><strong>DRAMATURGIA&nbsp;Y DIRECCI\u00d3N:<\/strong> \u00d2scar Intente<br \/>","txt_cast":"<p><strong>AUTOR:<\/strong> George Steiner<br \/><strong>DRAMATURGIA&nbsp;Y DIRECCI\u00d3N:<\/strong> \u00d2scar Intente<\/p>\n<p><strong>INT\u00c9RPRETE:<\/strong> \u00d2scar Intente<\/p>\n<p><strong>M\u00daSICO:<\/strong> Ferran Mart\u00ednez (Acorde\u00f3n)<\/p>\n<p><strong>COPRODUCCI\u00d3N:<\/strong> In\u00fatils Mots&nbsp;y Centre d'arts Esc\u00e8niques de Terrassa (CAET)<\/p>\n<p><em>La obra es una adaptaci\u00f3n del texto La idea de Europa, de George Steiner, con traducci\u00f3n de V\u00edctor Compta, publicado por la editorial Arc\u00e0dia (Barcelona, 2004). <br \/><\/em><a href=\"http:\/\/www.arcadia-editorial.com\/\"><em>www.arcadia-editorial.com<\/em><\/a><\/p>\n<p>&nbsp;<\/p>","txt_reviews":"","hashtag":"","have_promo":"","slogan":"","id_exhibicio":811,"id_versio":628,"id_local":1,"txt_seo_desc":"","data_images":"[{\"localizer\":\"V2CARTELL\",\"url\":\"media\/ver\/cartell\/311FB\/01_079_00023044\/list.jpg\",\"thumb_url\":\"media\/ver\/cartell\/311FB\/01_079_00023044\/list_thumb.jpg\",\"title\":\"La idea d'Europa\",\"description\":\"La idea d'Europa\",\"copyright\":\"\",\"order\":1},{\"localizer\":\"V2PORTADA\",\"url\":\"media\/ver\/port\/311FB\/01_078_00023045\/port.jpg\",\"thumb_url\":\"media\/ver\/port\/311FB\/01_078_00023045\/port_thumb.jpg\",\"title\":\"La idea d'Europa\",\"description\":\"La idea d'Europa\",\"copyright\":\"\",\"order\":2}]","material__texto_intro":"","data_material":null,"data_gallery":"","data_discounts":"[{\"InfoAddicional\":\"<p><strong>Descuentos para grupos y escuelas<br \/><\/strong><\/p>\",\"Url\":\"http:\/\/www.promentrada.com\",\"Codi\":\"0\",\"LogoUrl\":\"media\/fimage\/31389\/01_005_00038530\/logo_prome_nuevo_v_web.jpg\",\"TitolBoto\":\"Descuentos para grupos y escuelas\",\"Type\":\"discount\"},{\"InfoAddicional\":\"<p><strong>Descuentos para particulares<br \/><\/strong><\/p>\",\"Url\":\"http:\/\/vip.promentrada.com\",\"Codi\":\"0\",\"LogoUrl\":\"media\/fimage\/31389\/01_005_00038559\/logo_prome_vip_v_web.jpg\",\"TitolBoto\":\"Descuentos para particulares\",\"Type\":\"discount\"}]","contract_is_open":false,"in_tour":false},"yoast_head":"<!-- This site is optimized with the Yoast SEO plugin v27.4 - https:\/\/yoast.com\/product\/yoast-seo-wordpress\/ -->\n<title>La idea d&#039;Europa - Teatre Romea<\/title>\n<meta name=\"robots\" content=\"index, follow, max-snippet:-1, max-image-preview:large, max-video-preview:-1\" \/>\n<link rel=\"canonical\" href=\"https:\/\/www.teatreromea.cat\/es\/ex\/la-idea-deuropa\/\" \/>\n<script type=\"application\/ld+json\" class=\"yoast-schema-graph\">{\"@context\":\"https:\\\/\\\/schema.org\",\"@graph\":[{\"@type\":\"WebPage\",\"@id\":\"https:\\\/\\\/www.teatreromea.cat\\\/es\\\/ex\\\/la-idea-deuropa\\\/\",\"url\":\"https:\\\/\\\/www.teatreromea.cat\\\/es\\\/ex\\\/la-idea-deuropa\\\/\",\"name\":\"La idea d'Europa - Teatre Romea\",\"isPartOf\":{\"@id\":\"https:\\\/\\\/www.teatreromea.cat\\\/es\\\/#website\"},\"datePublished\":\"2017-09-07T11:27:18+00:00\",\"breadcrumb\":{\"@id\":\"https:\\\/\\\/www.teatreromea.cat\\\/es\\\/ex\\\/la-idea-deuropa\\\/#breadcrumb\"},\"inLanguage\":\"es\",\"potentialAction\":[{\"@type\":\"ReadAction\",\"target\":[\"https:\\\/\\\/www.teatreromea.cat\\\/es\\\/ex\\\/la-idea-deuropa\\\/\"]}]},{\"@type\":\"BreadcrumbList\",\"@id\":\"https:\\\/\\\/www.teatreromea.cat\\\/es\\\/ex\\\/la-idea-deuropa\\\/#breadcrumb\",\"itemListElement\":[{\"@type\":\"ListItem\",\"position\":1,\"name\":\"Inici\",\"item\":\"https:\\\/\\\/www.teatreromea.cat\\\/es\\\/\"},{\"@type\":\"ListItem\",\"position\":2,\"name\":\"Espectacles\",\"item\":\"https:\\\/\\\/www.teatreromea.cat\\\/es\\\/ex\\\/\"},{\"@type\":\"ListItem\",\"position\":3,\"name\":\"La idea d&#8217;Europa\"}]},{\"@type\":\"WebSite\",\"@id\":\"https:\\\/\\\/www.teatreromea.cat\\\/es\\\/#website\",\"url\":\"https:\\\/\\\/www.teatreromea.cat\\\/es\\\/\",\"name\":\"Teatre Romea\",\"description\":\"\",\"publisher\":{\"@id\":\"https:\\\/\\\/www.teatreromea.cat\\\/es\\\/#organization\"},\"potentialAction\":[{\"@type\":\"SearchAction\",\"target\":{\"@type\":\"EntryPoint\",\"urlTemplate\":\"https:\\\/\\\/www.teatreromea.cat\\\/es\\\/?s={search_term_string}\"},\"query-input\":{\"@type\":\"PropertyValueSpecification\",\"valueRequired\":true,\"valueName\":\"search_term_string\"}}],\"inLanguage\":\"es\"},{\"@type\":\"Organization\",\"@id\":\"https:\\\/\\\/www.teatreromea.cat\\\/es\\\/#organization\",\"name\":\"Teatre Romea\",\"url\":\"https:\\\/\\\/www.teatreromea.cat\\\/es\\\/\",\"logo\":{\"@type\":\"ImageObject\",\"inLanguage\":\"es\",\"@id\":\"https:\\\/\\\/www.teatreromea.cat\\\/es\\\/#\\\/schema\\\/logo\\\/image\\\/\",\"url\":\"https:\\\/\\\/www.teatreromea.cat\\\/wp-content\\\/uploads\\\/sites\\\/2\\\/2017\\\/09\\\/teatre-romea-logo.svg\",\"contentUrl\":\"https:\\\/\\\/www.teatreromea.cat\\\/wp-content\\\/uploads\\\/sites\\\/2\\\/2017\\\/09\\\/teatre-romea-logo.svg\",\"width\":1,\"height\":1,\"caption\":\"Teatre Romea\"},\"image\":{\"@id\":\"https:\\\/\\\/www.teatreromea.cat\\\/es\\\/#\\\/schema\\\/logo\\\/image\\\/\"},\"sameAs\":[\"http:\\\/\\\/www.facebook.com\\\/TeatreRomea\",\"https:\\\/\\\/x.com\\\/teatre_romea\",\"http:\\\/\\\/instagram.com\\\/teatreromea\",\"http:\\\/\\\/www.youtube.com\\\/user\\\/TeatreRomea\"]}]}<\/script>\n<!-- \/ Yoast SEO plugin. -->","yoast_head_json":{"title":"La idea d'Europa - Teatre Romea","robots":{"index":"index","follow":"follow","max-snippet":"max-snippet:-1","max-image-preview":"max-image-preview:large","max-video-preview":"max-video-preview:-1"},"canonical":"https:\/\/www.teatreromea.cat\/es\/ex\/la-idea-deuropa\/","schema":{"@context":"https:\/\/schema.org","@graph":[{"@type":"WebPage","@id":"https:\/\/www.teatreromea.cat\/es\/ex\/la-idea-deuropa\/","url":"https:\/\/www.teatreromea.cat\/es\/ex\/la-idea-deuropa\/","name":"La idea d'Europa - Teatre Romea","isPartOf":{"@id":"https:\/\/www.teatreromea.cat\/es\/#website"},"datePublished":"2017-09-07T11:27:18+00:00","breadcrumb":{"@id":"https:\/\/www.teatreromea.cat\/es\/ex\/la-idea-deuropa\/#breadcrumb"},"inLanguage":"es","potentialAction":[{"@type":"ReadAction","target":["https:\/\/www.teatreromea.cat\/es\/ex\/la-idea-deuropa\/"]}]},{"@type":"BreadcrumbList","@id":"https:\/\/www.teatreromea.cat\/es\/ex\/la-idea-deuropa\/#breadcrumb","itemListElement":[{"@type":"ListItem","position":1,"name":"Inici","item":"https:\/\/www.teatreromea.cat\/es\/"},{"@type":"ListItem","position":2,"name":"Espectacles","item":"https:\/\/www.teatreromea.cat\/es\/ex\/"},{"@type":"ListItem","position":3,"name":"La idea d&#8217;Europa"}]},{"@type":"WebSite","@id":"https:\/\/www.teatreromea.cat\/es\/#website","url":"https:\/\/www.teatreromea.cat\/es\/","name":"Teatre Romea","description":"","publisher":{"@id":"https:\/\/www.teatreromea.cat\/es\/#organization"},"potentialAction":[{"@type":"SearchAction","target":{"@type":"EntryPoint","urlTemplate":"https:\/\/www.teatreromea.cat\/es\/?s={search_term_string}"},"query-input":{"@type":"PropertyValueSpecification","valueRequired":true,"valueName":"search_term_string"}}],"inLanguage":"es"},{"@type":"Organization","@id":"https:\/\/www.teatreromea.cat\/es\/#organization","name":"Teatre Romea","url":"https:\/\/www.teatreromea.cat\/es\/","logo":{"@type":"ImageObject","inLanguage":"es","@id":"https:\/\/www.teatreromea.cat\/es\/#\/schema\/logo\/image\/","url":"https:\/\/www.teatreromea.cat\/wp-content\/uploads\/sites\/2\/2017\/09\/teatre-romea-logo.svg","contentUrl":"https:\/\/www.teatreromea.cat\/wp-content\/uploads\/sites\/2\/2017\/09\/teatre-romea-logo.svg","width":1,"height":1,"caption":"Teatre Romea"},"image":{"@id":"https:\/\/www.teatreromea.cat\/es\/#\/schema\/logo\/image\/"},"sameAs":["http:\/\/www.facebook.com\/TeatreRomea","https:\/\/x.com\/teatre_romea","http:\/\/instagram.com\/teatreromea","http:\/\/www.youtube.com\/user\/TeatreRomea"]}]}},"translations":[{"id":9777,"locale":"ca"},{"id":10141,"locale":"es"}],"_links":{"self":[{"href":"https:\/\/www.teatreromea.cat\/es\/wp-json\/wp\/v2\/ex\/10141","targetHints":{"allow":["GET"]}}],"collection":[{"href":"https:\/\/www.teatreromea.cat\/es\/wp-json\/wp\/v2\/ex"}],"about":[{"href":"https:\/\/www.teatreromea.cat\/es\/wp-json\/wp\/v2\/types\/ex"}],"author":[{"embeddable":true,"href":"https:\/\/www.teatreromea.cat\/es\/wp-json\/wp\/v2\/users\/2"}],"replies":[{"embeddable":true,"href":"https:\/\/www.teatreromea.cat\/es\/wp-json\/wp\/v2\/comments?post=10141"}],"acf:term":[{"embeddable":true,"taxonomy":"season","href":"https:\/\/www.teatreromea.cat\/es\/wp-json\/wp\/v2\/season\/165"}],"wp:attachment":[{"href":"https:\/\/www.teatreromea.cat\/es\/wp-json\/wp\/v2\/media?parent=10141"}],"curies":[{"name":"wp","href":"https:\/\/api.w.org\/{rel}","templated":true}]}}

<p align="justify"><strong>La idea d'Europa</strong> es el título de un libreto de George Steiner que, a la vez, sale de una conferencia que el mismo Steiner, uno de los pensadores más reconocidos del viejo continente,&nbsp;pronunció&nbsp;en el&nbsp;Nexus Institute de Amsterdam.&nbsp;Y <strong>La idea d'Europa</strong> también es una obra de teatro.&nbsp;Y lo es gracias a un hombre, Òscar Intente, que ha adaptado el texto de Steiner&nbsp;y lo ha convertido en un monólogo teatral interpretado, dirigido&nbsp;y producido por él mismo. </p>
<p align="justify">El resultado es una obra que interpela al espectador sobre su identidad, sobre el hecho&nbsp;de ser europeo&nbsp;y sobre el peso de la historia&nbsp;y la cultura europeas. Una obra que nos pone ante el espejo, que nos obliga a hacernos preguntas&nbsp;y nos invita a reflexionar sobre conceptos que, hoy más que nunca, hay que poner en valor, como la cortesía, la razón, la solidaridad, la justicia. </p>
<p align="justify"><strong>Duración:</strong> 1 hora&nbsp;y 10 minutos</p>

<strong>AUTOR:</strong> George Steiner<br /><strong>DRAMATURGIA&nbsp;Y DIRECCIÓN:</strong> Òscar Intente<br />

<p><strong>AUTOR:</strong> George Steiner<br /><strong>DRAMATURGIA&nbsp;Y DIRECCIÓN:</strong> Òscar Intente</p>
<p><strong>INTÉRPRETE:</strong> Òscar Intente</p>
<p><strong>MÚSICO:</strong> Ferran Martínez (Acordeón)</p>
<p><strong>COPRODUCCIÓN:</strong> Inútils Mots&nbsp;y Centre d'arts Escèniques de Terrassa (CAET)</p>
<p><em>La obra es una adaptación del texto La idea de Europa, de George Steiner, con traducción de Víctor Compta, publicado por la editorial Arcàdia (Barcelona, 2004). <br /></em><a href="http://www.arcadia-editorial.com/"><em>www.arcadia-editorial.com</em></a></p>
<p>&nbsp;</p>
