{"id":10126,"date":"2017-09-07T13:27:05","date_gmt":"2017-09-07T11:27:05","guid":{"rendered":"https:\/\/pre.teatreromea.cat\/ex\/\/voices\/"},"modified":"2017-09-07T13:27:05","modified_gmt":"2017-09-07T11:27:05","slug":"voices","status":"publish","type":"ex","link":"https:\/\/www.teatreromea.cat\/es\/ex\/voices\/","title":{"rendered":"Voices"},"content":{"rendered":"","protected":false},"excerpt":{"rendered":"","protected":false},"author":2,"featured_media":0,"comment_status":"closed","ping_status":"closed","template":"","class_list":["post-10126","ex","type-ex","status-publish","hentry","season-2010-11"],"acf":{"txt_synopsis":"<p align=\"justify\">Un enjambre de voces, un hormiguero de gritos desesperados, un magma que late y que nos enfrenta a nuestros miedos. La idea a partir de la que nace Voices es crear, inspirados por las pasiones de Bach, un oratorio moderno que, en vez de tener como tema central el tortuoso camino de Jes\u00fas hacia la cruz, se centre en el sufrimiento del hombre, el sufrimiento que implica su paso por la Tierra.<br \/>La forma que ha tomado finalmente esta pasi\u00f3n nuestra es la de un collage de textos y m\u00fasicas que quieren mostrar una panor\u00e1mica de la angustia del hombre de hoy.<br \/>Esta visi\u00f3n, que desde el principio parec\u00eda muy amplia, se ha acabado centrando, durante el proceso de creaci\u00f3n del espect\u00e1culo, en el tema de la muerte. As\u00ed, de la misma manera que las pasiones barrocas nos describen los \u00faltimos d\u00edas de la vida de Cristo seg\u00fan los evangelios, nosotros hemos querido hablar de nuestra existencia dolorosa a partir de unos personajes que ven planear sobre ellos la sombra de la muerte y que ven cercano el final de su vida.<br \/>&nbsp;bon comen\u00e7ament semblava for\u00e7a \u00e0mplia, s\u2019ha acabat centrant, durant el proc\u00e9s de creaci\u00f3 de l\u2019espectacle, en el tema de la mort. Aix\u00ed, de la mateixa manera que les passions barroques ens descriuen els \u00faltims dies de la vida de Crist segons els evangelis, nosaltres hem volgut parlar de la nostra exist\u00e8ncia dolorosa a partir d\u2019uns personatges que veuen planar sobre ells l\u2019ombra de la mort i que veuen proper el final de la seva vida. <br \/><\/p>","main_buy_link":"#","main_buy_links":"","group_buy_link":"","show_language":"","show_duration":"","show_start_date":"20110619000000","show_end_date":"20110620000000","show_sort_date":"20110619000000","txt_custom_show_dates":"del 19 al 20 de junio de 2011","show_disciplines":"","show_ultimes_funcions":false,"hide_tarifes_especials":false,"show_properament":false,"txt_additional_info":"","txt_present":"","show_season":[167],"txt_season":"[\"2010\/11\"]","txt_cycle":"","txt_claim":"","txt_cast_excerpt":"","txt_cast":"","txt_reviews":"","hashtag":"","have_promo":"","slogan":"","id_exhibicio":686,"id_versio":532,"id_local":1,"txt_seo_desc":"","data_images":"[{\"localizer\":\"VERS_PORTADA_ESPECTACLE\",\"url\":\"media\/obraport\/31191\/01_014_00015011\/list.jpg\",\"thumb_url\":\"\",\"title\":\"Voices\",\"description\":\"Voices\",\"copyright\":\"\",\"order\":1},{\"localizer\":\"VERS_PORTADA_TEATRE\",\"url\":\"media\/obraporttea\/31192\/01_017_00015136\/port01.jpg\",\"thumb_url\":\"\",\"title\":\"Voices\",\"description\":\"Voices\",\"copyright\":\"\",\"order\":2},{\"localizer\":\"VERS_PORTADA_TEATRE\",\"url\":\"media\/obraporttea\/31192\/01_017_00015138\/port03.jpg\",\"thumb_url\":\"\",\"title\":\"Voices\",\"description\":\"Voices\",\"copyright\":\"\",\"order\":4},{\"localizer\":\"VERS_PORTADA_TEATRE\",\"url\":\"media\/obraporttea\/31192\/01_017_00015139\/port04.jpg\",\"thumb_url\":\"\",\"title\":\"Voices\",\"description\":\"Voices\",\"copyright\":\"\",\"order\":5},{\"localizer\":\"VERS_PORTADA_TEATRE\",\"url\":\"media\/obraporttea\/31192\/01_017_00015140\/port05.jpg\",\"thumb_url\":\"\",\"title\":\"Voices\",\"description\":\"Voices\",\"copyright\":\"\",\"order\":6},{\"localizer\":\"VERS_PORTADA_TEATRE\",\"url\":\"media\/obraporttea\/31192\/01_017_00015141\/port06.jpg\",\"thumb_url\":\"\",\"title\":\"Voices\",\"description\":\"Voices\",\"copyright\":\"\",\"order\":7},{\"localizer\":\"VERS_PORTADA_TEATRE\",\"url\":\"media\/obraporttea\/31192\/01_017_00015142\/port07.jpg\",\"thumb_url\":\"\",\"title\":\"Voices\",\"description\":\"Voices\",\"copyright\":\"\",\"order\":8},{\"localizer\":\"VERS_PORTADA_TEATRE\",\"url\":\"media\/obraporttea\/31192\/01_017_00015143\/port08.jpg\",\"thumb_url\":\"\",\"title\":\"Voices\",\"description\":\"Voices\",\"copyright\":\"\",\"order\":9},{\"localizer\":\"VERS_IMATGE_ESPECTACLE\",\"url\":\"media\/ftespect\/31192\/01_020_00015144\/gal01.jpg\",\"thumb_url\":\"media\/ftespect\/31192\/01_020_00015144\/gal01_thumb.jpg\",\"title\":\"Voices\",\"description\":\"Voices\",\"copyright\":\"Copyright Natascha Thiara Rydvald\",\"order\":10},{\"localizer\":\"VERS_IMATGE_ESPECTACLE\",\"url\":\"media\/ftespect\/31192\/01_020_00015146\/gal03.jpg\",\"thumb_url\":\"media\/ftespect\/31192\/01_020_00015146\/gal03_thumb.jpg\",\"title\":\"Voices\",\"description\":\"Voices\",\"copyright\":\"Copyright Natascha Thiara Rydvald\",\"order\":12},{\"localizer\":\"VERS_IMATGE_ESPECTACLE\",\"url\":\"media\/ftespect\/31192\/01_020_00015147\/gal04.jpg\",\"thumb_url\":\"media\/ftespect\/31192\/01_020_00015147\/gal04_thumb.jpg\",\"title\":\"Voices\",\"description\":\"Voices\",\"copyright\":\"Copyright Natascha Thiara Rydvald\",\"order\":13},{\"localizer\":\"VERS_IMATGE_ESPECTACLE\",\"url\":\"media\/ftespect\/31192\/01_020_00015148\/gal05.jpg\",\"thumb_url\":\"media\/ftespect\/31192\/01_020_00015148\/gal05_thumb.jpg\",\"title\":\"Voices\",\"description\":\"Voices\",\"copyright\":\"Copyright Natascha Thiara Rydvald\",\"order\":14},{\"localizer\":\"VERS_IMATGE_ESPECTACLE\",\"url\":\"media\/ftespect\/31192\/01_020_00015149\/gal07.jpg\",\"thumb_url\":\"media\/ftespect\/31192\/01_020_00015149\/gal07_thumb.jpg\",\"title\":\"Voices\",\"description\":\"Voices\",\"copyright\":\"Copyright Natascha Thiara Rydvald\",\"order\":15},{\"localizer\":\"VERS_IMATGE_ESPECTACLE\",\"url\":\"media\/ftespect\/31192\/01_020_00015150\/gal08.jpg\",\"thumb_url\":\"media\/ftespect\/31192\/01_020_00015150\/gal08_thumb.jpg\",\"title\":\"Voices\",\"description\":\"Voices\",\"copyright\":\"Copyright Natascha Thiara Rydvald\",\"order\":16}]","material__texto_intro":"","data_material":null,"data_gallery":"","data_discounts":"[{\"InfoAddicional\":\".\",\"Url\":\"http:\/\/www.promentrada.com\",\"Codi\":\"0\",\"LogoUrl\":\"\",\"TitolBoto\":\"\",\"Type\":\"discount\"},{\"InfoAddicional\":\"<p><strong>Descuentos para particulares<br \/><\/strong>Tel. 93 309 70 04<br \/><\/p>\",\"Url\":\"http:\/\/vip.promentrada.com\",\"Codi\":\"0\",\"LogoUrl\":\"media\/fimage\/31389\/01_005_00038531\/logo_prome_vip_v_web.jpg\",\"TitolBoto\":\"\",\"Type\":\"discount\"}]","contract_is_open":false,"in_tour":false},"yoast_head":"<!-- This site is optimized with the Yoast SEO plugin v27.5 - https:\/\/yoast.com\/product\/yoast-seo-wordpress\/ -->\n<title>Voices - Teatre Romea<\/title>\n<meta name=\"robots\" content=\"index, follow, max-snippet:-1, max-image-preview:large, max-video-preview:-1\" \/>\n<link rel=\"canonical\" href=\"https:\/\/www.teatreromea.cat\/es\/ex\/voices\/\" \/>\n<script type=\"application\/ld+json\" class=\"yoast-schema-graph\">{\"@context\":\"https:\\\/\\\/schema.org\",\"@graph\":[{\"@type\":\"WebPage\",\"@id\":\"https:\\\/\\\/www.teatreromea.cat\\\/es\\\/ex\\\/voices\\\/\",\"url\":\"https:\\\/\\\/www.teatreromea.cat\\\/es\\\/ex\\\/voices\\\/\",\"name\":\"Voices - Teatre Romea\",\"isPartOf\":{\"@id\":\"https:\\\/\\\/www.teatreromea.cat\\\/es\\\/#website\"},\"datePublished\":\"2017-09-07T11:27:05+00:00\",\"breadcrumb\":{\"@id\":\"https:\\\/\\\/www.teatreromea.cat\\\/es\\\/ex\\\/voices\\\/#breadcrumb\"},\"inLanguage\":\"es\",\"potentialAction\":[{\"@type\":\"ReadAction\",\"target\":[\"https:\\\/\\\/www.teatreromea.cat\\\/es\\\/ex\\\/voices\\\/\"]}]},{\"@type\":\"BreadcrumbList\",\"@id\":\"https:\\\/\\\/www.teatreromea.cat\\\/es\\\/ex\\\/voices\\\/#breadcrumb\",\"itemListElement\":[{\"@type\":\"ListItem\",\"position\":1,\"name\":\"Inici\",\"item\":\"https:\\\/\\\/www.teatreromea.cat\\\/es\\\/\"},{\"@type\":\"ListItem\",\"position\":2,\"name\":\"Espectacles\",\"item\":\"https:\\\/\\\/www.teatreromea.cat\\\/es\\\/ex\\\/\"},{\"@type\":\"ListItem\",\"position\":3,\"name\":\"Voices\"}]},{\"@type\":\"WebSite\",\"@id\":\"https:\\\/\\\/www.teatreromea.cat\\\/es\\\/#website\",\"url\":\"https:\\\/\\\/www.teatreromea.cat\\\/es\\\/\",\"name\":\"Teatre Romea\",\"description\":\"\",\"publisher\":{\"@id\":\"https:\\\/\\\/www.teatreromea.cat\\\/es\\\/#organization\"},\"potentialAction\":[{\"@type\":\"SearchAction\",\"target\":{\"@type\":\"EntryPoint\",\"urlTemplate\":\"https:\\\/\\\/www.teatreromea.cat\\\/es\\\/?s={search_term_string}\"},\"query-input\":{\"@type\":\"PropertyValueSpecification\",\"valueRequired\":true,\"valueName\":\"search_term_string\"}}],\"inLanguage\":\"es\"},{\"@type\":\"Organization\",\"@id\":\"https:\\\/\\\/www.teatreromea.cat\\\/es\\\/#organization\",\"name\":\"Teatre Romea\",\"url\":\"https:\\\/\\\/www.teatreromea.cat\\\/es\\\/\",\"logo\":{\"@type\":\"ImageObject\",\"inLanguage\":\"es\",\"@id\":\"https:\\\/\\\/www.teatreromea.cat\\\/es\\\/#\\\/schema\\\/logo\\\/image\\\/\",\"url\":\"https:\\\/\\\/www.teatreromea.cat\\\/wp-content\\\/uploads\\\/sites\\\/2\\\/2017\\\/09\\\/teatre-romea-logo.svg\",\"contentUrl\":\"https:\\\/\\\/www.teatreromea.cat\\\/wp-content\\\/uploads\\\/sites\\\/2\\\/2017\\\/09\\\/teatre-romea-logo.svg\",\"width\":1,\"height\":1,\"caption\":\"Teatre Romea\"},\"image\":{\"@id\":\"https:\\\/\\\/www.teatreromea.cat\\\/es\\\/#\\\/schema\\\/logo\\\/image\\\/\"},\"sameAs\":[\"http:\\\/\\\/www.facebook.com\\\/TeatreRomea\",\"https:\\\/\\\/x.com\\\/teatre_romea\",\"http:\\\/\\\/instagram.com\\\/teatreromea\",\"http:\\\/\\\/www.youtube.com\\\/user\\\/TeatreRomea\"]}]}<\/script>\n<!-- \/ Yoast SEO plugin. -->","yoast_head_json":{"title":"Voices - Teatre Romea","robots":{"index":"index","follow":"follow","max-snippet":"max-snippet:-1","max-image-preview":"max-image-preview:large","max-video-preview":"max-video-preview:-1"},"canonical":"https:\/\/www.teatreromea.cat\/es\/ex\/voices\/","schema":{"@context":"https:\/\/schema.org","@graph":[{"@type":"WebPage","@id":"https:\/\/www.teatreromea.cat\/es\/ex\/voices\/","url":"https:\/\/www.teatreromea.cat\/es\/ex\/voices\/","name":"Voices - Teatre Romea","isPartOf":{"@id":"https:\/\/www.teatreromea.cat\/es\/#website"},"datePublished":"2017-09-07T11:27:05+00:00","breadcrumb":{"@id":"https:\/\/www.teatreromea.cat\/es\/ex\/voices\/#breadcrumb"},"inLanguage":"es","potentialAction":[{"@type":"ReadAction","target":["https:\/\/www.teatreromea.cat\/es\/ex\/voices\/"]}]},{"@type":"BreadcrumbList","@id":"https:\/\/www.teatreromea.cat\/es\/ex\/voices\/#breadcrumb","itemListElement":[{"@type":"ListItem","position":1,"name":"Inici","item":"https:\/\/www.teatreromea.cat\/es\/"},{"@type":"ListItem","position":2,"name":"Espectacles","item":"https:\/\/www.teatreromea.cat\/es\/ex\/"},{"@type":"ListItem","position":3,"name":"Voices"}]},{"@type":"WebSite","@id":"https:\/\/www.teatreromea.cat\/es\/#website","url":"https:\/\/www.teatreromea.cat\/es\/","name":"Teatre Romea","description":"","publisher":{"@id":"https:\/\/www.teatreromea.cat\/es\/#organization"},"potentialAction":[{"@type":"SearchAction","target":{"@type":"EntryPoint","urlTemplate":"https:\/\/www.teatreromea.cat\/es\/?s={search_term_string}"},"query-input":{"@type":"PropertyValueSpecification","valueRequired":true,"valueName":"search_term_string"}}],"inLanguage":"es"},{"@type":"Organization","@id":"https:\/\/www.teatreromea.cat\/es\/#organization","name":"Teatre Romea","url":"https:\/\/www.teatreromea.cat\/es\/","logo":{"@type":"ImageObject","inLanguage":"es","@id":"https:\/\/www.teatreromea.cat\/es\/#\/schema\/logo\/image\/","url":"https:\/\/www.teatreromea.cat\/wp-content\/uploads\/sites\/2\/2017\/09\/teatre-romea-logo.svg","contentUrl":"https:\/\/www.teatreromea.cat\/wp-content\/uploads\/sites\/2\/2017\/09\/teatre-romea-logo.svg","width":1,"height":1,"caption":"Teatre Romea"},"image":{"@id":"https:\/\/www.teatreromea.cat\/es\/#\/schema\/logo\/image\/"},"sameAs":["http:\/\/www.facebook.com\/TeatreRomea","https:\/\/x.com\/teatre_romea","http:\/\/instagram.com\/teatreromea","http:\/\/www.youtube.com\/user\/TeatreRomea"]}]}},"translations":[{"id":9762,"locale":"ca"},{"id":10126,"locale":"es"}],"_links":{"self":[{"href":"https:\/\/www.teatreromea.cat\/es\/wp-json\/wp\/v2\/ex\/10126","targetHints":{"allow":["GET"]}}],"collection":[{"href":"https:\/\/www.teatreromea.cat\/es\/wp-json\/wp\/v2\/ex"}],"about":[{"href":"https:\/\/www.teatreromea.cat\/es\/wp-json\/wp\/v2\/types\/ex"}],"author":[{"embeddable":true,"href":"https:\/\/www.teatreromea.cat\/es\/wp-json\/wp\/v2\/users\/2"}],"replies":[{"embeddable":true,"href":"https:\/\/www.teatreromea.cat\/es\/wp-json\/wp\/v2\/comments?post=10126"}],"acf:term":[{"embeddable":true,"taxonomy":"season","href":"https:\/\/www.teatreromea.cat\/es\/wp-json\/wp\/v2\/season\/167"}],"wp:attachment":[{"href":"https:\/\/www.teatreromea.cat\/es\/wp-json\/wp\/v2\/media?parent=10126"}],"curies":[{"name":"wp","href":"https:\/\/api.w.org\/{rel}","templated":true}]}}

<p align="justify">Un enjambre de voces, un hormiguero de gritos desesperados, un magma que late y que nos enfrenta a nuestros miedos. La idea a partir de la que nace Voices es crear, inspirados por las pasiones de Bach, un oratorio moderno que, en vez de tener como tema central el tortuoso camino de Jesús hacia la cruz, se centre en el sufrimiento del hombre, el sufrimiento que implica su paso por la Tierra.<br />La forma que ha tomado finalmente esta pasión nuestra es la de un collage de textos y músicas que quieren mostrar una panorámica de la angustia del hombre de hoy.<br />Esta visión, que desde el principio parecía muy amplia, se ha acabado centrando, durante el proceso de creación del espectáculo, en el tema de la muerte. Así, de la misma manera que las pasiones barrocas nos describen los últimos días de la vida de Cristo según los evangelios, nosotros hemos querido hablar de nuestra existencia dolorosa a partir de unos personajes que ven planear sobre ellos la sombra de la muerte y que ven cercano el final de su vida.<br />&nbsp;bon començament semblava força àmplia, s’ha acabat centrant, durant el procés de creació de l’espectacle, en el tema de la mort. Així, de la mateixa manera que les passions barroques ens descriuen els últims dies de la vida de Crist segons els evangelis, nosaltres hem volgut parlar de la nostra existència dolorosa a partir d’uns personatges que veuen planar sobre ells l’ombra de la mort i que veuen proper el final de la seva vida. <br /></p>
