{"id":10001,"date":"2017-09-07T13:25:23","date_gmt":"2017-09-07T11:25:23","guid":{"rendered":"https:\/\/pre.teatreromea.cat\/ex\/\/el-temps-de-planck\/"},"modified":"2017-09-07T13:25:23","modified_gmt":"2017-09-07T11:25:23","slug":"el-temps-de-planck","status":"publish","type":"ex","link":"https:\/\/www.teatreromea.cat\/es\/ex\/el-temps-de-planck\/","title":{"rendered":"El temps de Planck"},"content":{"rendered":"","protected":false},"excerpt":{"rendered":"","protected":false},"author":2,"featured_media":0,"comment_status":"closed","ping_status":"closed","template":"","class_list":["post-10001","ex","type-ex","status-publish","hentry","season-1999-00"],"acf":{"txt_synopsis":"<p align=\"justify\">El dolor humano es el cultivo donde nace la tragedia. El sufrimiento de un alma que puede sentir con grandeza. Eso y solamente eso es la tragedia. Lo tr\u00e1gico es saber qu\u00e9 resulta del fracaso doloroso del deseo de saber. El espect\u00e1culo <strong>Tots eren fills meus <\/strong>es un largo viaje del d\u00eda a la noche de la sociedad americana en 1948, y de la occidental, en 1999. La familia -como ADN de esta sociedad- nos permite reflexionar sobre las relaciones afectivas, de inter\u00e9s, de poder... A la vez, nos permite hacer un an\u00e1lisis de la destrucci\u00f3n de los mitos de la humanidad, que en siglo XX son, quiz\u00e1s, los semi-Dioses familiares.<\/p>\n<p align=\"justify\">La familia Keller, como estereotipo del sue\u00f1o americano, lucha desesperadamente por salvarse, primero como comunidad o tribu y despu\u00e9s, una vez hubo explotado la bomba at\u00f3mica, por la supervivencia del individuo. Eso s\u00ed, desde la supuesta protecci\u00f3n de la privacidad de su jard\u00edn. Privacidad que los vecinos -s\u00edmbolo de la realidad fuera de nosotros- tiene la misi\u00f3n de ir rompiendo, como la&nbsp;superficie de una supuesta bolsa amni\u00f3tica de la que los protagonistas disfrutan en la parte posterior de su casa. <em>Ferran Madico<br \/><\/em><\/p>","main_buy_link":"#","main_buy_links":"","group_buy_link":"","show_language":"","show_duration":"","show_start_date":"20000624000000","show_end_date":"20000925000000","show_sort_date":"20000624000000","txt_custom_show_dates":"del 24 de junio al 25 de septiembre de 2000","show_disciplines":"","show_ultimes_funcions":false,"hide_tarifes_especials":false,"show_properament":false,"txt_additional_info":"","txt_present":"","show_season":[152],"txt_season":"[\"1999\/00\"]","txt_cycle":"","txt_claim":"","txt_cast_excerpt":"","txt_cast":"","txt_reviews":"","hashtag":"","have_promo":"","slogan":"","id_exhibicio":109,"id_versio":109,"id_local":1,"txt_seo_desc":"","data_images":"[{\"localizer\":\"V2SLIDE\",\"url\":\"media\/ftgalslide\/312BA\/01_076_00028103\/plank01.jpg\",\"thumb_url\":\"media\/ftgalslide\/312BA\/01_076_00028103\/plank01_thumb.jpg\",\"title\":\"El temps de Planck\",\"description\":\" \",\"copyright\":\"\",\"order\":1},{\"localizer\":\"V2SLIDE\",\"url\":\"media\/ftgalslide\/312BA\/01_076_00028104\/plank02.jpg\",\"thumb_url\":\"media\/ftgalslide\/312BA\/01_076_00028104\/plank02_thumb.jpg\",\"title\":\"El temps de Planck\",\"description\":\" \",\"copyright\":\"\",\"order\":2},{\"localizer\":\"V2SLIDE\",\"url\":\"media\/ftgalslide\/312BA\/01_076_00028105\/plank03.jpg\",\"thumb_url\":\"media\/ftgalslide\/312BA\/01_076_00028105\/plank03_thumb.jpg\",\"title\":\"El temps de Planck\",\"description\":\" \",\"copyright\":\"\",\"order\":3},{\"localizer\":\"V2SLIDE\",\"url\":\"media\/ftgalslide\/312BA\/01_076_00028106\/plank04.jpg\",\"thumb_url\":\"media\/ftgalslide\/312BA\/01_076_00028106\/plank04_thumb.jpg\",\"title\":\"El temps de Planck\",\"description\":\" \",\"copyright\":\"\",\"order\":4},{\"localizer\":\"V2SLIDE\",\"url\":\"media\/ftgalslide\/312BA\/01_076_00028107\/plank05.jpg\",\"thumb_url\":\"media\/ftgalslide\/312BA\/01_076_00028107\/plank05_thumb.jpg\",\"title\":\"El temps de Planck\",\"description\":\" \",\"copyright\":\"\",\"order\":5},{\"localizer\":\"V2SLIDE\",\"url\":\"media\/ftgalslide\/312BA\/01_076_00028108\/plank06.jpg\",\"thumb_url\":\"media\/ftgalslide\/312BA\/01_076_00028108\/plank06_thumb.jpg\",\"title\":\"El temps de Planck\",\"description\":\" \",\"copyright\":\"\",\"order\":6},{\"localizer\":\"VERS_IMATGE_ESPECTACLE\",\"url\":\"media\/ftespect\/31068\/01_020_00002653\/4_gal.jpg\",\"thumb_url\":\"media\/ftespect\/31068\/01_020_00002653\/4_gal_thumb.jpg\",\"title\":\"El temps de Planck\",\"description\":\"El temps de Planck\",\"copyright\":\"El temps de Planck\",\"order\":-1},{\"localizer\":\"VERS_IMATGE_ESPECTACLE\",\"url\":\"media\/ftespect\/31068\/01_020_00002654\/5_gal.jpg\",\"thumb_url\":\"media\/ftespect\/31068\/01_020_00002654\/5_gal_thumb.jpg\",\"title\":\"El temps de Planck\",\"description\":\"El temps de Planck\",\"copyright\":\"El temps de Planck\",\"order\":-1},{\"localizer\":\"VERS_IMATGE_ESPECTACLE\",\"url\":\"media\/ftespect\/31068\/01_020_00002655\/6_gal.jpg\",\"thumb_url\":\"media\/ftespect\/31068\/01_020_00002655\/6_gal_thumb.jpg\",\"title\":\"El temps de Planck\",\"description\":\"El temps de Planck\",\"copyright\":\"El temps de Planck\",\"order\":-1},{\"localizer\":\"VERS_PORTADA_ESPECTACLE\",\"url\":\"media\/obraport\/3106B\/01_014_00003644\/eltempsdeplanck.jpg\",\"thumb_url\":\"\",\"title\":\"El temps de Planck\",\"description\":\"El temps de Planck\",\"copyright\":\"\",\"order\":-1}]","material__texto_intro":"","data_material":null,"data_gallery":"","data_discounts":"[]","contract_is_open":false,"in_tour":false},"yoast_head":"<!-- This site is optimized with the Yoast SEO plugin v27.5 - https:\/\/yoast.com\/product\/yoast-seo-wordpress\/ -->\n<title>El temps de Planck - Teatre Romea<\/title>\n<meta name=\"robots\" content=\"index, follow, max-snippet:-1, max-image-preview:large, max-video-preview:-1\" \/>\n<link rel=\"canonical\" href=\"https:\/\/www.teatreromea.cat\/es\/ex\/el-temps-de-planck\/\" \/>\n<script type=\"application\/ld+json\" class=\"yoast-schema-graph\">{\"@context\":\"https:\\\/\\\/schema.org\",\"@graph\":[{\"@type\":\"WebPage\",\"@id\":\"https:\\\/\\\/www.teatreromea.cat\\\/es\\\/ex\\\/el-temps-de-planck\\\/\",\"url\":\"https:\\\/\\\/www.teatreromea.cat\\\/es\\\/ex\\\/el-temps-de-planck\\\/\",\"name\":\"El temps de Planck - Teatre Romea\",\"isPartOf\":{\"@id\":\"https:\\\/\\\/www.teatreromea.cat\\\/es\\\/#website\"},\"datePublished\":\"2017-09-07T11:25:23+00:00\",\"breadcrumb\":{\"@id\":\"https:\\\/\\\/www.teatreromea.cat\\\/es\\\/ex\\\/el-temps-de-planck\\\/#breadcrumb\"},\"inLanguage\":\"es\",\"potentialAction\":[{\"@type\":\"ReadAction\",\"target\":[\"https:\\\/\\\/www.teatreromea.cat\\\/es\\\/ex\\\/el-temps-de-planck\\\/\"]}]},{\"@type\":\"BreadcrumbList\",\"@id\":\"https:\\\/\\\/www.teatreromea.cat\\\/es\\\/ex\\\/el-temps-de-planck\\\/#breadcrumb\",\"itemListElement\":[{\"@type\":\"ListItem\",\"position\":1,\"name\":\"Inici\",\"item\":\"https:\\\/\\\/www.teatreromea.cat\\\/es\\\/\"},{\"@type\":\"ListItem\",\"position\":2,\"name\":\"Espectacles\",\"item\":\"https:\\\/\\\/www.teatreromea.cat\\\/es\\\/ex\\\/\"},{\"@type\":\"ListItem\",\"position\":3,\"name\":\"El temps de Planck\"}]},{\"@type\":\"WebSite\",\"@id\":\"https:\\\/\\\/www.teatreromea.cat\\\/es\\\/#website\",\"url\":\"https:\\\/\\\/www.teatreromea.cat\\\/es\\\/\",\"name\":\"Teatre Romea\",\"description\":\"\",\"publisher\":{\"@id\":\"https:\\\/\\\/www.teatreromea.cat\\\/es\\\/#organization\"},\"potentialAction\":[{\"@type\":\"SearchAction\",\"target\":{\"@type\":\"EntryPoint\",\"urlTemplate\":\"https:\\\/\\\/www.teatreromea.cat\\\/es\\\/?s={search_term_string}\"},\"query-input\":{\"@type\":\"PropertyValueSpecification\",\"valueRequired\":true,\"valueName\":\"search_term_string\"}}],\"inLanguage\":\"es\"},{\"@type\":\"Organization\",\"@id\":\"https:\\\/\\\/www.teatreromea.cat\\\/es\\\/#organization\",\"name\":\"Teatre Romea\",\"url\":\"https:\\\/\\\/www.teatreromea.cat\\\/es\\\/\",\"logo\":{\"@type\":\"ImageObject\",\"inLanguage\":\"es\",\"@id\":\"https:\\\/\\\/www.teatreromea.cat\\\/es\\\/#\\\/schema\\\/logo\\\/image\\\/\",\"url\":\"https:\\\/\\\/www.teatreromea.cat\\\/wp-content\\\/uploads\\\/sites\\\/2\\\/2017\\\/09\\\/teatre-romea-logo.svg\",\"contentUrl\":\"https:\\\/\\\/www.teatreromea.cat\\\/wp-content\\\/uploads\\\/sites\\\/2\\\/2017\\\/09\\\/teatre-romea-logo.svg\",\"width\":1,\"height\":1,\"caption\":\"Teatre Romea\"},\"image\":{\"@id\":\"https:\\\/\\\/www.teatreromea.cat\\\/es\\\/#\\\/schema\\\/logo\\\/image\\\/\"},\"sameAs\":[\"http:\\\/\\\/www.facebook.com\\\/TeatreRomea\",\"https:\\\/\\\/x.com\\\/teatre_romea\",\"http:\\\/\\\/instagram.com\\\/teatreromea\",\"http:\\\/\\\/www.youtube.com\\\/user\\\/TeatreRomea\"]}]}<\/script>\n<!-- \/ Yoast SEO plugin. -->","yoast_head_json":{"title":"El temps de Planck - Teatre Romea","robots":{"index":"index","follow":"follow","max-snippet":"max-snippet:-1","max-image-preview":"max-image-preview:large","max-video-preview":"max-video-preview:-1"},"canonical":"https:\/\/www.teatreromea.cat\/es\/ex\/el-temps-de-planck\/","schema":{"@context":"https:\/\/schema.org","@graph":[{"@type":"WebPage","@id":"https:\/\/www.teatreromea.cat\/es\/ex\/el-temps-de-planck\/","url":"https:\/\/www.teatreromea.cat\/es\/ex\/el-temps-de-planck\/","name":"El temps de Planck - Teatre Romea","isPartOf":{"@id":"https:\/\/www.teatreromea.cat\/es\/#website"},"datePublished":"2017-09-07T11:25:23+00:00","breadcrumb":{"@id":"https:\/\/www.teatreromea.cat\/es\/ex\/el-temps-de-planck\/#breadcrumb"},"inLanguage":"es","potentialAction":[{"@type":"ReadAction","target":["https:\/\/www.teatreromea.cat\/es\/ex\/el-temps-de-planck\/"]}]},{"@type":"BreadcrumbList","@id":"https:\/\/www.teatreromea.cat\/es\/ex\/el-temps-de-planck\/#breadcrumb","itemListElement":[{"@type":"ListItem","position":1,"name":"Inici","item":"https:\/\/www.teatreromea.cat\/es\/"},{"@type":"ListItem","position":2,"name":"Espectacles","item":"https:\/\/www.teatreromea.cat\/es\/ex\/"},{"@type":"ListItem","position":3,"name":"El temps de Planck"}]},{"@type":"WebSite","@id":"https:\/\/www.teatreromea.cat\/es\/#website","url":"https:\/\/www.teatreromea.cat\/es\/","name":"Teatre Romea","description":"","publisher":{"@id":"https:\/\/www.teatreromea.cat\/es\/#organization"},"potentialAction":[{"@type":"SearchAction","target":{"@type":"EntryPoint","urlTemplate":"https:\/\/www.teatreromea.cat\/es\/?s={search_term_string}"},"query-input":{"@type":"PropertyValueSpecification","valueRequired":true,"valueName":"search_term_string"}}],"inLanguage":"es"},{"@type":"Organization","@id":"https:\/\/www.teatreromea.cat\/es\/#organization","name":"Teatre Romea","url":"https:\/\/www.teatreromea.cat\/es\/","logo":{"@type":"ImageObject","inLanguage":"es","@id":"https:\/\/www.teatreromea.cat\/es\/#\/schema\/logo\/image\/","url":"https:\/\/www.teatreromea.cat\/wp-content\/uploads\/sites\/2\/2017\/09\/teatre-romea-logo.svg","contentUrl":"https:\/\/www.teatreromea.cat\/wp-content\/uploads\/sites\/2\/2017\/09\/teatre-romea-logo.svg","width":1,"height":1,"caption":"Teatre Romea"},"image":{"@id":"https:\/\/www.teatreromea.cat\/es\/#\/schema\/logo\/image\/"},"sameAs":["http:\/\/www.facebook.com\/TeatreRomea","https:\/\/x.com\/teatre_romea","http:\/\/instagram.com\/teatreromea","http:\/\/www.youtube.com\/user\/TeatreRomea"]}]}},"translations":[{"id":9637,"locale":"ca"},{"id":10001,"locale":"es"}],"_links":{"self":[{"href":"https:\/\/www.teatreromea.cat\/es\/wp-json\/wp\/v2\/ex\/10001","targetHints":{"allow":["GET"]}}],"collection":[{"href":"https:\/\/www.teatreromea.cat\/es\/wp-json\/wp\/v2\/ex"}],"about":[{"href":"https:\/\/www.teatreromea.cat\/es\/wp-json\/wp\/v2\/types\/ex"}],"author":[{"embeddable":true,"href":"https:\/\/www.teatreromea.cat\/es\/wp-json\/wp\/v2\/users\/2"}],"replies":[{"embeddable":true,"href":"https:\/\/www.teatreromea.cat\/es\/wp-json\/wp\/v2\/comments?post=10001"}],"acf:term":[{"embeddable":true,"taxonomy":"season","href":"https:\/\/www.teatreromea.cat\/es\/wp-json\/wp\/v2\/season\/152"}],"wp:attachment":[{"href":"https:\/\/www.teatreromea.cat\/es\/wp-json\/wp\/v2\/media?parent=10001"}],"curies":[{"name":"wp","href":"https:\/\/api.w.org\/{rel}","templated":true}]}}

<p align="justify">El dolor humano es el cultivo donde nace la tragedia. El sufrimiento de un alma que puede sentir con grandeza. Eso y solamente eso es la tragedia. Lo trágico es saber qué resulta del fracaso doloroso del deseo de saber. El espectáculo <strong>Tots eren fills meus </strong>es un largo viaje del día a la noche de la sociedad americana en 1948, y de la occidental, en 1999. La familia -como ADN de esta sociedad- nos permite reflexionar sobre las relaciones afectivas, de interés, de poder... A la vez, nos permite hacer un análisis de la destrucción de los mitos de la humanidad, que en siglo XX son, quizás, los semi-Dioses familiares.</p>
<p align="justify">La familia Keller, como estereotipo del sueño americano, lucha desesperadamente por salvarse, primero como comunidad o tribu y después, una vez hubo explotado la bomba atómica, por la supervivencia del individuo. Eso sí, desde la supuesta protección de la privacidad de su jardín. Privacidad que los vecinos -símbolo de la realidad fuera de nosotros- tiene la misión de ir rompiendo, como la&nbsp;superficie de una supuesta bolsa amniótica de la que los protagonistas disfrutan en la parte posterior de su casa. <em>Ferran Madico<br /></em></p>
