{"id":9920,"date":"2020-07-02T09:49:56","date_gmt":"2020-07-02T07:49:56","guid":{"rendered":"https:\/\/pre.teatreromea.cat\/ex\/\/bruna-el-musical\/"},"modified":"2020-07-02T09:49:56","modified_gmt":"2020-07-02T07:49:56","slug":"bruna-el-musical","status":"publish","type":"ex","link":"https:\/\/www.teatreromea.cat\/ca\/ex\/bruna-el-musical\/","title":{"rendered":"Bruna, El Musical"},"content":{"rendered":"","protected":false},"excerpt":{"rendered":"","protected":false},"author":2,"featured_media":0,"comment_status":"closed","ping_status":"open","template":"","class_list":["post-9920","ex","type-ex","status-publish","hentry","season-2020-21"],"acf":{"txt_synopsis":"<p>Ambientada als anys \u201890, la Bruna, una nena d\u2019onze anys ha de fer un treball d\u2019escola sobre la seva \u00e0via. Realitzar-lo no \u00e9s una tasca f\u00e0cil per la Bruna, ja que la seva \u00e0via, amb cert grau de dem\u00e8ncia, no la pot ajudar massa. Mentrestant la seva mare, molt enfeinada i sola en la fam\u00edlia, ha de gestionar la vida de la Bruna, la de l\u2019\u00e0via i la de l\u2019empresa on treballa. L\u2019Eric, l\u2019amic de la Bruna, sembla tenir una vida plena amb la seva fam\u00edlia i aix\u00f2 fa estar neguitosa a la Bruna que tamb\u00e9 vol viure una vida plena amb la seva mare.<br \/><br \/>En el passat veiem la Quima, l\u2019\u00e0via de la Bruna de petita i com aquesta t\u00e9 tants amics que juguen a jocs molt diferents dels actuals. La Pitu, la millor amiga de la Quima, tan diferents socialment per\u00f2 tan iguals sentimentalment, ser\u00e0 la part principal de la investigaci\u00f3 de la Bruna per enllestir el treball.<br \/><br \/>BRUNA \u00e9s un projecte de teatre comunitari que neix al poble d\u2019Ullastrell. Un viatge a trav\u00e9s del temps i a trav\u00e9s de moltes viv\u00e8ncies que de ben segur que han estat presents a moltes fam\u00edlies d\u2019aquest pa\u00eds. BRUNA neix de la necessitat d\u2019homenatjar als nostres avis i \u00e0vies que van viure i sobreviure la guerra civil. Un record a totes les seves lluites silenciades que han fet que avui en dia podem ser qui som i expressar-nos lliurement gr\u00e0cies a l\u2019art.<br \/><\/p>","main_buy_link":"","main_buy_links":"","group_buy_link":"","show_language":"","show_duration":"80","show_start_date":"20201213000000","show_end_date":"20210110000000","show_sort_date":"20201213000000","txt_custom_show_dates":"del 13 de desembre de 2020 al 10 de gener de 2021","show_disciplines":"","show_ultimes_funcions":false,"hide_tarifes_especials":false,"show_properament":false,"txt_additional_info":"<p><i class=\"fa fa-info fa-2x fa-fw\"><\/i>&nbsp;Edat recomanada: a partir de&nbsp;5 anys<\/p>","txt_present":"","show_season":[126],"txt_season":"[\"2020\/21\"]","txt_cycle":"","txt_claim":"","txt_cast_excerpt":"","txt_cast":"<p>Idea original i direcci\u00f3: <strong>Mateu Peramiquel<\/strong> i <strong>Mar Puig<\/strong><br \/>Gui\u00f3: <strong>Mar Puig<\/strong><br \/>M\u00fasica i lletres: <strong>Mateu Peramiquel<\/strong><br \/>Int\u00e8rprets:<strong> Mariona Lleonart, Ona Puig, Laia Pastor, Maria Font, Neus sararich, Bruno Villareal, Laia Call, Martina Call, Marta Serra, Jana Palet, Hannah P\u00e9rez, Agn\u00e8s Font, Bernat Carreras, Queralt Puig, Oriol Sim\u00f3, Daniel Sucarrats, Vinyet Morral, Ton Carreras i Caterina Palet.<br \/><\/strong><br \/>Coreografies: <strong>Ceci Montany\u00e0<\/strong><br \/>L\u2019espectacle t\u00e9 m\u00fasica en directe:<br \/>Piano: <strong>Mateu Peramiquel<\/strong><br \/>Percussi\u00f3: <strong>I\u00f1aqui De La Linde<\/strong><br \/>Violoncel: <strong>N\u00faria Conangla<\/strong><\/p>\n<p>Producci\u00f3:<strong> WeColorMusic <\/strong>i<strong> GATU<\/strong><\/p>","txt_reviews":"","hashtag":"BrunaElMusical","have_promo":"","slogan":"","id_exhibicio":1748,"id_versio":1424,"id_local":1,"txt_seo_desc":"Bruma, El Musical, al Petit Romea dintre del Teatre Romea de Barcelona","data_images":"[{\"localizer\":\"V3SLIDE\",\"url\":\"media\/ftgalslide\/v3\/3151B\/01_086_00050911\/Bruna_Petit-Romea-uai-2064x1376.jpg\",\"thumb_url\":\"media\/ftgalslide\/v3\/3151B\/01_086_00050911\/Bruna_Petit-Romea-uai-2064x1376_thumb.jpg\",\"title\":\"Bruna, El Musical - Petit Romea\",\"description\":\"bruna el musical al teatre petit romea de barcelona\",\"copyright\":\"https:\/\/youtu.be\/_shCptkEoOQ\",\"order\":1},{\"localizer\":\"V3SLIDE\",\"url\":\"media\/ftgalslide\/v3\/31516\/01_086_00050540\/Bruna-Petit-Romea-uai-2064x1376.jpg\",\"thumb_url\":\"media\/ftgalslide\/v3\/31516\/01_086_00050540\/Bruna-Petit-Romea-uai-2064x1376_thumb.jpg\",\"title\":\"Bruna, El Musical - Petit Romea\",\"description\":\"bruna el musical al teatre petit romea de barcelona\",\"copyright\":\"\",\"order\":2},{\"localizer\":\"V3SLIDE\",\"url\":\"media\/ftgalslide\/v3\/31516\/01_086_00050541\/Bruna_Petit-Romea-uai-2064x1376.jpg\",\"thumb_url\":\"media\/ftgalslide\/v3\/31516\/01_086_00050541\/Bruna_Petit-Romea-uai-2064x1376_thumb.jpg\",\"title\":\"Bruna, El Musical - Petit Romea\",\"description\":\"bruna el musical al teatre petit romea de barcelona\",\"copyright\":\"\",\"order\":3},{\"localizer\":\"V3CARTELL\",\"url\":\"media\/ver\/cartell\/v3\/31516\/01_085_00050542\/cartell-web-bruna-teatre-romea-barcelona.jpg\",\"thumb_url\":\"media\/ver\/cartell\/v3\/31516\/01_085_00050542\/cartell-web-bruna-teatre-romea-barcelona_thumb.jpg\",\"title\":\"Bruna, El Musical - Petit Romea\",\"description\":\"bruna el musical al teatre petit romea de barcelona\",\"copyright\":\"\",\"order\":4},{\"localizer\":\"V3PORTADA\",\"url\":\"media\/ver\/port\/v3\/3157E\/01_084_00051913\/1-bruna-petit-romea-teatre.jpg\",\"thumb_url\":\"media\/ver\/port\/v3\/3157E\/01_084_00051913\/1-bruna-petit-romea-teatre_thumb.jpg\",\"title\":\"Bruna - Petit Romea\",\"description\":\"bruna petit romea\",\"copyright\":\"\",\"order\":7}]","material__texto_intro":"","data_material":null,"data_gallery":"","data_discounts":"[]","contract_is_open":false,"in_tour":false},"yoast_head":"<!-- This site is optimized with the Yoast SEO plugin v27.5 - https:\/\/yoast.com\/product\/yoast-seo-wordpress\/ -->\n<title>Bruna, El Musical - Teatre Romea<\/title>\n<meta name=\"robots\" content=\"index, follow, max-snippet:-1, max-image-preview:large, max-video-preview:-1\" \/>\n<link rel=\"canonical\" href=\"https:\/\/www.teatreromea.cat\/ca\/ex\/bruna-el-musical\/\" \/>\n<script type=\"application\/ld+json\" class=\"yoast-schema-graph\">{\"@context\":\"https:\\\/\\\/schema.org\",\"@graph\":[{\"@type\":\"WebPage\",\"@id\":\"https:\\\/\\\/www.teatreromea.cat\\\/ca\\\/ex\\\/bruna-el-musical\\\/\",\"url\":\"https:\\\/\\\/www.teatreromea.cat\\\/ca\\\/ex\\\/bruna-el-musical\\\/\",\"name\":\"Bruna, El Musical - Teatre Romea\",\"isPartOf\":{\"@id\":\"https:\\\/\\\/www.teatreromea.cat\\\/ca\\\/#website\"},\"datePublished\":\"2020-07-02T07:49:56+00:00\",\"breadcrumb\":{\"@id\":\"https:\\\/\\\/www.teatreromea.cat\\\/ca\\\/ex\\\/bruna-el-musical\\\/#breadcrumb\"},\"inLanguage\":\"ca\",\"potentialAction\":[{\"@type\":\"ReadAction\",\"target\":[\"https:\\\/\\\/www.teatreromea.cat\\\/ca\\\/ex\\\/bruna-el-musical\\\/\"]}]},{\"@type\":\"BreadcrumbList\",\"@id\":\"https:\\\/\\\/www.teatreromea.cat\\\/ca\\\/ex\\\/bruna-el-musical\\\/#breadcrumb\",\"itemListElement\":[{\"@type\":\"ListItem\",\"position\":1,\"name\":\"Inici\",\"item\":\"https:\\\/\\\/www.teatreromea.cat\\\/ca\\\/\"},{\"@type\":\"ListItem\",\"position\":2,\"name\":\"Espectacles\",\"item\":\"https:\\\/\\\/www.teatreromea.cat\\\/ca\\\/ex\\\/\"},{\"@type\":\"ListItem\",\"position\":3,\"name\":\"Bruna, El Musical\"}]},{\"@type\":\"WebSite\",\"@id\":\"https:\\\/\\\/www.teatreromea.cat\\\/ca\\\/#website\",\"url\":\"https:\\\/\\\/www.teatreromea.cat\\\/ca\\\/\",\"name\":\"Teatre Romea\",\"description\":\"\",\"publisher\":{\"@id\":\"https:\\\/\\\/www.teatreromea.cat\\\/ca\\\/#organization\"},\"potentialAction\":[{\"@type\":\"SearchAction\",\"target\":{\"@type\":\"EntryPoint\",\"urlTemplate\":\"https:\\\/\\\/www.teatreromea.cat\\\/ca\\\/?s={search_term_string}\"},\"query-input\":{\"@type\":\"PropertyValueSpecification\",\"valueRequired\":true,\"valueName\":\"search_term_string\"}}],\"inLanguage\":\"ca\"},{\"@type\":\"Organization\",\"@id\":\"https:\\\/\\\/www.teatreromea.cat\\\/ca\\\/#organization\",\"name\":\"Teatre Romea\",\"url\":\"https:\\\/\\\/www.teatreromea.cat\\\/ca\\\/\",\"logo\":{\"@type\":\"ImageObject\",\"inLanguage\":\"ca\",\"@id\":\"https:\\\/\\\/www.teatreromea.cat\\\/ca\\\/#\\\/schema\\\/logo\\\/image\\\/\",\"url\":\"https:\\\/\\\/www.teatreromea.cat\\\/wp-content\\\/uploads\\\/sites\\\/2\\\/2017\\\/09\\\/teatre-romea-logo.svg\",\"contentUrl\":\"https:\\\/\\\/www.teatreromea.cat\\\/wp-content\\\/uploads\\\/sites\\\/2\\\/2017\\\/09\\\/teatre-romea-logo.svg\",\"width\":1,\"height\":1,\"caption\":\"Teatre Romea\"},\"image\":{\"@id\":\"https:\\\/\\\/www.teatreromea.cat\\\/ca\\\/#\\\/schema\\\/logo\\\/image\\\/\"},\"sameAs\":[\"http:\\\/\\\/www.facebook.com\\\/TeatreRomea\",\"https:\\\/\\\/x.com\\\/teatre_romea\",\"http:\\\/\\\/instagram.com\\\/teatreromea\",\"http:\\\/\\\/www.youtube.com\\\/user\\\/TeatreRomea\"]}]}<\/script>\n<!-- \/ Yoast SEO plugin. -->","yoast_head_json":{"title":"Bruna, El Musical - Teatre Romea","robots":{"index":"index","follow":"follow","max-snippet":"max-snippet:-1","max-image-preview":"max-image-preview:large","max-video-preview":"max-video-preview:-1"},"canonical":"https:\/\/www.teatreromea.cat\/ca\/ex\/bruna-el-musical\/","schema":{"@context":"https:\/\/schema.org","@graph":[{"@type":"WebPage","@id":"https:\/\/www.teatreromea.cat\/ca\/ex\/bruna-el-musical\/","url":"https:\/\/www.teatreromea.cat\/ca\/ex\/bruna-el-musical\/","name":"Bruna, El Musical - Teatre Romea","isPartOf":{"@id":"https:\/\/www.teatreromea.cat\/ca\/#website"},"datePublished":"2020-07-02T07:49:56+00:00","breadcrumb":{"@id":"https:\/\/www.teatreromea.cat\/ca\/ex\/bruna-el-musical\/#breadcrumb"},"inLanguage":"ca","potentialAction":[{"@type":"ReadAction","target":["https:\/\/www.teatreromea.cat\/ca\/ex\/bruna-el-musical\/"]}]},{"@type":"BreadcrumbList","@id":"https:\/\/www.teatreromea.cat\/ca\/ex\/bruna-el-musical\/#breadcrumb","itemListElement":[{"@type":"ListItem","position":1,"name":"Inici","item":"https:\/\/www.teatreromea.cat\/ca\/"},{"@type":"ListItem","position":2,"name":"Espectacles","item":"https:\/\/www.teatreromea.cat\/ca\/ex\/"},{"@type":"ListItem","position":3,"name":"Bruna, El Musical"}]},{"@type":"WebSite","@id":"https:\/\/www.teatreromea.cat\/ca\/#website","url":"https:\/\/www.teatreromea.cat\/ca\/","name":"Teatre Romea","description":"","publisher":{"@id":"https:\/\/www.teatreromea.cat\/ca\/#organization"},"potentialAction":[{"@type":"SearchAction","target":{"@type":"EntryPoint","urlTemplate":"https:\/\/www.teatreromea.cat\/ca\/?s={search_term_string}"},"query-input":{"@type":"PropertyValueSpecification","valueRequired":true,"valueName":"search_term_string"}}],"inLanguage":"ca"},{"@type":"Organization","@id":"https:\/\/www.teatreromea.cat\/ca\/#organization","name":"Teatre Romea","url":"https:\/\/www.teatreromea.cat\/ca\/","logo":{"@type":"ImageObject","inLanguage":"ca","@id":"https:\/\/www.teatreromea.cat\/ca\/#\/schema\/logo\/image\/","url":"https:\/\/www.teatreromea.cat\/wp-content\/uploads\/sites\/2\/2017\/09\/teatre-romea-logo.svg","contentUrl":"https:\/\/www.teatreromea.cat\/wp-content\/uploads\/sites\/2\/2017\/09\/teatre-romea-logo.svg","width":1,"height":1,"caption":"Teatre Romea"},"image":{"@id":"https:\/\/www.teatreromea.cat\/ca\/#\/schema\/logo\/image\/"},"sameAs":["http:\/\/www.facebook.com\/TeatreRomea","https:\/\/x.com\/teatre_romea","http:\/\/instagram.com\/teatreromea","http:\/\/www.youtube.com\/user\/TeatreRomea"]}]}},"translations":[{"id":9920,"locale":"ca"},{"id":10284,"locale":"es"}],"_links":{"self":[{"href":"https:\/\/www.teatreromea.cat\/ca\/wp-json\/wp\/v2\/ex\/9920","targetHints":{"allow":["GET"]}}],"collection":[{"href":"https:\/\/www.teatreromea.cat\/ca\/wp-json\/wp\/v2\/ex"}],"about":[{"href":"https:\/\/www.teatreromea.cat\/ca\/wp-json\/wp\/v2\/types\/ex"}],"author":[{"embeddable":true,"href":"https:\/\/www.teatreromea.cat\/ca\/wp-json\/wp\/v2\/users\/2"}],"replies":[{"embeddable":true,"href":"https:\/\/www.teatreromea.cat\/ca\/wp-json\/wp\/v2\/comments?post=9920"}],"acf:term":[{"embeddable":true,"taxonomy":"season","href":"https:\/\/www.teatreromea.cat\/ca\/wp-json\/wp\/v2\/season\/126"}],"wp:attachment":[{"href":"https:\/\/www.teatreromea.cat\/ca\/wp-json\/wp\/v2\/media?parent=9920"}],"curies":[{"name":"wp","href":"https:\/\/api.w.org\/{rel}","templated":true}]}}

<p>Ambientada als anys ‘90, la Bruna, una nena d’onze anys ha de fer un treball d’escola sobre la seva àvia. Realitzar-lo no és una tasca fàcil per la Bruna, ja que la seva àvia, amb cert grau de demència, no la pot ajudar massa. Mentrestant la seva mare, molt enfeinada i sola en la família, ha de gestionar la vida de la Bruna, la de l’àvia i la de l’empresa on treballa. L’Eric, l’amic de la Bruna, sembla tenir una vida plena amb la seva família i això fa estar neguitosa a la Bruna que també vol viure una vida plena amb la seva mare.<br /><br />En el passat veiem la Quima, l’àvia de la Bruna de petita i com aquesta té tants amics que juguen a jocs molt diferents dels actuals. La Pitu, la millor amiga de la Quima, tan diferents socialment però tan iguals sentimentalment, serà la part principal de la investigació de la Bruna per enllestir el treball.<br /><br />BRUNA és un projecte de teatre comunitari que neix al poble d’Ullastrell. Un viatge a través del temps i a través de moltes vivències que de ben segur que han estat presents a moltes famílies d’aquest país. BRUNA neix de la necessitat d’homenatjar als nostres avis i àvies que van viure i sobreviure la guerra civil. Un record a totes les seves lluites silenciades que han fet que avui en dia podem ser qui som i expressar-nos lliurement gràcies a l’art.<br /></p>

<p>Idea original i direcció: <strong>Mateu Peramiquel</strong> i <strong>Mar Puig</strong><br />Guió: <strong>Mar Puig</strong><br />Música i lletres: <strong>Mateu Peramiquel</strong><br />Intèrprets:<strong> Mariona Lleonart, Ona Puig, Laia Pastor, Maria Font, Neus sararich, Bruno Villareal, Laia Call, Martina Call, Marta Serra, Jana Palet, Hannah Pérez, Agnès Font, Bernat Carreras, Queralt Puig, Oriol Simó, Daniel Sucarrats, Vinyet Morral, Ton Carreras i Caterina Palet.<br /></strong><br />Coreografies: <strong>Ceci Montanyà</strong><br />L’espectacle té música en directe:<br />Piano: <strong>Mateu Peramiquel</strong><br />Percussió: <strong>Iñaqui De La Linde</strong><br />Violoncel: <strong>Núria Conangla</strong></p>
<p>Producció:<strong> WeColorMusic </strong>i<strong> GATU</strong></p>
