{"id":9697,"date":"2017-09-07T13:26:14","date_gmt":"2017-09-07T11:26:14","guid":{"rendered":"https:\/\/pre.teatreromea.cat\/ex\/\/la-strada\/"},"modified":"2017-09-07T13:26:14","modified_gmt":"2017-09-07T11:26:14","slug":"la-strada","status":"publish","type":"ex","link":"https:\/\/www.teatreromea.cat\/ca\/ex\/la-strada\/","title":{"rendered":"La strada"},"content":{"rendered":"","protected":false},"excerpt":{"rendered":"","protected":false},"author":2,"featured_media":0,"comment_status":"closed","ping_status":"open","template":"","class_list":["post-9697","ex","type-ex","status-publish","hentry","season-2005-06"],"acf":{"txt_synopsis":"<p align=\"justify\">El for\u00e7ut Zampan\u00f3 compra Gessamina a la seva mare i se l'emporta pels pobles com a companya art\u00edstica, despr\u00e9s d'instruir-la en l'ofici de la far\u00e0ndula. De mica en mica es converteix en la seva dona. La seva vida transcorre s\u00f2rdida i rutin\u00e0ria fins que Gessamina coneix el <em>Foll<\/em>, un fun\u00e0mbul-m\u00fasic amb un talent i un poder de seducci\u00f3 immens que confia en les possibilitats art\u00edstiques de Gessamina.<br \/>El <em>Foll <\/em>i Zampan\u00f3 ja es coneixen. Unes circumst\u00e0ncies misterioses del passat semblen haver creat una terrible rivalitat entre ells dos. El <em>Foll<\/em> s'ho passa b\u00e9 burlant-se de Zampan\u00f3, cosa que&nbsp; provoca que l'odi d'aquest augmenti. Aqu\u00ed s'hi barreja la gelosia que es va apoderant de Zampan\u00f3 a mesura que Gessamina i el <em>Foll <\/em>van intimant. Tots aquests aspectes propiciaran la trag\u00e8dia.<br \/><br \/>\"Strada\" vol dir carretera.<br \/>La carretera \u00e9s el paisatge on es desenvolupa la hist\u00f2ria de Zampan\u00f3, Gessamina i el <em>Foll<\/em>. Tots tres formen part del m\u00f3n de la far\u00e0ndula.<br \/>Per\u00f2 la carretera, a m\u00e9s a m\u00e9s d'un espai f\u00edsic, \u00e9s un espai que implica un viatge espiritual on tots ells han dipositat una esperan\u00e7a.<br \/>Cada nou horitz\u00f3, cada nova ciutat, cada nova funci\u00f3 pot significar la realitzaci\u00f3 d'un somni que permeti escapar de la lletja realitat.<\/p>","main_buy_link":"#","main_buy_links":"","group_buy_link":"","show_language":"","show_duration":"","show_start_date":"20060810000000","show_end_date":"20060826000000","show_sort_date":"20060810000000","txt_custom_show_dates":"del 10 al 26 d'agost de 2006","show_disciplines":"","show_ultimes_funcions":false,"hide_tarifes_especials":false,"show_properament":false,"txt_additional_info":"","txt_present":"","show_season":[136],"txt_season":"[\"2005\/06\"]","txt_cycle":"","txt_claim":"","txt_cast_excerpt":"","txt_cast":"","txt_reviews":"","hashtag":"","have_promo":"","slogan":"","id_exhibicio":275,"id_versio":275,"id_local":1,"txt_seo_desc":"","data_images":"[{\"localizer\":\"WAVERPORTADA\",\"url\":\"media\/archivos\/HIDDEN_128_275_IMATGE_CARTELL_G_sinopsis_gran.jpg\",\"thumb_url\":\"media\/archivos\/HIDDEN_128_275_IMATGE_CARTELL_P_sinopsis_petita.jpg\",\"title\":\"Portada\",\"description\":\"\",\"copyright\":\"\",\"order\":1},{\"localizer\":\"WAVERIMGESPEC\",\"url\":\"media\/archivos\/HIDDEN_149_846_IMATGE_G_imatge_gran_cartell.jpg\",\"thumb_url\":\"media\/archivos\/HIDDEN_149_846_IMATGE_P_imatge_petita_cartell.jpg\",\"title\":\" \",\"description\":\"\",\"copyright\":\"\",\"order\":1},{\"localizer\":\"WAVERIMGESPEC\",\"url\":\"media\/archivos\/HIDDEN_149_845_IMATGE_G_imatge_gran_1.jpg\",\"thumb_url\":\"media\/archivos\/HIDDEN_149_845_IMATGE_P_imatge_petita_1.jpg\",\"title\":\" \",\"description\":\"\",\"copyright\":\"\",\"order\":2},{\"localizer\":\"WAVERIMGESPEC\",\"url\":\"media\/archivos\/HIDDEN_149_850_IMATGE_G_imatge_gran_03.jpg\",\"thumb_url\":\"media\/archivos\/HIDDEN_149_850_IMATGE_P_imatge_petita_03.jpg\",\"title\":\"Gemma Miralda \/ L'Alegria\",\"description\":\"\",\"copyright\":\"\",\"order\":3},{\"localizer\":\"WAVERIMGESPEC\",\"url\":\"media\/archivos\/HIDDEN_149_851_IMATGE_G_imatge_gran_04.jpg\",\"thumb_url\":\"media\/archivos\/HIDDEN_149_851_IMATGE_P_imatge_petita_04.jpg\",\"title\":\"Gemma Miralda \/ L'Alegria\",\"description\":\"\",\"copyright\":\"\",\"order\":4},{\"localizer\":\"WAVERIMGESPEC\",\"url\":\"media\/archivos\/HIDDEN_149_852_IMATGE_G_imatge_gran_05.jpg\",\"thumb_url\":\"media\/archivos\/HIDDEN_149_852_IMATGE_P_imatge_petita_05.jpg\",\"title\":\"Gemma Miralda \/ L'Alegria\",\"description\":\"\",\"copyright\":\"\",\"order\":5},{\"localizer\":\"WAVERIMGESPEC\",\"url\":\"media\/archivos\/HIDDEN_149_853_IMATGE_G_imatge_gran_06.jpg\",\"thumb_url\":\"media\/archivos\/HIDDEN_149_853_IMATGE_P_imatge_petita_06.jpg\",\"title\":\"Gemma Miralda \/ L'Alegria\",\"description\":\"\",\"copyright\":\"\",\"order\":6},{\"localizer\":\"WAVERIMGESPEC\",\"url\":\"media\/archivos\/HIDDEN_149_854_IMATGE_G_imatge_gran_07.jpg\",\"thumb_url\":\"media\/archivos\/HIDDEN_149_854_IMATGE_P_imatge_petita_07.jpg\",\"title\":\"Gemma Miralda \/ L'Alegria\",\"description\":\"\",\"copyright\":\"\",\"order\":7},{\"localizer\":\"WAVERIMGESPEC\",\"url\":\"media\/archivos\/HIDDEN_149_855_IMATGE_G_imatge_gran_08.jpg\",\"thumb_url\":\"media\/archivos\/HIDDEN_149_855_IMATGE_P_imatge_petita_08.jpg\",\"title\":\"Gemma Miralda \/ L'Alegria\",\"description\":\"\",\"copyright\":\"\",\"order\":8}]","material__texto_intro":"","data_material":null,"data_gallery":"","data_discounts":"[]","contract_is_open":false,"in_tour":false},"yoast_head":"<!-- This site is optimized with the Yoast SEO plugin v27.5 - https:\/\/yoast.com\/product\/yoast-seo-wordpress\/ -->\n<title>La strada - Teatre Romea<\/title>\n<meta name=\"robots\" content=\"index, follow, max-snippet:-1, max-image-preview:large, max-video-preview:-1\" \/>\n<link rel=\"canonical\" href=\"https:\/\/www.teatreromea.cat\/ca\/ex\/la-strada\/\" \/>\n<script type=\"application\/ld+json\" class=\"yoast-schema-graph\">{\"@context\":\"https:\\\/\\\/schema.org\",\"@graph\":[{\"@type\":\"WebPage\",\"@id\":\"https:\\\/\\\/www.teatreromea.cat\\\/ca\\\/ex\\\/la-strada\\\/\",\"url\":\"https:\\\/\\\/www.teatreromea.cat\\\/ca\\\/ex\\\/la-strada\\\/\",\"name\":\"La strada - Teatre Romea\",\"isPartOf\":{\"@id\":\"https:\\\/\\\/www.teatreromea.cat\\\/ca\\\/#website\"},\"datePublished\":\"2017-09-07T11:26:14+00:00\",\"breadcrumb\":{\"@id\":\"https:\\\/\\\/www.teatreromea.cat\\\/ca\\\/ex\\\/la-strada\\\/#breadcrumb\"},\"inLanguage\":\"ca\",\"potentialAction\":[{\"@type\":\"ReadAction\",\"target\":[\"https:\\\/\\\/www.teatreromea.cat\\\/ca\\\/ex\\\/la-strada\\\/\"]}]},{\"@type\":\"BreadcrumbList\",\"@id\":\"https:\\\/\\\/www.teatreromea.cat\\\/ca\\\/ex\\\/la-strada\\\/#breadcrumb\",\"itemListElement\":[{\"@type\":\"ListItem\",\"position\":1,\"name\":\"Inici\",\"item\":\"https:\\\/\\\/www.teatreromea.cat\\\/ca\\\/\"},{\"@type\":\"ListItem\",\"position\":2,\"name\":\"Espectacles\",\"item\":\"https:\\\/\\\/www.teatreromea.cat\\\/ca\\\/ex\\\/\"},{\"@type\":\"ListItem\",\"position\":3,\"name\":\"La strada\"}]},{\"@type\":\"WebSite\",\"@id\":\"https:\\\/\\\/www.teatreromea.cat\\\/ca\\\/#website\",\"url\":\"https:\\\/\\\/www.teatreromea.cat\\\/ca\\\/\",\"name\":\"Teatre Romea\",\"description\":\"\",\"publisher\":{\"@id\":\"https:\\\/\\\/www.teatreromea.cat\\\/ca\\\/#organization\"},\"potentialAction\":[{\"@type\":\"SearchAction\",\"target\":{\"@type\":\"EntryPoint\",\"urlTemplate\":\"https:\\\/\\\/www.teatreromea.cat\\\/ca\\\/?s={search_term_string}\"},\"query-input\":{\"@type\":\"PropertyValueSpecification\",\"valueRequired\":true,\"valueName\":\"search_term_string\"}}],\"inLanguage\":\"ca\"},{\"@type\":\"Organization\",\"@id\":\"https:\\\/\\\/www.teatreromea.cat\\\/ca\\\/#organization\",\"name\":\"Teatre Romea\",\"url\":\"https:\\\/\\\/www.teatreromea.cat\\\/ca\\\/\",\"logo\":{\"@type\":\"ImageObject\",\"inLanguage\":\"ca\",\"@id\":\"https:\\\/\\\/www.teatreromea.cat\\\/ca\\\/#\\\/schema\\\/logo\\\/image\\\/\",\"url\":\"https:\\\/\\\/www.teatreromea.cat\\\/wp-content\\\/uploads\\\/sites\\\/2\\\/2017\\\/09\\\/teatre-romea-logo.svg\",\"contentUrl\":\"https:\\\/\\\/www.teatreromea.cat\\\/wp-content\\\/uploads\\\/sites\\\/2\\\/2017\\\/09\\\/teatre-romea-logo.svg\",\"width\":1,\"height\":1,\"caption\":\"Teatre Romea\"},\"image\":{\"@id\":\"https:\\\/\\\/www.teatreromea.cat\\\/ca\\\/#\\\/schema\\\/logo\\\/image\\\/\"},\"sameAs\":[\"http:\\\/\\\/www.facebook.com\\\/TeatreRomea\",\"https:\\\/\\\/x.com\\\/teatre_romea\",\"http:\\\/\\\/instagram.com\\\/teatreromea\",\"http:\\\/\\\/www.youtube.com\\\/user\\\/TeatreRomea\"]}]}<\/script>\n<!-- \/ Yoast SEO plugin. -->","yoast_head_json":{"title":"La strada - Teatre Romea","robots":{"index":"index","follow":"follow","max-snippet":"max-snippet:-1","max-image-preview":"max-image-preview:large","max-video-preview":"max-video-preview:-1"},"canonical":"https:\/\/www.teatreromea.cat\/ca\/ex\/la-strada\/","schema":{"@context":"https:\/\/schema.org","@graph":[{"@type":"WebPage","@id":"https:\/\/www.teatreromea.cat\/ca\/ex\/la-strada\/","url":"https:\/\/www.teatreromea.cat\/ca\/ex\/la-strada\/","name":"La strada - Teatre Romea","isPartOf":{"@id":"https:\/\/www.teatreromea.cat\/ca\/#website"},"datePublished":"2017-09-07T11:26:14+00:00","breadcrumb":{"@id":"https:\/\/www.teatreromea.cat\/ca\/ex\/la-strada\/#breadcrumb"},"inLanguage":"ca","potentialAction":[{"@type":"ReadAction","target":["https:\/\/www.teatreromea.cat\/ca\/ex\/la-strada\/"]}]},{"@type":"BreadcrumbList","@id":"https:\/\/www.teatreromea.cat\/ca\/ex\/la-strada\/#breadcrumb","itemListElement":[{"@type":"ListItem","position":1,"name":"Inici","item":"https:\/\/www.teatreromea.cat\/ca\/"},{"@type":"ListItem","position":2,"name":"Espectacles","item":"https:\/\/www.teatreromea.cat\/ca\/ex\/"},{"@type":"ListItem","position":3,"name":"La strada"}]},{"@type":"WebSite","@id":"https:\/\/www.teatreromea.cat\/ca\/#website","url":"https:\/\/www.teatreromea.cat\/ca\/","name":"Teatre Romea","description":"","publisher":{"@id":"https:\/\/www.teatreromea.cat\/ca\/#organization"},"potentialAction":[{"@type":"SearchAction","target":{"@type":"EntryPoint","urlTemplate":"https:\/\/www.teatreromea.cat\/ca\/?s={search_term_string}"},"query-input":{"@type":"PropertyValueSpecification","valueRequired":true,"valueName":"search_term_string"}}],"inLanguage":"ca"},{"@type":"Organization","@id":"https:\/\/www.teatreromea.cat\/ca\/#organization","name":"Teatre Romea","url":"https:\/\/www.teatreromea.cat\/ca\/","logo":{"@type":"ImageObject","inLanguage":"ca","@id":"https:\/\/www.teatreromea.cat\/ca\/#\/schema\/logo\/image\/","url":"https:\/\/www.teatreromea.cat\/wp-content\/uploads\/sites\/2\/2017\/09\/teatre-romea-logo.svg","contentUrl":"https:\/\/www.teatreromea.cat\/wp-content\/uploads\/sites\/2\/2017\/09\/teatre-romea-logo.svg","width":1,"height":1,"caption":"Teatre Romea"},"image":{"@id":"https:\/\/www.teatreromea.cat\/ca\/#\/schema\/logo\/image\/"},"sameAs":["http:\/\/www.facebook.com\/TeatreRomea","https:\/\/x.com\/teatre_romea","http:\/\/instagram.com\/teatreromea","http:\/\/www.youtube.com\/user\/TeatreRomea"]}]}},"translations":[{"id":9697,"locale":"ca"},{"id":10061,"locale":"es"}],"_links":{"self":[{"href":"https:\/\/www.teatreromea.cat\/ca\/wp-json\/wp\/v2\/ex\/9697","targetHints":{"allow":["GET"]}}],"collection":[{"href":"https:\/\/www.teatreromea.cat\/ca\/wp-json\/wp\/v2\/ex"}],"about":[{"href":"https:\/\/www.teatreromea.cat\/ca\/wp-json\/wp\/v2\/types\/ex"}],"author":[{"embeddable":true,"href":"https:\/\/www.teatreromea.cat\/ca\/wp-json\/wp\/v2\/users\/2"}],"replies":[{"embeddable":true,"href":"https:\/\/www.teatreromea.cat\/ca\/wp-json\/wp\/v2\/comments?post=9697"}],"acf:term":[{"embeddable":true,"taxonomy":"season","href":"https:\/\/www.teatreromea.cat\/ca\/wp-json\/wp\/v2\/season\/136"}],"wp:attachment":[{"href":"https:\/\/www.teatreromea.cat\/ca\/wp-json\/wp\/v2\/media?parent=9697"}],"curies":[{"name":"wp","href":"https:\/\/api.w.org\/{rel}","templated":true}]}}

<p align="justify">El forçut Zampanó compra Gessamina a la seva mare i se l'emporta pels pobles com a companya artística, després d'instruir-la en l'ofici de la faràndula. De mica en mica es converteix en la seva dona. La seva vida transcorre sòrdida i rutinària fins que Gessamina coneix el <em>Foll</em>, un funàmbul-músic amb un talent i un poder de seducció immens que confia en les possibilitats artístiques de Gessamina.<br />El <em>Foll </em>i Zampanó ja es coneixen. Unes circumstàncies misterioses del passat semblen haver creat una terrible rivalitat entre ells dos. El <em>Foll</em> s'ho passa bé burlant-se de Zampanó, cosa que&nbsp; provoca que l'odi d'aquest augmenti. Aquí s'hi barreja la gelosia que es va apoderant de Zampanó a mesura que Gessamina i el <em>Foll </em>van intimant. Tots aquests aspectes propiciaran la tragèdia.<br /><br />"Strada" vol dir carretera.<br />La carretera és el paisatge on es desenvolupa la història de Zampanó, Gessamina i el <em>Foll</em>. Tots tres formen part del món de la faràndula.<br />Però la carretera, a més a més d'un espai físic, és un espai que implica un viatge espiritual on tots ells han dipositat una esperança.<br />Cada nou horitzó, cada nova ciutat, cada nova funció pot significar la realització d'un somni que permeti escapar de la lletja realitat.</p>
