{"id":9682,"date":"2017-09-07T13:26:03","date_gmt":"2017-09-07T11:26:03","guid":{"rendered":"https:\/\/pre.teatreromea.cat\/ex\/\/la-verdad-de-las-mentiras\/"},"modified":"2017-09-07T13:26:03","modified_gmt":"2017-09-07T11:26:03","slug":"la-verdad-de-las-mentiras","status":"publish","type":"ex","link":"https:\/\/www.teatreromea.cat\/ca\/ex\/la-verdad-de-las-mentiras\/","title":{"rendered":"La verdad de las mentiras"},"content":{"rendered":"","protected":false},"excerpt":{"rendered":"","protected":false},"author":2,"featured_media":0,"comment_status":"closed","ping_status":"open","template":"","class_list":["post-9682","ex","type-ex","status-publish","hentry","season-2005-06"],"acf":{"txt_synopsis":"<p align=\"justify\">Aquesta \u00e9s una oportunitat \u00fanica de gaudir de dos talents, com Mario Vargas Llosa i Aitana S\u00e1nchez-Gij\u00f3n, junts a l'escenari. L'escriptor i l'actriu interpretaran conjuntament <em>La verdad de las mentiras<\/em>, un espectacle basat en contes de la literatura universal d'autors com Dinesen, Borges i Cort\u00e1zar. L'obra forma part del programa d'actes i activitats organitzats per L'any del Llibre i la Lectura i compta amb el suport de la Fundaci\u00f3 Romea.<\/p>","main_buy_link":"#","main_buy_links":"","group_buy_link":"","show_language":"","show_duration":"","show_start_date":"20051005000000","show_end_date":"20051006000000","show_sort_date":"20051005000000","txt_custom_show_dates":"del 5 al 6 d'octubre de 2005","show_disciplines":"","show_ultimes_funcions":false,"hide_tarifes_especials":false,"show_properament":false,"txt_additional_info":"","txt_present":"","show_season":[136],"txt_season":"[\"2005\/06\"]","txt_cycle":"","txt_claim":"","txt_cast_excerpt":"","txt_cast":"","txt_reviews":"","hashtag":"","have_promo":"","slogan":"","id_exhibicio":234,"id_versio":234,"id_local":1,"txt_seo_desc":"","data_images":"[{\"localizer\":\"WAVERPORTADA\",\"url\":\"media\/archivos\/HIDDEN_128_234_IMATGE_CARTELL_G_cartel.jpg\",\"thumb_url\":\"media\/archivos\/HIDDEN_128_234_IMATGE_CARTELL_P_cartelp.jpg\",\"title\":\"Portada\",\"description\":\"\",\"copyright\":\"\",\"order\":1},{\"localizer\":\"WAVERIMGESPEC\",\"url\":\"media\/archivos\/HIDDEN_149_562_IMATGE_G_1.jpg\",\"thumb_url\":\"media\/archivos\/HIDDEN_149_562_IMATGE_P_1p.jpg\",\"title\":\"Foto: David Ruano\",\"description\":\"\",\"copyright\":\"\",\"order\":1},{\"localizer\":\"WAVERIMGESPEC\",\"url\":\"media\/archivos\/HIDDEN_149_563_IMATGE_G_2.jpg\",\"thumb_url\":\"media\/archivos\/HIDDEN_149_563_IMATGE_P_2p.jpg\",\"title\":\"Foto: David Ruano\",\"description\":\"\",\"copyright\":\"\",\"order\":2},{\"localizer\":\"WAVERIMGESPEC\",\"url\":\"media\/archivos\/HIDDEN_149_564_IMATGE_G_3.jpg\",\"thumb_url\":\"media\/archivos\/HIDDEN_149_564_IMATGE_P_3p.jpg\",\"title\":\"Foto: David Ruano\",\"description\":\"\",\"copyright\":\"\",\"order\":3},{\"localizer\":\"WAVERIMGESPEC\",\"url\":\"media\/archivos\/HIDDEN_149_565_IMATGE_G_4.jpg\",\"thumb_url\":\"media\/archivos\/HIDDEN_149_565_IMATGE_P_4p.jpg\",\"title\":\"Foto: David Ruano\",\"description\":\"\",\"copyright\":\"\",\"order\":4},{\"localizer\":\"WAVERIMGESPEC\",\"url\":\"media\/archivos\/HIDDEN_149_566_IMATGE_G_5.jpg\",\"thumb_url\":\"media\/archivos\/HIDDEN_149_566_IMATGE_P_5p.jpg\",\"title\":\"Foto: David Ruano\",\"description\":\"\",\"copyright\":\"\",\"order\":5},{\"localizer\":\"WAVERIMGESPEC\",\"url\":\"media\/archivos\/HIDDEN_149_567_IMATGE_G_6.jpg\",\"thumb_url\":\"media\/archivos\/HIDDEN_149_567_IMATGE_P_6p.jpg\",\"title\":\"Foto: David Ruano\",\"description\":\"\",\"copyright\":\"\",\"order\":6},{\"localizer\":\"V2SLIDE\",\"url\":\"media\/ftgalslide\/312BA\/01_076_00028585\/verdad00.jpg\",\"thumb_url\":\"media\/ftgalslide\/312BA\/01_076_00028585\/verdad00_thumb.jpg\",\"title\":\"La verdad de las mentiras\",\"description\":\" \",\"copyright\":\"\",\"order\":7},{\"localizer\":\"V2SLIDE\",\"url\":\"media\/ftgalslide\/312BA\/01_076_00028586\/verdad01.jpg\",\"thumb_url\":\"media\/ftgalslide\/312BA\/01_076_00028586\/verdad01_thumb.jpg\",\"title\":\"La verdad de las mentiras\",\"description\":\" \",\"copyright\":\"\",\"order\":8},{\"localizer\":\"V2SLIDE\",\"url\":\"media\/ftgalslide\/312BA\/01_076_00028587\/verdad03.jpg\",\"thumb_url\":\"media\/ftgalslide\/312BA\/01_076_00028587\/verdad03_thumb.jpg\",\"title\":\"La verdad de las mentiras\",\"description\":\" \",\"copyright\":\"\",\"order\":9},{\"localizer\":\"V2SLIDE\",\"url\":\"media\/ftgalslide\/312BA\/01_076_00028588\/verdad02.jpg\",\"thumb_url\":\"media\/ftgalslide\/312BA\/01_076_00028588\/verdad02_thumb.jpg\",\"title\":\"La verdad de las mentiras\",\"description\":\" \",\"copyright\":\"\",\"order\":10},{\"localizer\":\"V2SLIDE\",\"url\":\"media\/ftgalslide\/312BA\/01_076_00028589\/verdad04.jpg\",\"thumb_url\":\"media\/ftgalslide\/312BA\/01_076_00028589\/verdad04_thumb.jpg\",\"title\":\"La verdad de las mentiras\",\"description\":\" \",\"copyright\":\"\",\"order\":11},{\"localizer\":\"V2SLIDE\",\"url\":\"media\/ftgalslide\/312BA\/01_076_00028590\/verdad05.jpg\",\"thumb_url\":\"media\/ftgalslide\/312BA\/01_076_00028590\/verdad05_thumb.jpg\",\"title\":\"La verdad de las mentiras\",\"description\":\" \",\"copyright\":\"\",\"order\":12}]","material__texto_intro":"","data_material":null,"data_gallery":"","data_discounts":"[]","contract_is_open":false,"in_tour":false},"yoast_head":"<!-- This site is optimized with the Yoast SEO plugin v27.5 - https:\/\/yoast.com\/product\/yoast-seo-wordpress\/ -->\n<title>La verdad de las mentiras - Teatre Romea<\/title>\n<meta name=\"robots\" content=\"index, follow, max-snippet:-1, max-image-preview:large, max-video-preview:-1\" \/>\n<link rel=\"canonical\" href=\"https:\/\/www.teatreromea.cat\/ca\/ex\/la-verdad-de-las-mentiras\/\" \/>\n<script type=\"application\/ld+json\" class=\"yoast-schema-graph\">{\"@context\":\"https:\\\/\\\/schema.org\",\"@graph\":[{\"@type\":\"WebPage\",\"@id\":\"https:\\\/\\\/www.teatreromea.cat\\\/ca\\\/ex\\\/la-verdad-de-las-mentiras\\\/\",\"url\":\"https:\\\/\\\/www.teatreromea.cat\\\/ca\\\/ex\\\/la-verdad-de-las-mentiras\\\/\",\"name\":\"La verdad de las mentiras - Teatre Romea\",\"isPartOf\":{\"@id\":\"https:\\\/\\\/www.teatreromea.cat\\\/ca\\\/#website\"},\"datePublished\":\"2017-09-07T11:26:03+00:00\",\"breadcrumb\":{\"@id\":\"https:\\\/\\\/www.teatreromea.cat\\\/ca\\\/ex\\\/la-verdad-de-las-mentiras\\\/#breadcrumb\"},\"inLanguage\":\"ca\",\"potentialAction\":[{\"@type\":\"ReadAction\",\"target\":[\"https:\\\/\\\/www.teatreromea.cat\\\/ca\\\/ex\\\/la-verdad-de-las-mentiras\\\/\"]}]},{\"@type\":\"BreadcrumbList\",\"@id\":\"https:\\\/\\\/www.teatreromea.cat\\\/ca\\\/ex\\\/la-verdad-de-las-mentiras\\\/#breadcrumb\",\"itemListElement\":[{\"@type\":\"ListItem\",\"position\":1,\"name\":\"Inici\",\"item\":\"https:\\\/\\\/www.teatreromea.cat\\\/ca\\\/\"},{\"@type\":\"ListItem\",\"position\":2,\"name\":\"Espectacles\",\"item\":\"https:\\\/\\\/www.teatreromea.cat\\\/ca\\\/ex\\\/\"},{\"@type\":\"ListItem\",\"position\":3,\"name\":\"La verdad de las mentiras\"}]},{\"@type\":\"WebSite\",\"@id\":\"https:\\\/\\\/www.teatreromea.cat\\\/ca\\\/#website\",\"url\":\"https:\\\/\\\/www.teatreromea.cat\\\/ca\\\/\",\"name\":\"Teatre Romea\",\"description\":\"\",\"publisher\":{\"@id\":\"https:\\\/\\\/www.teatreromea.cat\\\/ca\\\/#organization\"},\"potentialAction\":[{\"@type\":\"SearchAction\",\"target\":{\"@type\":\"EntryPoint\",\"urlTemplate\":\"https:\\\/\\\/www.teatreromea.cat\\\/ca\\\/?s={search_term_string}\"},\"query-input\":{\"@type\":\"PropertyValueSpecification\",\"valueRequired\":true,\"valueName\":\"search_term_string\"}}],\"inLanguage\":\"ca\"},{\"@type\":\"Organization\",\"@id\":\"https:\\\/\\\/www.teatreromea.cat\\\/ca\\\/#organization\",\"name\":\"Teatre Romea\",\"url\":\"https:\\\/\\\/www.teatreromea.cat\\\/ca\\\/\",\"logo\":{\"@type\":\"ImageObject\",\"inLanguage\":\"ca\",\"@id\":\"https:\\\/\\\/www.teatreromea.cat\\\/ca\\\/#\\\/schema\\\/logo\\\/image\\\/\",\"url\":\"https:\\\/\\\/www.teatreromea.cat\\\/wp-content\\\/uploads\\\/sites\\\/2\\\/2017\\\/09\\\/teatre-romea-logo.svg\",\"contentUrl\":\"https:\\\/\\\/www.teatreromea.cat\\\/wp-content\\\/uploads\\\/sites\\\/2\\\/2017\\\/09\\\/teatre-romea-logo.svg\",\"width\":1,\"height\":1,\"caption\":\"Teatre Romea\"},\"image\":{\"@id\":\"https:\\\/\\\/www.teatreromea.cat\\\/ca\\\/#\\\/schema\\\/logo\\\/image\\\/\"},\"sameAs\":[\"http:\\\/\\\/www.facebook.com\\\/TeatreRomea\",\"https:\\\/\\\/x.com\\\/teatre_romea\",\"http:\\\/\\\/instagram.com\\\/teatreromea\",\"http:\\\/\\\/www.youtube.com\\\/user\\\/TeatreRomea\"]}]}<\/script>\n<!-- \/ Yoast SEO plugin. -->","yoast_head_json":{"title":"La verdad de las mentiras - Teatre Romea","robots":{"index":"index","follow":"follow","max-snippet":"max-snippet:-1","max-image-preview":"max-image-preview:large","max-video-preview":"max-video-preview:-1"},"canonical":"https:\/\/www.teatreromea.cat\/ca\/ex\/la-verdad-de-las-mentiras\/","schema":{"@context":"https:\/\/schema.org","@graph":[{"@type":"WebPage","@id":"https:\/\/www.teatreromea.cat\/ca\/ex\/la-verdad-de-las-mentiras\/","url":"https:\/\/www.teatreromea.cat\/ca\/ex\/la-verdad-de-las-mentiras\/","name":"La verdad de las mentiras - Teatre Romea","isPartOf":{"@id":"https:\/\/www.teatreromea.cat\/ca\/#website"},"datePublished":"2017-09-07T11:26:03+00:00","breadcrumb":{"@id":"https:\/\/www.teatreromea.cat\/ca\/ex\/la-verdad-de-las-mentiras\/#breadcrumb"},"inLanguage":"ca","potentialAction":[{"@type":"ReadAction","target":["https:\/\/www.teatreromea.cat\/ca\/ex\/la-verdad-de-las-mentiras\/"]}]},{"@type":"BreadcrumbList","@id":"https:\/\/www.teatreromea.cat\/ca\/ex\/la-verdad-de-las-mentiras\/#breadcrumb","itemListElement":[{"@type":"ListItem","position":1,"name":"Inici","item":"https:\/\/www.teatreromea.cat\/ca\/"},{"@type":"ListItem","position":2,"name":"Espectacles","item":"https:\/\/www.teatreromea.cat\/ca\/ex\/"},{"@type":"ListItem","position":3,"name":"La verdad de las mentiras"}]},{"@type":"WebSite","@id":"https:\/\/www.teatreromea.cat\/ca\/#website","url":"https:\/\/www.teatreromea.cat\/ca\/","name":"Teatre Romea","description":"","publisher":{"@id":"https:\/\/www.teatreromea.cat\/ca\/#organization"},"potentialAction":[{"@type":"SearchAction","target":{"@type":"EntryPoint","urlTemplate":"https:\/\/www.teatreromea.cat\/ca\/?s={search_term_string}"},"query-input":{"@type":"PropertyValueSpecification","valueRequired":true,"valueName":"search_term_string"}}],"inLanguage":"ca"},{"@type":"Organization","@id":"https:\/\/www.teatreromea.cat\/ca\/#organization","name":"Teatre Romea","url":"https:\/\/www.teatreromea.cat\/ca\/","logo":{"@type":"ImageObject","inLanguage":"ca","@id":"https:\/\/www.teatreromea.cat\/ca\/#\/schema\/logo\/image\/","url":"https:\/\/www.teatreromea.cat\/wp-content\/uploads\/sites\/2\/2017\/09\/teatre-romea-logo.svg","contentUrl":"https:\/\/www.teatreromea.cat\/wp-content\/uploads\/sites\/2\/2017\/09\/teatre-romea-logo.svg","width":1,"height":1,"caption":"Teatre Romea"},"image":{"@id":"https:\/\/www.teatreromea.cat\/ca\/#\/schema\/logo\/image\/"},"sameAs":["http:\/\/www.facebook.com\/TeatreRomea","https:\/\/x.com\/teatre_romea","http:\/\/instagram.com\/teatreromea","http:\/\/www.youtube.com\/user\/TeatreRomea"]}]}},"translations":[{"id":9682,"locale":"ca"},{"id":10046,"locale":"es"}],"_links":{"self":[{"href":"https:\/\/www.teatreromea.cat\/ca\/wp-json\/wp\/v2\/ex\/9682","targetHints":{"allow":["GET"]}}],"collection":[{"href":"https:\/\/www.teatreromea.cat\/ca\/wp-json\/wp\/v2\/ex"}],"about":[{"href":"https:\/\/www.teatreromea.cat\/ca\/wp-json\/wp\/v2\/types\/ex"}],"author":[{"embeddable":true,"href":"https:\/\/www.teatreromea.cat\/ca\/wp-json\/wp\/v2\/users\/2"}],"replies":[{"embeddable":true,"href":"https:\/\/www.teatreromea.cat\/ca\/wp-json\/wp\/v2\/comments?post=9682"}],"acf:term":[{"embeddable":true,"taxonomy":"season","href":"https:\/\/www.teatreromea.cat\/ca\/wp-json\/wp\/v2\/season\/136"}],"wp:attachment":[{"href":"https:\/\/www.teatreromea.cat\/ca\/wp-json\/wp\/v2\/media?parent=9682"}],"curies":[{"name":"wp","href":"https:\/\/api.w.org\/{rel}","templated":true}]}}

<p align="justify">Aquesta és una oportunitat única de gaudir de dos talents, com Mario Vargas Llosa i Aitana Sánchez-Gijón, junts a l'escenari. L'escriptor i l'actriu interpretaran conjuntament <em>La verdad de las mentiras</em>, un espectacle basat en contes de la literatura universal d'autors com Dinesen, Borges i Cortázar. L'obra forma part del programa d'actes i activitats organitzats per L'any del Llibre i la Lectura i compta amb el suport de la Fundació Romea.</p>
