{"id":9652,"date":"2017-09-07T13:25:40","date_gmt":"2017-09-07T11:25:40","guid":{"rendered":"https:\/\/pre.teatreromea.cat\/ex\/\/orfeu-als-inferns\/"},"modified":"2017-09-07T13:25:40","modified_gmt":"2017-09-07T11:25:40","slug":"orfeu-als-inferns","status":"publish","type":"ex","link":"https:\/\/www.teatreromea.cat\/ca\/ex\/orfeu-als-inferns\/","title":{"rendered":"Orfeu als inferns"},"content":{"rendered":"","protected":false},"excerpt":{"rendered":"","protected":false},"author":2,"featured_media":0,"comment_status":"closed","ping_status":"open","template":"","class_list":["post-9652","ex","type-ex","status-publish","hentry","season-2002-03"],"acf":{"txt_synopsis":"<p align=\"justify\"><strong>Eur\u00edcide<\/strong> est\u00e0 avorrida del seu matrimoni: no aguanta m\u00e9s al seu marit, <b>Orfeu <\/b>(qui per la seva part tamb\u00e9 la detesta) i est\u00e0 enamorada d'<b>Artiseu<\/b>, qui en realitat \u00e9s <b>Plut\u00f3<\/b>. Aquest li proposa fugir junts i ella accepta. Quan el marit se n'assabenta del fet, s'alegra d'haver-se'n desempallegat d'<strong>Eur\u00eddice<\/strong>, per\u00f2 l'<strong>Opini\u00f3 P\u00fablica <\/strong>li recorda que aix\u00f2 no est\u00e0 b\u00e9, que cal guardar les aparences i ha d'intentar recuperar la seva dona. Amb aquest objectiu, li demana ajut al poder\u00f3s <b>J\u00fapiter<\/b> i tots plegats van a buscar-la: per\u00f2 a la fi de la hist\u00f2ria ella es quedar\u00e0 on m\u00e9s li agradi i amb qui m\u00e9s li agradi.<\/p>","main_buy_link":"#","main_buy_links":"","group_buy_link":"","show_language":"","show_duration":"","show_start_date":"20030419000000","show_end_date":"20030525000000","show_sort_date":"20030419000000","txt_custom_show_dates":"del 19 d'abril al 25 de maig de 2003","show_disciplines":"","show_ultimes_funcions":false,"hide_tarifes_especials":false,"show_properament":false,"txt_additional_info":"","txt_present":"","show_season":[133],"txt_season":"[\"2002\/03\"]","txt_cycle":"","txt_claim":"","txt_cast_excerpt":"","txt_cast":"","txt_reviews":"","hashtag":"","have_promo":"","slogan":"","id_exhibicio":22,"id_versio":22,"id_local":1,"txt_seo_desc":"","data_images":"[{\"localizer\":\"V2SLIDE\",\"url\":\"media\/ftgalslide\/312BA\/01_076_00028927\/orf07.jpg\",\"thumb_url\":\"media\/ftgalslide\/312BA\/01_076_00028927\/orf07_thumb.jpg\",\"title\":\"Orfeu als inferns\",\"description\":\" \",\"copyright\":\"\",\"order\":1},{\"localizer\":\"V2SLIDE\",\"url\":\"media\/ftgalslide\/312BA\/01_076_00028928\/orf01.jpg\",\"thumb_url\":\"media\/ftgalslide\/312BA\/01_076_00028928\/orf01_thumb.jpg\",\"title\":\"Orfeu als inferns\",\"description\":\" \",\"copyright\":\"\",\"order\":2},{\"localizer\":\"V2SLIDE\",\"url\":\"media\/ftgalslide\/312BA\/01_076_00028929\/orf06.jpg\",\"thumb_url\":\"media\/ftgalslide\/312BA\/01_076_00028929\/orf06_thumb.jpg\",\"title\":\"Orfeu als inferns\",\"description\":\" \",\"copyright\":\"\",\"order\":3},{\"localizer\":\"V2SLIDE\",\"url\":\"media\/ftgalslide\/312BA\/01_076_00028930\/orf02.jpg\",\"thumb_url\":\"media\/ftgalslide\/312BA\/01_076_00028930\/orf02_thumb.jpg\",\"title\":\"Orfeu als inferns\",\"description\":\" \",\"copyright\":\"\",\"order\":4},{\"localizer\":\"V2SLIDE\",\"url\":\"media\/ftgalslide\/312BA\/01_076_00028931\/orf03.jpg\",\"thumb_url\":\"media\/ftgalslide\/312BA\/01_076_00028931\/orf03_thumb.jpg\",\"title\":\"Orfeu als inferns\",\"description\":\" \",\"copyright\":\"\",\"order\":5},{\"localizer\":\"V2SLIDE\",\"url\":\"media\/ftgalslide\/312BA\/01_076_00028932\/orf04.jpg\",\"thumb_url\":\"media\/ftgalslide\/312BA\/01_076_00028932\/orf04_thumb.jpg\",\"title\":\"Orfeu als inferns\",\"description\":\" \",\"copyright\":\"\",\"order\":6},{\"localizer\":\"V2SLIDE\",\"url\":\"media\/ftgalslide\/312BA\/01_076_00028933\/orf05.jpg\",\"thumb_url\":\"media\/ftgalslide\/312BA\/01_076_00028933\/orf05_thumb.jpg\",\"title\":\"Orfeu als inferns\",\"description\":\" \",\"copyright\":\"\",\"order\":7},{\"localizer\":\"VERS_PORTADA_ESPECTACLE\",\"url\":\"media\/obraport\/31069\/01_014_00002874\/orfeu_list.jpg\",\"thumb_url\":\"\",\"title\":\"Orfeu als inferns\",\"description\":\"Orfeu als inferns\",\"copyright\":\"\",\"order\":-1},{\"localizer\":\"VERS_IMATGE_ESPECTACLE\",\"url\":\"media\/ftespect\/31069\/01_020_00002875\/orfeu_gal01.jpg\",\"thumb_url\":\"media\/ftespect\/31069\/01_020_00002875\/orfeu_gal01_thumb.jpg\",\"title\":\"Orfeu als inferns\",\"description\":\"Orfeu als inferns\",\"copyright\":\"\",\"order\":-1},{\"localizer\":\"VERS_IMATGE_ESPECTACLE\",\"url\":\"media\/ftespect\/31069\/01_020_00002876\/orfeu_gal02.jpg\",\"thumb_url\":\"media\/ftespect\/31069\/01_020_00002876\/orfeu_gal02_thumb.jpg\",\"title\":\"Orfeu als inferns\",\"description\":\"Orfeu als inferns\",\"copyright\":\"\",\"order\":-1},{\"localizer\":\"VERS_IMATGE_ESPECTACLE\",\"url\":\"media\/ftespect\/31069\/01_020_00002877\/orfeu_gal03.jpg\",\"thumb_url\":\"media\/ftespect\/31069\/01_020_00002877\/orfeu_gal03_thumb.jpg\",\"title\":\"Orfeu als inferns\",\"description\":\"Orfeu als inferns\",\"copyright\":\"\",\"order\":-1},{\"localizer\":\"VERS_IMATGE_ESPECTACLE\",\"url\":\"media\/ftespect\/31069\/01_020_00002878\/orfeu_gal04.jpg\",\"thumb_url\":\"media\/ftespect\/31069\/01_020_00002878\/orfeu_gal04_thumb.jpg\",\"title\":\"Orfeu als inferns\",\"description\":\"Orfeu als inferns\",\"copyright\":\"\",\"order\":-1},{\"localizer\":\"VERS_IMATGE_ESPECTACLE\",\"url\":\"media\/ftespect\/31069\/01_020_00002879\/orfeu_gal05.jpg\",\"thumb_url\":\"media\/ftespect\/31069\/01_020_00002879\/orfeu_gal05_thumb.jpg\",\"title\":\"Orfeu als inferns\",\"description\":\"Orfeu als inferns\",\"copyright\":\"\",\"order\":-1}]","material__texto_intro":"","data_material":null,"data_gallery":"","data_discounts":"[]","contract_is_open":false,"in_tour":false},"yoast_head":"<!-- This site is optimized with the Yoast SEO plugin v27.5 - https:\/\/yoast.com\/product\/yoast-seo-wordpress\/ -->\n<title>Orfeu als inferns - Teatre Romea<\/title>\n<meta name=\"robots\" content=\"index, follow, max-snippet:-1, max-image-preview:large, max-video-preview:-1\" \/>\n<link rel=\"canonical\" href=\"https:\/\/www.teatreromea.cat\/ca\/ex\/orfeu-als-inferns\/\" \/>\n<script type=\"application\/ld+json\" class=\"yoast-schema-graph\">{\"@context\":\"https:\\\/\\\/schema.org\",\"@graph\":[{\"@type\":\"WebPage\",\"@id\":\"https:\\\/\\\/www.teatreromea.cat\\\/ca\\\/ex\\\/orfeu-als-inferns\\\/\",\"url\":\"https:\\\/\\\/www.teatreromea.cat\\\/ca\\\/ex\\\/orfeu-als-inferns\\\/\",\"name\":\"Orfeu als inferns - Teatre Romea\",\"isPartOf\":{\"@id\":\"https:\\\/\\\/www.teatreromea.cat\\\/ca\\\/#website\"},\"datePublished\":\"2017-09-07T11:25:40+00:00\",\"breadcrumb\":{\"@id\":\"https:\\\/\\\/www.teatreromea.cat\\\/ca\\\/ex\\\/orfeu-als-inferns\\\/#breadcrumb\"},\"inLanguage\":\"ca\",\"potentialAction\":[{\"@type\":\"ReadAction\",\"target\":[\"https:\\\/\\\/www.teatreromea.cat\\\/ca\\\/ex\\\/orfeu-als-inferns\\\/\"]}]},{\"@type\":\"BreadcrumbList\",\"@id\":\"https:\\\/\\\/www.teatreromea.cat\\\/ca\\\/ex\\\/orfeu-als-inferns\\\/#breadcrumb\",\"itemListElement\":[{\"@type\":\"ListItem\",\"position\":1,\"name\":\"Inici\",\"item\":\"https:\\\/\\\/www.teatreromea.cat\\\/ca\\\/\"},{\"@type\":\"ListItem\",\"position\":2,\"name\":\"Espectacles\",\"item\":\"https:\\\/\\\/www.teatreromea.cat\\\/ca\\\/ex\\\/\"},{\"@type\":\"ListItem\",\"position\":3,\"name\":\"Orfeu als inferns\"}]},{\"@type\":\"WebSite\",\"@id\":\"https:\\\/\\\/www.teatreromea.cat\\\/ca\\\/#website\",\"url\":\"https:\\\/\\\/www.teatreromea.cat\\\/ca\\\/\",\"name\":\"Teatre Romea\",\"description\":\"\",\"publisher\":{\"@id\":\"https:\\\/\\\/www.teatreromea.cat\\\/ca\\\/#organization\"},\"potentialAction\":[{\"@type\":\"SearchAction\",\"target\":{\"@type\":\"EntryPoint\",\"urlTemplate\":\"https:\\\/\\\/www.teatreromea.cat\\\/ca\\\/?s={search_term_string}\"},\"query-input\":{\"@type\":\"PropertyValueSpecification\",\"valueRequired\":true,\"valueName\":\"search_term_string\"}}],\"inLanguage\":\"ca\"},{\"@type\":\"Organization\",\"@id\":\"https:\\\/\\\/www.teatreromea.cat\\\/ca\\\/#organization\",\"name\":\"Teatre Romea\",\"url\":\"https:\\\/\\\/www.teatreromea.cat\\\/ca\\\/\",\"logo\":{\"@type\":\"ImageObject\",\"inLanguage\":\"ca\",\"@id\":\"https:\\\/\\\/www.teatreromea.cat\\\/ca\\\/#\\\/schema\\\/logo\\\/image\\\/\",\"url\":\"https:\\\/\\\/www.teatreromea.cat\\\/wp-content\\\/uploads\\\/sites\\\/2\\\/2017\\\/09\\\/teatre-romea-logo.svg\",\"contentUrl\":\"https:\\\/\\\/www.teatreromea.cat\\\/wp-content\\\/uploads\\\/sites\\\/2\\\/2017\\\/09\\\/teatre-romea-logo.svg\",\"width\":1,\"height\":1,\"caption\":\"Teatre Romea\"},\"image\":{\"@id\":\"https:\\\/\\\/www.teatreromea.cat\\\/ca\\\/#\\\/schema\\\/logo\\\/image\\\/\"},\"sameAs\":[\"http:\\\/\\\/www.facebook.com\\\/TeatreRomea\",\"https:\\\/\\\/x.com\\\/teatre_romea\",\"http:\\\/\\\/instagram.com\\\/teatreromea\",\"http:\\\/\\\/www.youtube.com\\\/user\\\/TeatreRomea\"]}]}<\/script>\n<!-- \/ Yoast SEO plugin. -->","yoast_head_json":{"title":"Orfeu als inferns - Teatre Romea","robots":{"index":"index","follow":"follow","max-snippet":"max-snippet:-1","max-image-preview":"max-image-preview:large","max-video-preview":"max-video-preview:-1"},"canonical":"https:\/\/www.teatreromea.cat\/ca\/ex\/orfeu-als-inferns\/","schema":{"@context":"https:\/\/schema.org","@graph":[{"@type":"WebPage","@id":"https:\/\/www.teatreromea.cat\/ca\/ex\/orfeu-als-inferns\/","url":"https:\/\/www.teatreromea.cat\/ca\/ex\/orfeu-als-inferns\/","name":"Orfeu als inferns - Teatre Romea","isPartOf":{"@id":"https:\/\/www.teatreromea.cat\/ca\/#website"},"datePublished":"2017-09-07T11:25:40+00:00","breadcrumb":{"@id":"https:\/\/www.teatreromea.cat\/ca\/ex\/orfeu-als-inferns\/#breadcrumb"},"inLanguage":"ca","potentialAction":[{"@type":"ReadAction","target":["https:\/\/www.teatreromea.cat\/ca\/ex\/orfeu-als-inferns\/"]}]},{"@type":"BreadcrumbList","@id":"https:\/\/www.teatreromea.cat\/ca\/ex\/orfeu-als-inferns\/#breadcrumb","itemListElement":[{"@type":"ListItem","position":1,"name":"Inici","item":"https:\/\/www.teatreromea.cat\/ca\/"},{"@type":"ListItem","position":2,"name":"Espectacles","item":"https:\/\/www.teatreromea.cat\/ca\/ex\/"},{"@type":"ListItem","position":3,"name":"Orfeu als inferns"}]},{"@type":"WebSite","@id":"https:\/\/www.teatreromea.cat\/ca\/#website","url":"https:\/\/www.teatreromea.cat\/ca\/","name":"Teatre Romea","description":"","publisher":{"@id":"https:\/\/www.teatreromea.cat\/ca\/#organization"},"potentialAction":[{"@type":"SearchAction","target":{"@type":"EntryPoint","urlTemplate":"https:\/\/www.teatreromea.cat\/ca\/?s={search_term_string}"},"query-input":{"@type":"PropertyValueSpecification","valueRequired":true,"valueName":"search_term_string"}}],"inLanguage":"ca"},{"@type":"Organization","@id":"https:\/\/www.teatreromea.cat\/ca\/#organization","name":"Teatre Romea","url":"https:\/\/www.teatreromea.cat\/ca\/","logo":{"@type":"ImageObject","inLanguage":"ca","@id":"https:\/\/www.teatreromea.cat\/ca\/#\/schema\/logo\/image\/","url":"https:\/\/www.teatreromea.cat\/wp-content\/uploads\/sites\/2\/2017\/09\/teatre-romea-logo.svg","contentUrl":"https:\/\/www.teatreromea.cat\/wp-content\/uploads\/sites\/2\/2017\/09\/teatre-romea-logo.svg","width":1,"height":1,"caption":"Teatre Romea"},"image":{"@id":"https:\/\/www.teatreromea.cat\/ca\/#\/schema\/logo\/image\/"},"sameAs":["http:\/\/www.facebook.com\/TeatreRomea","https:\/\/x.com\/teatre_romea","http:\/\/instagram.com\/teatreromea","http:\/\/www.youtube.com\/user\/TeatreRomea"]}]}},"translations":[{"id":9652,"locale":"ca"},{"id":10016,"locale":"es"}],"_links":{"self":[{"href":"https:\/\/www.teatreromea.cat\/ca\/wp-json\/wp\/v2\/ex\/9652","targetHints":{"allow":["GET"]}}],"collection":[{"href":"https:\/\/www.teatreromea.cat\/ca\/wp-json\/wp\/v2\/ex"}],"about":[{"href":"https:\/\/www.teatreromea.cat\/ca\/wp-json\/wp\/v2\/types\/ex"}],"author":[{"embeddable":true,"href":"https:\/\/www.teatreromea.cat\/ca\/wp-json\/wp\/v2\/users\/2"}],"replies":[{"embeddable":true,"href":"https:\/\/www.teatreromea.cat\/ca\/wp-json\/wp\/v2\/comments?post=9652"}],"acf:term":[{"embeddable":true,"taxonomy":"season","href":"https:\/\/www.teatreromea.cat\/ca\/wp-json\/wp\/v2\/season\/133"}],"wp:attachment":[{"href":"https:\/\/www.teatreromea.cat\/ca\/wp-json\/wp\/v2\/media?parent=9652"}],"curies":[{"name":"wp","href":"https:\/\/api.w.org\/{rel}","templated":true}]}}

<p align="justify"><strong>Eurícide</strong> està avorrida del seu matrimoni: no aguanta més al seu marit, <b>Orfeu </b>(qui per la seva part també la detesta) i està enamorada d'<b>Artiseu</b>, qui en realitat és <b>Plutó</b>. Aquest li proposa fugir junts i ella accepta. Quan el marit se n'assabenta del fet, s'alegra d'haver-se'n desempallegat d'<strong>Eurídice</strong>, però l'<strong>Opinió Pública </strong>li recorda que això no està bé, que cal guardar les aparences i ha d'intentar recuperar la seva dona. Amb aquest objectiu, li demana ajut al poderós <b>Júpiter</b> i tots plegats van a buscar-la: però a la fi de la història ella es quedarà on més li agradi i amb qui més li agradi.</p>
