{"id":9637,"date":"2017-09-07T13:25:22","date_gmt":"2017-09-07T11:25:22","guid":{"rendered":"https:\/\/pre.teatreromea.cat\/ex\/\/el-temps-de-planck\/"},"modified":"2017-09-07T13:25:22","modified_gmt":"2017-09-07T11:25:22","slug":"el-temps-de-planck","status":"publish","type":"ex","link":"https:\/\/www.teatreromea.cat\/ca\/ex\/el-temps-de-planck\/","title":{"rendered":"El temps de Planck"},"content":{"rendered":"","protected":false},"excerpt":{"rendered":"","protected":false},"author":2,"featured_media":0,"comment_status":"closed","ping_status":"open","template":"","class_list":["post-9637","ex","type-ex","status-publish","hentry","season-1999-00"],"acf":{"txt_synopsis":"<p align=\"justify\">El dolor hum\u00e0 \u00e9s el cultiu on neix la trag\u00e8dia. El sofriment d'una \u00e0nima que pot sentir en grandesa. Aix\u00f2 i solament aix\u00f2 \u00e9s la trag\u00e8dia. El tr\u00e0gic \u00e9s saber qu\u00e8 en resulta del frac\u00e0s dolor\u00f3s del desig de saber. L'espectacle <strong>Tots eren fills meus <\/strong>\u00e9s un llarg viatge del dia a la nit de la societat americana l'any 1948, i de l'occidental el 1999. La fam\u00edlia -com a ADN d'aquesta societat- ens permet reflexionar sobre les relacions afectives, d'inter\u00e8s, de poder... Alhora, ens permet fer una an\u00e0lisi de la destrucci\u00f3 dels mites de la humanitat, que al segle XX s\u00f3n, potser, els semi-D\u00e9us familiars.<br \/><br \/>La fam\u00edlia Keller, com a estereotip del somni americ\u00e0, lluita desesperadament per salvar-se, primer com a comunitat o tribu i despr\u00e9s, un cop esclatada la bomba at\u00f2mica, per a la superviv\u00e8ncia de l'individu. Aix\u00f2 s\u00ed, des de la suposada protecci\u00f3 de la privacitat del seu jard\u00ed. Privacitat que els ve\u00efns -s\u00edmbol de la realitat fora de nosaltres- tenen la missi\u00f3 d'anar trencant, com el tel d'una suposada bossa amni\u00f2tica de la qual els protagonistes gaudeixen a la part posterior de la seva casa. <em>Ferran Madico<\/em><\/p>","main_buy_link":"#","main_buy_links":"","group_buy_link":"","show_language":"","show_duration":"","show_start_date":"20000624000000","show_end_date":"20000925000000","show_sort_date":"20000624000000","txt_custom_show_dates":"del 24 de juny al 25 de setembre de 2000","show_disciplines":"","show_ultimes_funcions":false,"hide_tarifes_especials":false,"show_properament":false,"txt_additional_info":"","txt_present":"","show_season":[130],"txt_season":"[\"1999\/00\"]","txt_cycle":"","txt_claim":"","txt_cast_excerpt":"","txt_cast":"","txt_reviews":"","hashtag":"","have_promo":"","slogan":"","id_exhibicio":109,"id_versio":109,"id_local":1,"txt_seo_desc":"","data_images":"[{\"localizer\":\"V2SLIDE\",\"url\":\"media\/ftgalslide\/312BA\/01_076_00028103\/plank01.jpg\",\"thumb_url\":\"media\/ftgalslide\/312BA\/01_076_00028103\/plank01_thumb.jpg\",\"title\":\"El temps de Planck\",\"description\":\" \",\"copyright\":\"\",\"order\":1},{\"localizer\":\"V2SLIDE\",\"url\":\"media\/ftgalslide\/312BA\/01_076_00028104\/plank02.jpg\",\"thumb_url\":\"media\/ftgalslide\/312BA\/01_076_00028104\/plank02_thumb.jpg\",\"title\":\"El temps de Planck\",\"description\":\" \",\"copyright\":\"\",\"order\":2},{\"localizer\":\"V2SLIDE\",\"url\":\"media\/ftgalslide\/312BA\/01_076_00028105\/plank03.jpg\",\"thumb_url\":\"media\/ftgalslide\/312BA\/01_076_00028105\/plank03_thumb.jpg\",\"title\":\"El temps de Planck\",\"description\":\" \",\"copyright\":\"\",\"order\":3},{\"localizer\":\"V2SLIDE\",\"url\":\"media\/ftgalslide\/312BA\/01_076_00028106\/plank04.jpg\",\"thumb_url\":\"media\/ftgalslide\/312BA\/01_076_00028106\/plank04_thumb.jpg\",\"title\":\"El temps de Planck\",\"description\":\" \",\"copyright\":\"\",\"order\":4},{\"localizer\":\"V2SLIDE\",\"url\":\"media\/ftgalslide\/312BA\/01_076_00028107\/plank05.jpg\",\"thumb_url\":\"media\/ftgalslide\/312BA\/01_076_00028107\/plank05_thumb.jpg\",\"title\":\"El temps de Planck\",\"description\":\" \",\"copyright\":\"\",\"order\":5},{\"localizer\":\"V2SLIDE\",\"url\":\"media\/ftgalslide\/312BA\/01_076_00028108\/plank06.jpg\",\"thumb_url\":\"media\/ftgalslide\/312BA\/01_076_00028108\/plank06_thumb.jpg\",\"title\":\"El temps de Planck\",\"description\":\" \",\"copyright\":\"\",\"order\":6},{\"localizer\":\"VERS_IMATGE_ESPECTACLE\",\"url\":\"media\/ftespect\/31068\/01_020_00002653\/4_gal.jpg\",\"thumb_url\":\"media\/ftespect\/31068\/01_020_00002653\/4_gal_thumb.jpg\",\"title\":\"El temps de Planck\",\"description\":\"El temps de Planck\",\"copyright\":\"El temps de Planck\",\"order\":-1},{\"localizer\":\"VERS_IMATGE_ESPECTACLE\",\"url\":\"media\/ftespect\/31068\/01_020_00002654\/5_gal.jpg\",\"thumb_url\":\"media\/ftespect\/31068\/01_020_00002654\/5_gal_thumb.jpg\",\"title\":\"El temps de Planck\",\"description\":\"El temps de Planck\",\"copyright\":\"El temps de Planck\",\"order\":-1},{\"localizer\":\"VERS_IMATGE_ESPECTACLE\",\"url\":\"media\/ftespect\/31068\/01_020_00002655\/6_gal.jpg\",\"thumb_url\":\"media\/ftespect\/31068\/01_020_00002655\/6_gal_thumb.jpg\",\"title\":\"El temps de Planck\",\"description\":\"El temps de Planck\",\"copyright\":\"El temps de Planck\",\"order\":-1},{\"localizer\":\"VERS_PORTADA_ESPECTACLE\",\"url\":\"media\/obraport\/3106B\/01_014_00003644\/eltempsdeplanck.jpg\",\"thumb_url\":\"\",\"title\":\"El temps de Planck\",\"description\":\"El temps de Planck\",\"copyright\":\"\",\"order\":-1}]","material__texto_intro":"","data_material":null,"data_gallery":"","data_discounts":"[]","contract_is_open":false,"in_tour":false},"yoast_head":"<!-- This site is optimized with the Yoast SEO plugin v27.5 - https:\/\/yoast.com\/product\/yoast-seo-wordpress\/ -->\n<title>El temps de Planck - Teatre Romea<\/title>\n<meta name=\"robots\" content=\"index, follow, max-snippet:-1, max-image-preview:large, max-video-preview:-1\" \/>\n<link rel=\"canonical\" href=\"https:\/\/www.teatreromea.cat\/ca\/ex\/el-temps-de-planck\/\" \/>\n<script type=\"application\/ld+json\" class=\"yoast-schema-graph\">{\"@context\":\"https:\\\/\\\/schema.org\",\"@graph\":[{\"@type\":\"WebPage\",\"@id\":\"https:\\\/\\\/www.teatreromea.cat\\\/ca\\\/ex\\\/el-temps-de-planck\\\/\",\"url\":\"https:\\\/\\\/www.teatreromea.cat\\\/ca\\\/ex\\\/el-temps-de-planck\\\/\",\"name\":\"El temps de Planck - Teatre Romea\",\"isPartOf\":{\"@id\":\"https:\\\/\\\/www.teatreromea.cat\\\/ca\\\/#website\"},\"datePublished\":\"2017-09-07T11:25:22+00:00\",\"breadcrumb\":{\"@id\":\"https:\\\/\\\/www.teatreromea.cat\\\/ca\\\/ex\\\/el-temps-de-planck\\\/#breadcrumb\"},\"inLanguage\":\"ca\",\"potentialAction\":[{\"@type\":\"ReadAction\",\"target\":[\"https:\\\/\\\/www.teatreromea.cat\\\/ca\\\/ex\\\/el-temps-de-planck\\\/\"]}]},{\"@type\":\"BreadcrumbList\",\"@id\":\"https:\\\/\\\/www.teatreromea.cat\\\/ca\\\/ex\\\/el-temps-de-planck\\\/#breadcrumb\",\"itemListElement\":[{\"@type\":\"ListItem\",\"position\":1,\"name\":\"Inici\",\"item\":\"https:\\\/\\\/www.teatreromea.cat\\\/ca\\\/\"},{\"@type\":\"ListItem\",\"position\":2,\"name\":\"Espectacles\",\"item\":\"https:\\\/\\\/www.teatreromea.cat\\\/ca\\\/ex\\\/\"},{\"@type\":\"ListItem\",\"position\":3,\"name\":\"El temps de Planck\"}]},{\"@type\":\"WebSite\",\"@id\":\"https:\\\/\\\/www.teatreromea.cat\\\/ca\\\/#website\",\"url\":\"https:\\\/\\\/www.teatreromea.cat\\\/ca\\\/\",\"name\":\"Teatre Romea\",\"description\":\"\",\"publisher\":{\"@id\":\"https:\\\/\\\/www.teatreromea.cat\\\/ca\\\/#organization\"},\"potentialAction\":[{\"@type\":\"SearchAction\",\"target\":{\"@type\":\"EntryPoint\",\"urlTemplate\":\"https:\\\/\\\/www.teatreromea.cat\\\/ca\\\/?s={search_term_string}\"},\"query-input\":{\"@type\":\"PropertyValueSpecification\",\"valueRequired\":true,\"valueName\":\"search_term_string\"}}],\"inLanguage\":\"ca\"},{\"@type\":\"Organization\",\"@id\":\"https:\\\/\\\/www.teatreromea.cat\\\/ca\\\/#organization\",\"name\":\"Teatre Romea\",\"url\":\"https:\\\/\\\/www.teatreromea.cat\\\/ca\\\/\",\"logo\":{\"@type\":\"ImageObject\",\"inLanguage\":\"ca\",\"@id\":\"https:\\\/\\\/www.teatreromea.cat\\\/ca\\\/#\\\/schema\\\/logo\\\/image\\\/\",\"url\":\"https:\\\/\\\/www.teatreromea.cat\\\/wp-content\\\/uploads\\\/sites\\\/2\\\/2017\\\/09\\\/teatre-romea-logo.svg\",\"contentUrl\":\"https:\\\/\\\/www.teatreromea.cat\\\/wp-content\\\/uploads\\\/sites\\\/2\\\/2017\\\/09\\\/teatre-romea-logo.svg\",\"width\":1,\"height\":1,\"caption\":\"Teatre Romea\"},\"image\":{\"@id\":\"https:\\\/\\\/www.teatreromea.cat\\\/ca\\\/#\\\/schema\\\/logo\\\/image\\\/\"},\"sameAs\":[\"http:\\\/\\\/www.facebook.com\\\/TeatreRomea\",\"https:\\\/\\\/x.com\\\/teatre_romea\",\"http:\\\/\\\/instagram.com\\\/teatreromea\",\"http:\\\/\\\/www.youtube.com\\\/user\\\/TeatreRomea\"]}]}<\/script>\n<!-- \/ Yoast SEO plugin. -->","yoast_head_json":{"title":"El temps de Planck - Teatre Romea","robots":{"index":"index","follow":"follow","max-snippet":"max-snippet:-1","max-image-preview":"max-image-preview:large","max-video-preview":"max-video-preview:-1"},"canonical":"https:\/\/www.teatreromea.cat\/ca\/ex\/el-temps-de-planck\/","schema":{"@context":"https:\/\/schema.org","@graph":[{"@type":"WebPage","@id":"https:\/\/www.teatreromea.cat\/ca\/ex\/el-temps-de-planck\/","url":"https:\/\/www.teatreromea.cat\/ca\/ex\/el-temps-de-planck\/","name":"El temps de Planck - Teatre Romea","isPartOf":{"@id":"https:\/\/www.teatreromea.cat\/ca\/#website"},"datePublished":"2017-09-07T11:25:22+00:00","breadcrumb":{"@id":"https:\/\/www.teatreromea.cat\/ca\/ex\/el-temps-de-planck\/#breadcrumb"},"inLanguage":"ca","potentialAction":[{"@type":"ReadAction","target":["https:\/\/www.teatreromea.cat\/ca\/ex\/el-temps-de-planck\/"]}]},{"@type":"BreadcrumbList","@id":"https:\/\/www.teatreromea.cat\/ca\/ex\/el-temps-de-planck\/#breadcrumb","itemListElement":[{"@type":"ListItem","position":1,"name":"Inici","item":"https:\/\/www.teatreromea.cat\/ca\/"},{"@type":"ListItem","position":2,"name":"Espectacles","item":"https:\/\/www.teatreromea.cat\/ca\/ex\/"},{"@type":"ListItem","position":3,"name":"El temps de Planck"}]},{"@type":"WebSite","@id":"https:\/\/www.teatreromea.cat\/ca\/#website","url":"https:\/\/www.teatreromea.cat\/ca\/","name":"Teatre Romea","description":"","publisher":{"@id":"https:\/\/www.teatreromea.cat\/ca\/#organization"},"potentialAction":[{"@type":"SearchAction","target":{"@type":"EntryPoint","urlTemplate":"https:\/\/www.teatreromea.cat\/ca\/?s={search_term_string}"},"query-input":{"@type":"PropertyValueSpecification","valueRequired":true,"valueName":"search_term_string"}}],"inLanguage":"ca"},{"@type":"Organization","@id":"https:\/\/www.teatreromea.cat\/ca\/#organization","name":"Teatre Romea","url":"https:\/\/www.teatreromea.cat\/ca\/","logo":{"@type":"ImageObject","inLanguage":"ca","@id":"https:\/\/www.teatreromea.cat\/ca\/#\/schema\/logo\/image\/","url":"https:\/\/www.teatreromea.cat\/wp-content\/uploads\/sites\/2\/2017\/09\/teatre-romea-logo.svg","contentUrl":"https:\/\/www.teatreromea.cat\/wp-content\/uploads\/sites\/2\/2017\/09\/teatre-romea-logo.svg","width":1,"height":1,"caption":"Teatre Romea"},"image":{"@id":"https:\/\/www.teatreromea.cat\/ca\/#\/schema\/logo\/image\/"},"sameAs":["http:\/\/www.facebook.com\/TeatreRomea","https:\/\/x.com\/teatre_romea","http:\/\/instagram.com\/teatreromea","http:\/\/www.youtube.com\/user\/TeatreRomea"]}]}},"translations":[{"id":9637,"locale":"ca"},{"id":10001,"locale":"es"}],"_links":{"self":[{"href":"https:\/\/www.teatreromea.cat\/ca\/wp-json\/wp\/v2\/ex\/9637","targetHints":{"allow":["GET"]}}],"collection":[{"href":"https:\/\/www.teatreromea.cat\/ca\/wp-json\/wp\/v2\/ex"}],"about":[{"href":"https:\/\/www.teatreromea.cat\/ca\/wp-json\/wp\/v2\/types\/ex"}],"author":[{"embeddable":true,"href":"https:\/\/www.teatreromea.cat\/ca\/wp-json\/wp\/v2\/users\/2"}],"replies":[{"embeddable":true,"href":"https:\/\/www.teatreromea.cat\/ca\/wp-json\/wp\/v2\/comments?post=9637"}],"acf:term":[{"embeddable":true,"taxonomy":"season","href":"https:\/\/www.teatreromea.cat\/ca\/wp-json\/wp\/v2\/season\/130"}],"wp:attachment":[{"href":"https:\/\/www.teatreromea.cat\/ca\/wp-json\/wp\/v2\/media?parent=9637"}],"curies":[{"name":"wp","href":"https:\/\/api.w.org\/{rel}","templated":true}]}}

<p align="justify">El dolor humà és el cultiu on neix la tragèdia. El sofriment d'una ànima que pot sentir en grandesa. Això i solament això és la tragèdia. El tràgic és saber què en resulta del fracàs dolorós del desig de saber. L'espectacle <strong>Tots eren fills meus </strong>és un llarg viatge del dia a la nit de la societat americana l'any 1948, i de l'occidental el 1999. La família -com a ADN d'aquesta societat- ens permet reflexionar sobre les relacions afectives, d'interès, de poder... Alhora, ens permet fer una anàlisi de la destrucció dels mites de la humanitat, que al segle XX són, potser, els semi-Déus familiars.<br /><br />La família Keller, com a estereotip del somni americà, lluita desesperadament per salvar-se, primer com a comunitat o tribu i després, un cop esclatada la bomba atòmica, per a la supervivència de l'individu. Això sí, des de la suposada protecció de la privacitat del seu jardí. Privacitat que els veïns -símbol de la realitat fora de nosaltres- tenen la missió d'anar trencant, com el tel d'una suposada bossa amniòtica de la qual els protagonistes gaudeixen a la part posterior de la seva casa. <em>Ferran Madico</em></p>
